{"id":71,"date":"2018-05-04T11:32:48","date_gmt":"2018-05-04T09:32:48","guid":{"rendered":"http:\/\/helix.mendelu.cz\/oryx\/les_jako_ekosystem\/?page_id=71"},"modified":"2018-05-04T12:28:17","modified_gmt":"2018-05-04T10:28:17","slug":"puda","status":"publish","type":"page","link":"https:\/\/rumex.mendelu.cz\/oryx\/les_jako_ekosystem\/index.php\/les-a-abioticke-slozky\/puda\/","title":{"rendered":"P\u016fda"},"content":{"rendered":"<h1>P\u016fda<\/h1>\n<ul>\n<li>&#8211; m\u00e1 rozhoduj\u00edc\u00ed vliv na stabilitu a produkci lesn\u00edch ekosyst\u00e9m\u016f<\/li>\n<li>&#8211; p\u016fdn\u00ed slo\u017eka je podmi\u0148ov\u00e1na a ur\u010dov\u00e1na:\n<p><strong>ekotopem<\/strong> (resp. klimatopem) &#8211; zonalita p\u016fd v z\u00e1vislosti na zonalit\u011b klimatu<br \/>\np\u016fdotvorn\u00fdm substr\u00e1tem<br \/>\nter\u00e9nn\u00edmi podm\u00ednkami<\/li>\n<li>&#8211; poskytuje prost\u0159ed\u00ed pro mechanickou podporu lesn\u00edch d\u0159evin (ko\u0159eny)<\/li>\n<li>&#8211; zdroj vody pro transpiraci rostlin<\/li>\n<li>&#8211; zdroj miner\u00e1ln\u00edch \u017eivin (\u00farodnost p\u016fd; je-li vstup \u017eivin do ekosyst\u00e9mu men\u0161\u00ed ne\u017e jejich odb\u011br vegetac\u00ed, doch\u00e1z\u00ed k poklesu jejich obsahu v p\u016fd\u011b = k jej\u00ed degradaci)<\/li>\n<li>&#8211; p\u016fdotvorn\u00e1 funkce lesn\u00edch porost\u016f (odb\u011br \u017eivin z p\u016fdn\u00edho prost\u0159ed\u00ed, opad s jeho n\u00e1sledn\u00fdmi p\u0159em\u011bnami a produkce l\u00e1tek se specifick\u00fdmi \u00fa\u010dinky na pedogenezi<\/li>\n<\/ul>\n<p><img loading=\"lazy\" class=\"size-full wp-image-174 aligncenter\" src=\"http:\/\/helix.mendelu.cz\/oryx\/les_jako_ekosystem\/wp-content\/uploads\/2018\/05\/puda_listy.jpg\" alt=\"\" width=\"490\" height=\"368\" srcset=\"https:\/\/rumex.mendelu.cz\/oryx\/les_jako_ekosystem\/wp-content\/uploads\/2018\/05\/puda_listy.jpg 490w, https:\/\/rumex.mendelu.cz\/oryx\/les_jako_ekosystem\/wp-content\/uploads\/2018\/05\/puda_listy-300x225.jpg 300w, https:\/\/rumex.mendelu.cz\/oryx\/les_jako_ekosystem\/wp-content\/uploads\/2018\/05\/puda_listy-200x150.jpg 200w\" sizes=\"(max-width: 490px) 100vw, 490px\" \/><\/p>\n<p>&nbsp;<\/p>\n<ul>\n<li>&#8211; p\u016fdoochrann\u00e1 funkce (lesn\u00ed porosty chr\u00e1n\u00ed mechanicky lesn\u00ed p\u016fdy p\u0159ed \u00fa\u010dinky vody a p\u0159ed degradac\u00ed ztr\u00e1tou \u017eivin)<\/li>\n<\/ul>\n<p><img loading=\"lazy\" class=\"size-full wp-image-175 aligncenter\" src=\"http:\/\/helix.mendelu.cz\/oryx\/les_jako_ekosystem\/wp-content\/uploads\/2018\/05\/puda_pudoochranna_funkce.jpg\" alt=\"\" width=\"490\" height=\"368\" srcset=\"https:\/\/rumex.mendelu.cz\/oryx\/les_jako_ekosystem\/wp-content\/uploads\/2018\/05\/puda_pudoochranna_funkce.jpg 490w, https:\/\/rumex.mendelu.cz\/oryx\/les_jako_ekosystem\/wp-content\/uploads\/2018\/05\/puda_pudoochranna_funkce-300x225.jpg 300w, https:\/\/rumex.mendelu.cz\/oryx\/les_jako_ekosystem\/wp-content\/uploads\/2018\/05\/puda_pudoochranna_funkce-200x150.jpg 200w\" sizes=\"(max-width: 490px) 100vw, 490px\" \/><\/p>\n<p>Stav p\u016fd jako produk\u010dn\u00ed faktor<\/p>\n","protected":false},"excerpt":{"rendered":"<p>P\u016fda &#8211; m\u00e1 rozhoduj\u00edc\u00ed vliv na stabilitu a produkci lesn\u00edch ekosyst\u00e9m\u016f &#8211; p\u016fdn\u00ed slo\u017eka je podmi\u0148ov\u00e1na a ur\u010dov\u00e1na: ekotopem (resp. klimatopem) &#8211; zonalita p\u016fd v z\u00e1vislosti na zonalit\u011b klimatu p\u016fdotvorn\u00fdm substr\u00e1tem ter\u00e9nn\u00edmi podm\u00ednkami &#8211; poskytuje prost\u0159ed\u00ed pro mechanickou podporu lesn\u00edch d\u0159evin (ko\u0159eny) &#8211; zdroj vody pro transpiraci rostlin &#8211; zdroj miner\u00e1ln\u00edch \u017eivin (\u00farodnost p\u016fd; je-li [&hellip;]<\/p>\n","protected":false},"author":1,"featured_media":0,"parent":39,"menu_order":0,"comment_status":"closed","ping_status":"closed","template":"","meta":[],"_links":{"self":[{"href":"https:\/\/rumex.mendelu.cz\/oryx\/les_jako_ekosystem\/index.php\/wp-json\/wp\/v2\/pages\/71"}],"collection":[{"href":"https:\/\/rumex.mendelu.cz\/oryx\/les_jako_ekosystem\/index.php\/wp-json\/wp\/v2\/pages"}],"about":[{"href":"https:\/\/rumex.mendelu.cz\/oryx\/les_jako_ekosystem\/index.php\/wp-json\/wp\/v2\/types\/page"}],"author":[{"embeddable":true,"href":"https:\/\/rumex.mendelu.cz\/oryx\/les_jako_ekosystem\/index.php\/wp-json\/wp\/v2\/users\/1"}],"replies":[{"embeddable":true,"href":"https:\/\/rumex.mendelu.cz\/oryx\/les_jako_ekosystem\/index.php\/wp-json\/wp\/v2\/comments?post=71"}],"version-history":[{"count":3,"href":"https:\/\/rumex.mendelu.cz\/oryx\/les_jako_ekosystem\/index.php\/wp-json\/wp\/v2\/pages\/71\/revisions"}],"predecessor-version":[{"id":176,"href":"https:\/\/rumex.mendelu.cz\/oryx\/les_jako_ekosystem\/index.php\/wp-json\/wp\/v2\/pages\/71\/revisions\/176"}],"up":[{"embeddable":true,"href":"https:\/\/rumex.mendelu.cz\/oryx\/les_jako_ekosystem\/index.php\/wp-json\/wp\/v2\/pages\/39"}],"wp:attachment":[{"href":"https:\/\/rumex.mendelu.cz\/oryx\/les_jako_ekosystem\/index.php\/wp-json\/wp\/v2\/media?parent=71"}],"curies":[{"name":"wp","href":"https:\/\/api.w.org\/{rel}","templated":true}]}}

Půda

<h1>Půda</h1>
<ul>
<li>&#8211; má rozhodující vliv na stabilitu a produkci lesních ekosystémů</li>
<li>&#8211; půdní složka je podmiňována a určována:
<p><strong>ekotopem</strong> (resp. klimatopem) &#8211; zonalita půd v závislosti na zonalitě klimatu<br />
půdotvorným substrátem<br />
terénními podmínkami</li>
<li>&#8211; poskytuje prostředí pro mechanickou podporu lesních dřevin (kořeny)</li>
<li>&#8211; zdroj vody pro transpiraci rostlin</li>
<li>&#8211; zdroj minerálních živin (úrodnost půd; je-li vstup živin do ekosystému menší než jejich odběr vegetací, dochází k poklesu jejich obsahu v půdě = k její degradaci)</li>
<li>&#8211; půdotvorná funkce lesních porostů (odběr živin z půdního prostředí, opad s jeho následnými přeměnami a produkce látek se specifickými účinky na pedogenezi</li>
</ul>
<p><img loading="lazy" class="size-full wp-image-174 aligncenter" src="http://helix.mendelu.cz/oryx/les_jako_ekosystem/wp-content/uploads/2018/05/puda_listy.jpg" alt="" width="490" height="368" srcset="https://rumex.mendelu.cz/oryx/les_jako_ekosystem/wp-content/uploads/2018/05/puda_listy.jpg 490w, https://rumex.mendelu.cz/oryx/les_jako_ekosystem/wp-content/uploads/2018/05/puda_listy-300x225.jpg 300w, https://rumex.mendelu.cz/oryx/les_jako_ekosystem/wp-content/uploads/2018/05/puda_listy-200x150.jpg 200w" sizes="(max-width: 490px) 100vw, 490px" /></p>
<p>&nbsp;</p>
<ul>
<li>&#8211; půdoochranná funkce (lesní porosty chrání mechanicky lesní půdy před účinky vody a před degradací ztrátou živin)</li>
</ul>
<p><img loading="lazy" class="size-full wp-image-175 aligncenter" src="http://helix.mendelu.cz/oryx/les_jako_ekosystem/wp-content/uploads/2018/05/puda_pudoochranna_funkce.jpg" alt="" width="490" height="368" srcset="https://rumex.mendelu.cz/oryx/les_jako_ekosystem/wp-content/uploads/2018/05/puda_pudoochranna_funkce.jpg 490w, https://rumex.mendelu.cz/oryx/les_jako_ekosystem/wp-content/uploads/2018/05/puda_pudoochranna_funkce-300x225.jpg 300w, https://rumex.mendelu.cz/oryx/les_jako_ekosystem/wp-content/uploads/2018/05/puda_pudoochranna_funkce-200x150.jpg 200w" sizes="(max-width: 490px) 100vw, 490px" /></p>
<p>Stav půd jako produkční faktor</p>

<p>Půda &#8211; má rozhodující vliv na stabilitu a produkci lesních ekosystémů &#8211; půdní složka je podmiňována a určována: ekotopem (resp. klimatopem) &#8211; zonalita půd v závislosti na zonalitě klimatu půdotvorným substrátem terénními podmínkami &#8211; poskytuje prostředí pro mechanickou podporu lesních dřevin (kořeny) &#8211; zdroj vody pro transpiraci rostlin &#8211; zdroj minerálních živin (úrodnost půd; je-li [&hellip;]</p>
