{"id":58,"date":"2018-05-04T11:27:43","date_gmt":"2018-05-04T09:27:43","guid":{"rendered":"http:\/\/helix.mendelu.cz\/oryx\/les_jako_ekosystem\/?page_id=58"},"modified":"2018-05-04T12:10:21","modified_gmt":"2018-05-04T10:10:21","slug":"vitr","status":"publish","type":"page","link":"https:\/\/rumex.mendelu.cz\/oryx\/les_jako_ekosystem\/index.php\/les-a-abioticke-slozky\/vitr\/","title":{"rendered":"V\u00edtr"},"content":{"rendered":"<h1>V\u00edtr<\/h1>\n<ul>\n<li>= v\u011bt\u0161inou horizont\u00e1ln\u00ed pohyb vzdu\u0161n\u00fdch mas zap\u0159\u00ed\u010din\u011bn\u00fd gradientem tlaku vzduchu (ten je zp\u016fsoben\u00fd p\u0159ev\u00e1\u017en\u011b nerovnom\u011brnost\u00ed oh\u0159evu r\u016fzn\u00fdch \u010d\u00e1st\u00ed zemsk\u00e9ho povrchu a termick\u00fdmi jevy v atmosf\u00e9\u0159e) \u2013 z m\u00edst vy\u0161\u0161\u00edho tlaku proud\u00ed v\u00edtr do m\u00edst s ni\u017e\u0161\u00edm tlakem<\/li>\n<li>Lesn\u00ed ekosyst\u00e9m je p\u0159ek\u00e1\u017eka, kterou v\u00edtr obt\u00e9k\u00e1 nebo do n\u00ed pronik\u00e1 a p\u0159itom ztr\u00e1c\u00ed s\u00edlu, rychlost, m\u011bn\u00ed sm\u011br a strukturu. To v\u0161e z\u00e1vis\u00ed na druhu d\u0159evin v porostu, p\u0159\u00edtomnosti porostn\u00edho okraje, v\u011bku porostu, zakmen\u011bn\u00ed a zapojen\u00ed.<\/li>\n<\/ul>\n<p><img loading=\"lazy\" class=\"size-full wp-image-149 aligncenter\" src=\"http:\/\/helix.mendelu.cz\/oryx\/les_jako_ekosystem\/wp-content\/uploads\/2018\/05\/vitr_okraj_porostu.jpg\" alt=\"\" width=\"490\" height=\"327\" srcset=\"https:\/\/rumex.mendelu.cz\/oryx\/les_jako_ekosystem\/wp-content\/uploads\/2018\/05\/vitr_okraj_porostu.jpg 490w, https:\/\/rumex.mendelu.cz\/oryx\/les_jako_ekosystem\/wp-content\/uploads\/2018\/05\/vitr_okraj_porostu-300x200.jpg 300w, https:\/\/rumex.mendelu.cz\/oryx\/les_jako_ekosystem\/wp-content\/uploads\/2018\/05\/vitr_okraj_porostu-200x133.jpg 200w\" sizes=\"(max-width: 490px) 100vw, 490px\" \/><\/p>\n<ul>\n<li>&#8211; pohyb vzduchu v\u00fdznamn\u011b reguluje evapotranspiraci evapotranspiraci a transpiraci<\/li>\n<li>&#8211; asimilace je p\u0159i v\u011btru v\u0161eobecn\u011b sn\u00ed\u017een\u00e1 (zm\u011bna polohy list\u016f sni\u017euje osv\u011btlen\u00ed)<\/li>\n<li>&#8211; mechanick\u00e9 interakce (p\u011bstebn\u00ed p\u00e9\u010de; r\u016fstov\u00e9 deformace; v\u011btrn\u00e9 kalamity)<\/li>\n<\/ul>\n<p><img loading=\"lazy\" class=\"size-full wp-image-151 aligncenter\" src=\"http:\/\/helix.mendelu.cz\/oryx\/les_jako_ekosystem\/wp-content\/uploads\/2018\/05\/vitr_tatry.jpg\" alt=\"\" width=\"490\" height=\"368\" srcset=\"https:\/\/rumex.mendelu.cz\/oryx\/les_jako_ekosystem\/wp-content\/uploads\/2018\/05\/vitr_tatry.jpg 490w, https:\/\/rumex.mendelu.cz\/oryx\/les_jako_ekosystem\/wp-content\/uploads\/2018\/05\/vitr_tatry-300x225.jpg 300w, https:\/\/rumex.mendelu.cz\/oryx\/les_jako_ekosystem\/wp-content\/uploads\/2018\/05\/vitr_tatry-200x150.jpg 200w\" sizes=\"(max-width: 490px) 100vw, 490px\" \/><\/p>\n","protected":false},"excerpt":{"rendered":"<p>V\u00edtr = v\u011bt\u0161inou horizont\u00e1ln\u00ed pohyb vzdu\u0161n\u00fdch mas zap\u0159\u00ed\u010din\u011bn\u00fd gradientem tlaku vzduchu (ten je zp\u016fsoben\u00fd p\u0159ev\u00e1\u017en\u011b nerovnom\u011brnost\u00ed oh\u0159evu r\u016fzn\u00fdch \u010d\u00e1st\u00ed zemsk\u00e9ho povrchu a termick\u00fdmi jevy v atmosf\u00e9\u0159e) \u2013 z m\u00edst vy\u0161\u0161\u00edho tlaku proud\u00ed v\u00edtr do m\u00edst s ni\u017e\u0161\u00edm tlakem Lesn\u00ed ekosyst\u00e9m je p\u0159ek\u00e1\u017eka, kterou v\u00edtr obt\u00e9k\u00e1 nebo do n\u00ed pronik\u00e1 a p\u0159itom ztr\u00e1c\u00ed s\u00edlu, rychlost, m\u011bn\u00ed [&hellip;]<\/p>\n","protected":false},"author":1,"featured_media":0,"parent":39,"menu_order":0,"comment_status":"closed","ping_status":"closed","template":"","meta":[],"_links":{"self":[{"href":"https:\/\/rumex.mendelu.cz\/oryx\/les_jako_ekosystem\/index.php\/wp-json\/wp\/v2\/pages\/58"}],"collection":[{"href":"https:\/\/rumex.mendelu.cz\/oryx\/les_jako_ekosystem\/index.php\/wp-json\/wp\/v2\/pages"}],"about":[{"href":"https:\/\/rumex.mendelu.cz\/oryx\/les_jako_ekosystem\/index.php\/wp-json\/wp\/v2\/types\/page"}],"author":[{"embeddable":true,"href":"https:\/\/rumex.mendelu.cz\/oryx\/les_jako_ekosystem\/index.php\/wp-json\/wp\/v2\/users\/1"}],"replies":[{"embeddable":true,"href":"https:\/\/rumex.mendelu.cz\/oryx\/les_jako_ekosystem\/index.php\/wp-json\/wp\/v2\/comments?post=58"}],"version-history":[{"count":3,"href":"https:\/\/rumex.mendelu.cz\/oryx\/les_jako_ekosystem\/index.php\/wp-json\/wp\/v2\/pages\/58\/revisions"}],"predecessor-version":[{"id":152,"href":"https:\/\/rumex.mendelu.cz\/oryx\/les_jako_ekosystem\/index.php\/wp-json\/wp\/v2\/pages\/58\/revisions\/152"}],"up":[{"embeddable":true,"href":"https:\/\/rumex.mendelu.cz\/oryx\/les_jako_ekosystem\/index.php\/wp-json\/wp\/v2\/pages\/39"}],"wp:attachment":[{"href":"https:\/\/rumex.mendelu.cz\/oryx\/les_jako_ekosystem\/index.php\/wp-json\/wp\/v2\/media?parent=58"}],"curies":[{"name":"wp","href":"https:\/\/api.w.org\/{rel}","templated":true}]}}

Vítr

<h1>Vítr</h1>
<ul>
<li>= většinou horizontální pohyb vzdušných mas zapříčiněný gradientem tlaku vzduchu (ten je způsobený převážně nerovnoměrností ohřevu různých částí zemského povrchu a termickými jevy v atmosféře) – z míst vyššího tlaku proudí vítr do míst s nižším tlakem</li>
<li>Lesní ekosystém je překážka, kterou vítr obtéká nebo do ní proniká a přitom ztrácí sílu, rychlost, mění směr a strukturu. To vše závisí na druhu dřevin v porostu, přítomnosti porostního okraje, věku porostu, zakmenění a zapojení.</li>
</ul>
<p><img loading="lazy" class="size-full wp-image-149 aligncenter" src="http://helix.mendelu.cz/oryx/les_jako_ekosystem/wp-content/uploads/2018/05/vitr_okraj_porostu.jpg" alt="" width="490" height="327" srcset="https://rumex.mendelu.cz/oryx/les_jako_ekosystem/wp-content/uploads/2018/05/vitr_okraj_porostu.jpg 490w, https://rumex.mendelu.cz/oryx/les_jako_ekosystem/wp-content/uploads/2018/05/vitr_okraj_porostu-300x200.jpg 300w, https://rumex.mendelu.cz/oryx/les_jako_ekosystem/wp-content/uploads/2018/05/vitr_okraj_porostu-200x133.jpg 200w" sizes="(max-width: 490px) 100vw, 490px" /></p>
<ul>
<li>&#8211; pohyb vzduchu významně reguluje evapotranspiraci evapotranspiraci a transpiraci</li>
<li>&#8211; asimilace je při větru všeobecně snížená (změna polohy listů snižuje osvětlení)</li>
<li>&#8211; mechanické interakce (pěstební péče; růstové deformace; větrné kalamity)</li>
</ul>
<p><img loading="lazy" class="size-full wp-image-151 aligncenter" src="http://helix.mendelu.cz/oryx/les_jako_ekosystem/wp-content/uploads/2018/05/vitr_tatry.jpg" alt="" width="490" height="368" srcset="https://rumex.mendelu.cz/oryx/les_jako_ekosystem/wp-content/uploads/2018/05/vitr_tatry.jpg 490w, https://rumex.mendelu.cz/oryx/les_jako_ekosystem/wp-content/uploads/2018/05/vitr_tatry-300x225.jpg 300w, https://rumex.mendelu.cz/oryx/les_jako_ekosystem/wp-content/uploads/2018/05/vitr_tatry-200x150.jpg 200w" sizes="(max-width: 490px) 100vw, 490px" /></p>

<p>Vítr = většinou horizontální pohyb vzdušných mas zapříčiněný gradientem tlaku vzduchu (ten je způsobený převážně nerovnoměrností ohřevu různých částí zemského povrchu a termickými jevy v atmosféře) – z míst vyššího tlaku proudí vítr do míst s nižším tlakem Lesní ekosystém je překážka, kterou vítr obtéká nebo do ní proniká a přitom ztrácí sílu, rychlost, mění [&hellip;]</p>
