{"id":39,"date":"2018-05-04T11:20:18","date_gmt":"2018-05-04T09:20:18","guid":{"rendered":"http:\/\/helix.mendelu.cz\/oryx\/les_jako_ekosystem\/?page_id=39"},"modified":"2018-05-04T11:44:05","modified_gmt":"2018-05-04T09:44:05","slug":"les-a-abioticke-slozky","status":"publish","type":"page","link":"https:\/\/rumex.mendelu.cz\/oryx\/les_jako_ekosystem\/index.php\/les-a-abioticke-slozky\/","title":{"rendered":"Les a abiotick\u00e9 slo\u017eky"},"content":{"rendered":"<h1>Les a abiotick\u00e9 slo\u017eky prost\u0159ed\u00ed<\/h1>\n<p>Z\u00e1kladn\u00ed slo\u017eky abiotick\u00e9ho prost\u0159ed\u00ed jsou:<\/p>\n<ul>\n<li>&#8211; atmosf\u00e9ra s abiotick\u00fdmi faktory \u2013 klimatick\u00fdmi: slune\u010dn\u00ed z\u00e1\u0159en\u00ed, teplota , vzdu\u0161n\u00e1 vlhkost , vzduch a jeho slo\u017een\u00ed i pohyby, tlak, elektrick\u00e9 zm\u011bny ovzdu\u0161\u00ed<br \/>\n<img loading=\"lazy\" class=\"alignnone size-full wp-image-84\" src=\"http:\/\/helix.mendelu.cz\/oryx\/les_jako_ekosystem\/wp-content\/uploads\/2018\/05\/les_a_abioticke_slozky_koordinace_rytmu.jpg\" alt=\"\" width=\"490\" height=\"493\" srcset=\"https:\/\/rumex.mendelu.cz\/oryx\/les_jako_ekosystem\/wp-content\/uploads\/2018\/05\/les_a_abioticke_slozky_koordinace_rytmu.jpg 490w, https:\/\/rumex.mendelu.cz\/oryx\/les_jako_ekosystem\/wp-content\/uploads\/2018\/05\/les_a_abioticke_slozky_koordinace_rytmu-150x150.jpg 150w, https:\/\/rumex.mendelu.cz\/oryx\/les_jako_ekosystem\/wp-content\/uploads\/2018\/05\/les_a_abioticke_slozky_koordinace_rytmu-298x300.jpg 298w, https:\/\/rumex.mendelu.cz\/oryx\/les_jako_ekosystem\/wp-content\/uploads\/2018\/05\/les_a_abioticke_slozky_koordinace_rytmu-200x200.jpg 200w\" sizes=\"(max-width: 490px) 100vw, 490px\" \/><br \/>\n<img loading=\"lazy\" class=\"alignnone size-full wp-image-86\" src=\"http:\/\/helix.mendelu.cz\/oryx\/les_jako_ekosystem\/wp-content\/uploads\/2018\/05\/les_a_abioticke_slozky_faktory_opadu.jpg\" alt=\"\" width=\"490\" height=\"410\" srcset=\"https:\/\/rumex.mendelu.cz\/oryx\/les_jako_ekosystem\/wp-content\/uploads\/2018\/05\/les_a_abioticke_slozky_faktory_opadu.jpg 490w, https:\/\/rumex.mendelu.cz\/oryx\/les_jako_ekosystem\/wp-content\/uploads\/2018\/05\/les_a_abioticke_slozky_faktory_opadu-300x251.jpg 300w, https:\/\/rumex.mendelu.cz\/oryx\/les_jako_ekosystem\/wp-content\/uploads\/2018\/05\/les_a_abioticke_slozky_faktory_opadu-200x167.jpg 200w\" sizes=\"(max-width: 490px) 100vw, 490px\" \/><\/li>\n<li>&#8211; voda s abiotick\u00fdmi faktory \u2013 hydrologick\u00fdmi: voda jako prost\u0159ed\u00ed organism\u016f, jej\u00ed teplota, salinita, pohyb, tlak, pr\u016fhlednost<\/li>\n<li>&#8211; p\u016fda s abiotick\u00fdmi faktory \u2013 p\u016fdn\u00edmi, edafick\u00fdmi: fyzik\u00e1ln\u00ed a chemick\u00e9 vlastnosti p\u016fdy i jej\u00edho podkladu<\/li>\n<\/ul>\n<p>&nbsp;<\/p>\n<p>Jednotliv\u00e9 slo\u017eky se vz\u00e1jemn\u011b ovliv\u0148uj\u00ed p\u0159enosem energie a v\u00fdm\u011bnou l\u00e1tek.<\/p>\n<p><img loading=\"lazy\" class=\"aligncenter wp-image-88 size-full\" src=\"http:\/\/helix.mendelu.cz\/oryx\/les_jako_ekosystem\/wp-content\/uploads\/2018\/05\/les_a_abioticke_slozky_ovlivnovani_jednotlivych_slozek.jpg\" alt=\"\" width=\"490\" height=\"341\" srcset=\"https:\/\/rumex.mendelu.cz\/oryx\/les_jako_ekosystem\/wp-content\/uploads\/2018\/05\/les_a_abioticke_slozky_ovlivnovani_jednotlivych_slozek.jpg 490w, https:\/\/rumex.mendelu.cz\/oryx\/les_jako_ekosystem\/wp-content\/uploads\/2018\/05\/les_a_abioticke_slozky_ovlivnovani_jednotlivych_slozek-300x209.jpg 300w, https:\/\/rumex.mendelu.cz\/oryx\/les_jako_ekosystem\/wp-content\/uploads\/2018\/05\/les_a_abioticke_slozky_ovlivnovani_jednotlivych_slozek-200x139.jpg 200w\" sizes=\"(max-width: 490px) 100vw, 490px\" \/><\/p>\n<p>Tok energie a v\u00fdm\u011bna l\u00e1tek prob\u00edh\u00e1 v r\u00e1mci velk\u00e9ho (krajinn\u00e9 a\u017e kontinent\u00e1ln\u00ed m\u011b\u0159\u00edtko) a mal\u00e9ho cyklu (v r\u00e1mci dan\u00e9ho ekosyst\u00e9mu) ob\u011bhu l\u00e1tek v p\u0159\u00edrod\u011b.<\/p>\n<h2>\nEkosyst\u00e9my<\/h2>\n<ul>\n<li>= syst\u00e9my otev\u0159en\u00e9; v\u0161e neprob\u00edh\u00e1 v\u017edy jen v r\u00e1mci jedin\u00e9ho cyklu, ale spojen\u00ed v r\u00e1mci n\u011bkolika r\u016fzn\u00fdch cykl\u016f prob\u00edhaj\u00ed nep\u0159etr\u017eit\u011b a sou\u010dasn\u011b.<\/li>\n<\/ul>\n","protected":false},"excerpt":{"rendered":"<p>Les a abiotick\u00e9 slo\u017eky prost\u0159ed\u00ed Z\u00e1kladn\u00ed slo\u017eky abiotick\u00e9ho prost\u0159ed\u00ed jsou: &#8211; atmosf\u00e9ra s abiotick\u00fdmi faktory \u2013 klimatick\u00fdmi: slune\u010dn\u00ed z\u00e1\u0159en\u00ed, teplota , vzdu\u0161n\u00e1 vlhkost , vzduch a jeho slo\u017een\u00ed i pohyby, tlak, elektrick\u00e9 zm\u011bny ovzdu\u0161\u00ed &#8211; voda s abiotick\u00fdmi faktory \u2013 hydrologick\u00fdmi: voda jako prost\u0159ed\u00ed organism\u016f, jej\u00ed teplota, salinita, pohyb, tlak, pr\u016fhlednost &#8211; p\u016fda s abiotick\u00fdmi [&hellip;]<\/p>\n","protected":false},"author":1,"featured_media":0,"parent":0,"menu_order":0,"comment_status":"closed","ping_status":"closed","template":"","meta":[],"_links":{"self":[{"href":"https:\/\/rumex.mendelu.cz\/oryx\/les_jako_ekosystem\/index.php\/wp-json\/wp\/v2\/pages\/39"}],"collection":[{"href":"https:\/\/rumex.mendelu.cz\/oryx\/les_jako_ekosystem\/index.php\/wp-json\/wp\/v2\/pages"}],"about":[{"href":"https:\/\/rumex.mendelu.cz\/oryx\/les_jako_ekosystem\/index.php\/wp-json\/wp\/v2\/types\/page"}],"author":[{"embeddable":true,"href":"https:\/\/rumex.mendelu.cz\/oryx\/les_jako_ekosystem\/index.php\/wp-json\/wp\/v2\/users\/1"}],"replies":[{"embeddable":true,"href":"https:\/\/rumex.mendelu.cz\/oryx\/les_jako_ekosystem\/index.php\/wp-json\/wp\/v2\/comments?post=39"}],"version-history":[{"count":3,"href":"https:\/\/rumex.mendelu.cz\/oryx\/les_jako_ekosystem\/index.php\/wp-json\/wp\/v2\/pages\/39\/revisions"}],"predecessor-version":[{"id":90,"href":"https:\/\/rumex.mendelu.cz\/oryx\/les_jako_ekosystem\/index.php\/wp-json\/wp\/v2\/pages\/39\/revisions\/90"}],"wp:attachment":[{"href":"https:\/\/rumex.mendelu.cz\/oryx\/les_jako_ekosystem\/index.php\/wp-json\/wp\/v2\/media?parent=39"}],"curies":[{"name":"wp","href":"https:\/\/api.w.org\/{rel}","templated":true}]}}