{"id":780,"date":"2019-08-21T11:18:58","date_gmt":"2019-08-21T09:18:58","guid":{"rendered":"http:\/\/rumex.mendelu.cz\/atlasposkozenidrevin\/?page_id=780"},"modified":"2024-11-06T13:31:18","modified_gmt":"2024-11-06T12:31:18","slug":"zasychani-listu-vrby","status":"publish","type":"page","link":"https:\/\/rumex.mendelu.cz\/atlasposkozenidrevin\/index.php\/zasychani-listu-vrby\/","title":{"rendered":"zasych\u00e1n\u00ed list\u016f vrby"},"content":{"rendered":"\n<p style=\"text-align:left\" class=\"has-medium-font-size\"><strong><em>Venturia saliciperda <\/em><\/strong><strong>N\u00fcesch <\/strong><\/p>\n\n\n\n<p><strong>SYNONYMUM:<\/strong> <em><strong>Pollaccia saliciperda <\/strong><\/em><strong> (Allesch. &amp; Tubeuf) Arx, <\/strong><em><strong> Fusicladium saliciperdum <\/strong><\/em> <strong>(Allesch. &amp; Tubeuf) Lind&nbsp; <\/strong><\/p>\n\n\n\n<p><strong>HOSTITELSK\u00c9 D\u0158EVINY<\/strong>: vrby (<em>Salix<\/em> spp.).<\/p>\n\n\n\n<p><strong>SYMPTOMY A BIONOMIE<\/strong>: termin\u00e1ln\u00ed a hlavn\u00ed v\u00fdhony bo\u010dn\u00edch v\u011btv\u00ed je\u0161t\u011b nevyzr\u00e1l\u00e9 se oh\u00fdbaj\u00ed sm\u011brem k&nbsp;zemi, hn\u011bdnou a\u017e \u010dernaj\u00ed, v\u011bt\u0161inou neopad\u00e1vaj\u00ed, z\u016fst\u00e1vaj\u00ed viset na d\u0159evin\u00e1ch, jsou velmi n\u00e1padn\u00e9. D\u0159eviny p\u0159est\u00e1vaj\u00ed celkov\u011b p\u0159ir\u016fstat. Patogen p\u0159ezimuje na po\u0161kozen\u00fdch \u010d\u00e1stech, kdy na ja\u0159e na nich nar\u016fstaj\u00ed plodnice \u2013 pseudothecia (vel. do 0,2 mm), obsahuj\u00edc\u00ed askospory. <em>Pollacia <\/em>je anamorfn\u00ed st\u00e1dium, kter\u00e9 vytv\u00e1\u0159\u00ed pyknidy s&nbsp;konidiemi, kter\u00fdmi se \u0161\u00ed\u0159\u00ed b\u011bhem vegeta\u010dn\u00ed sez\u00f3ny.<\/p>\n\n\n<style type=\"text\/css\">\n#foogallery-gallery-2950 .fg-image { width: 365px; }\n#foogallery-gallery-2950 { --fg-gutter: 10px; }<\/style>\n\t\t\t<div class=\"foogallery foogallery-container foogallery-default foogallery-lightbox-none fg-left fg-default fg-ready fg-light fg-border-thin fg-shadow-outline fg-loading-default fg-loaded-fade-in fg-caption-always fg-hover-fade fg-hover-zoom\" id=\"foogallery-gallery-2950\" data-foogallery=\"{&quot;item&quot;:{&quot;showCaptionTitle&quot;:false,&quot;showCaptionDescription&quot;:true},&quot;lazy&quot;:true}\" style=\"--fg-title-line-clamp: 0; --fg-description-line-clamp: 0;\" >\n\t<div class=\"fg-item fg-type-image fg-idle\"><figure class=\"fg-item-inner\"><a href=\"https:\/\/rumex.mendelu.cz\/atlasposkozenidrevin\/wp-content\/uploads\/2020\/02\/P6235126.jpg\" data-caption-title=\"Symptom zasych\u00e1n\u00ed letorostu, Arboretum K\u0159tiny 2008.\" data-caption-desc=\"Symptom zasych\u00e1n\u00ed letorostu, Arboretum K\u0159tiny 2008.\" data-attachment-id=\"5387\" data-type=\"image\" class=\"fg-thumb\"><span class=\"fg-image-wrap\"><img fetchpriority=\"high\" decoding=\"async\" title=\"Symptom zasych\u00e1n\u00ed letorostu, Arboretum K\u0159tiny 2008.\" width=\"365\" height=\"320\" class=\"skip-lazy fg-image\" data-src-fg=\"https:\/\/rumex.mendelu.cz\/atlasposkozenidrevin\/wp-content\/uploads\/cache\/2020\/02\/P6235126\/650058140.jpg\" src=\"data:image\/svg+xml,%3Csvg%20xmlns%3D%22http%3A%2F%2Fwww.w3.org%2F2000%2Fsvg%22%20width%3D%22365%22%20height%3D%22320%22%20viewBox%3D%220%200%20365%20320%22%3E%3C%2Fsvg%3E\" loading=\"eager\"><\/span><span class=\"fg-image-overlay\"><\/span><\/a><figcaption class=\"fg-caption\"><div class=\"fg-caption-inner\"><div class=\"fg-caption-desc\">Symptom zasych\u00e1n\u00ed letorostu, Arboretum K\u0159tiny 2008.<\/div><\/div><\/figcaption><\/figure><div class=\"fg-loader\"><\/div><\/div><div class=\"fg-item fg-type-image fg-idle\"><figure class=\"fg-item-inner\"><a href=\"https:\/\/rumex.mendelu.cz\/atlasposkozenidrevin\/wp-content\/uploads\/2020\/02\/P7119068.jpg\" data-caption-title=\"Symptom zasych\u00e1n\u00ed letorost\u016f, Arboretum K\u0159tiny 2008.\" data-caption-desc=\"Symptom zasych\u00e1n\u00ed letorost\u016f, Arboretum K\u0159tiny 2008.\" data-attachment-id=\"5388\" data-type=\"image\" class=\"fg-thumb\"><span class=\"fg-image-wrap\"><img decoding=\"async\" title=\"Symptom zasych\u00e1n\u00ed letorost\u016f, Arboretum K\u0159tiny 2008.\" width=\"365\" height=\"320\" class=\"skip-lazy fg-image\" data-src-fg=\"https:\/\/rumex.mendelu.cz\/atlasposkozenidrevin\/wp-content\/uploads\/cache\/2020\/02\/P7119068\/2810326917.jpg\" src=\"data:image\/svg+xml,%3Csvg%20xmlns%3D%22http%3A%2F%2Fwww.w3.org%2F2000%2Fsvg%22%20width%3D%22365%22%20height%3D%22320%22%20viewBox%3D%220%200%20365%20320%22%3E%3C%2Fsvg%3E\" loading=\"eager\"><\/span><span class=\"fg-image-overlay\"><\/span><\/a><figcaption class=\"fg-caption\"><div class=\"fg-caption-inner\"><div class=\"fg-caption-desc\">Symptom zasych\u00e1n\u00ed letorost\u016f, Arboretum K\u0159tiny 2008.<\/div><\/div><\/figcaption><\/figure><div class=\"fg-loader\"><\/div><\/div><div class=\"fg-item fg-type-image fg-idle\"><figure class=\"fg-item-inner\"><a href=\"https:\/\/rumex.mendelu.cz\/atlasposkozenidrevin\/wp-content\/uploads\/2020\/02\/P7119074.jpg\" data-caption-title=\"Symptom zasych\u00e1n\u00ed letorostu, Arboretum K\u0159tiny 2008.\" data-caption-desc=\"Symptom zasych\u00e1n\u00ed letorostu, Arboretum K\u0159tiny 2008.\" data-attachment-id=\"5389\" data-type=\"image\" class=\"fg-thumb\"><span class=\"fg-image-wrap\"><img decoding=\"async\" title=\"Symptom zasych\u00e1n\u00ed letorostu, Arboretum K\u0159tiny 2008.\" width=\"365\" height=\"320\" class=\"skip-lazy fg-image\" data-src-fg=\"https:\/\/rumex.mendelu.cz\/atlasposkozenidrevin\/wp-content\/uploads\/cache\/2020\/02\/P7119074\/3175980756.jpg\" src=\"data:image\/svg+xml,%3Csvg%20xmlns%3D%22http%3A%2F%2Fwww.w3.org%2F2000%2Fsvg%22%20width%3D%22365%22%20height%3D%22320%22%20viewBox%3D%220%200%20365%20320%22%3E%3C%2Fsvg%3E\" loading=\"eager\"><\/span><span class=\"fg-image-overlay\"><\/span><\/a><figcaption class=\"fg-caption\"><div class=\"fg-caption-inner\"><div class=\"fg-caption-desc\">Symptom zasych\u00e1n\u00ed letorostu, Arboretum K\u0159tiny 2008.<\/div><\/div><\/figcaption><\/figure><div class=\"fg-loader\"><\/div><\/div><\/div>\n\n\n\n<p><\/p>\n\n\n\n<p><strong>V\u00ddZNAM A OCHRANA<\/strong>: typick\u00e9 je posti\u017een\u00ed mlad\u00fdch d\u0159evin do 20 let v\u011bku. Pokud je v&nbsp;okrasn\u00fdch v\u00fdsadb\u00e1ch opakovan\u00fd v\u00fdskyt, aplikaci fungicid\u016f term\u00ednujeme do prvn\u00edch po\u010d\u00e1tk\u016f p\u0159\u00edznak\u016f. <\/p>\n\n\n\n<p><strong>MO\u017dNOST Z\u00c1M\u011aNY<\/strong>: z\u00e1m\u011bna s&nbsp;jin\u00fdm patogen zat\u00edm nezn\u00e1m\u00e1.<\/p>\n","protected":false},"excerpt":{"rendered":"<p>Venturia saliciperda N\u00fcesch SYNONYMUM: Pollaccia saliciperda (Allesch. &amp; Tubeuf) Arx, Fusicladium saliciperdum (Allesch. &amp; Tubeuf) [&hellip;]<\/p>\n","protected":false},"author":2,"featured_media":0,"parent":0,"menu_order":0,"comment_status":"closed","ping_status":"closed","template":"template-full-width.php","meta":{"footnotes":""},"class_list":["post-780","page","type-page","status-publish","hentry"],"_links":{"self":[{"href":"https:\/\/rumex.mendelu.cz\/atlasposkozenidrevin\/index.php\/wp-json\/wp\/v2\/pages\/780","targetHints":{"allow":["GET"]}}],"collection":[{"href":"https:\/\/rumex.mendelu.cz\/atlasposkozenidrevin\/index.php\/wp-json\/wp\/v2\/pages"}],"about":[{"href":"https:\/\/rumex.mendelu.cz\/atlasposkozenidrevin\/index.php\/wp-json\/wp\/v2\/types\/page"}],"author":[{"embeddable":true,"href":"https:\/\/rumex.mendelu.cz\/atlasposkozenidrevin\/index.php\/wp-json\/wp\/v2\/users\/2"}],"replies":[{"embeddable":true,"href":"https:\/\/rumex.mendelu.cz\/atlasposkozenidrevin\/index.php\/wp-json\/wp\/v2\/comments?post=780"}],"version-history":[{"count":3,"href":"https:\/\/rumex.mendelu.cz\/atlasposkozenidrevin\/index.php\/wp-json\/wp\/v2\/pages\/780\/revisions"}],"predecessor-version":[{"id":2952,"href":"https:\/\/rumex.mendelu.cz\/atlasposkozenidrevin\/index.php\/wp-json\/wp\/v2\/pages\/780\/revisions\/2952"}],"wp:attachment":[{"href":"https:\/\/rumex.mendelu.cz\/atlasposkozenidrevin\/index.php\/wp-json\/wp\/v2\/media?parent=780"}],"curies":[{"name":"wp","href":"https:\/\/api.w.org\/{rel}","templated":true}]}}