{"id":745,"date":"2019-08-21T10:36:50","date_gmt":"2019-08-21T08:36:50","guid":{"rendered":"http:\/\/rumex.mendelu.cz\/atlasposkozenidrevin\/?page_id=745"},"modified":"2024-11-06T13:31:18","modified_gmt":"2024-11-06T12:31:18","slug":"svrastelka-javorova","status":"publish","type":"page","link":"https:\/\/rumex.mendelu.cz\/atlasposkozenidrevin\/index.php\/svrastelka-javorova\/","title":{"rendered":"svra\u0161t\u011blka javorov\u00e1"},"content":{"rendered":"\n<p style=\"text-align:left\" class=\"has-medium-font-size\"><strong><em>Rhytisma acerinum<\/em> (Pers.) Fr. <\/strong><\/p>\n\n\n\n<p><strong>HOSTITELSK\u00c9 D\u0158EVINY:<\/strong><em> <\/em>javory (<em>Acer <\/em>spp.)<\/p>\n\n\n\n<p><strong>SYMPTOMY A BIONOMIE: <\/strong>vytv\u00e1\u0159\u00ed<strong> <\/strong>n\u00e1padn\u00e1 okrouhl\u00e1 \u010dern\u011b zbarven\u00e1 stromata na l\u00edcn\u00ed stran\u011b list\u016f, b\u011bhem l\u00e9ta ve stromatu vznikaj\u00ed ve velk\u00e9m mno\u017estv\u00ed mikrokonidie. Plodnice pseudoapothecia vyr\u016fstaj\u00ed&nbsp; velmi pomalu na spadan\u00e9m list\u00ed na konci vegetace anebo a\u017e v p\u0159\u00ed\u0161t\u00edm roce na ja\u0159e. Povrch stromatu v tomto obdob\u00ed prask\u00e1 a askospory jsou vyst\u0159elov\u00e1ny do vzd\u00e1lenosti a\u017e jednoho metru.<\/p>\n\n\n\n<p><strong>V\u00ddZNAM A OCHRANA: <\/strong>ochrana nen\u00ed nutn\u00e1, uv\u00e1d\u00ed se, \u017ee jej\u00ed v\u00fdskyt je v\u00e1z\u00e1n na \u010dist\u00e9 ovzdu\u0161\u00ed. Dal\u0161\u00edmi druhy svra\u0161t\u011blek jsou <em><strong>R. punctatum<\/strong><\/em><strong> (Pers.) Fr. <\/strong>na javoru klenu (<em>Acer pseudoplatanus<\/em>) a<em> <strong>R. salicinum <\/strong><\/em><strong>(Pers.) Fr. <\/strong>na vrb\u00e1ch (<em>Salix<\/em> spp.). <\/p>\n\n\n<style type=\"text\/css\">\n#foogallery-gallery-2901 .fg-image { width: 365px; }\n#foogallery-gallery-2901 { --fg-gutter: 10px; }<\/style>\n\t\t\t<div class=\"foogallery foogallery-container foogallery-default foogallery-lightbox-none fg-left fg-default fg-ready fg-light fg-border-thin fg-shadow-outline fg-loading-default fg-loaded-fade-in fg-caption-always fg-hover-fade fg-hover-zoom\" id=\"foogallery-gallery-2901\" data-foogallery=\"{&quot;item&quot;:{&quot;showCaptionTitle&quot;:false,&quot;showCaptionDescription&quot;:true},&quot;lazy&quot;:true}\" style=\"--fg-title-line-clamp: 0; --fg-description-line-clamp: 0;\" >\n\t<div class=\"fg-item fg-type-image fg-idle\"><figure class=\"fg-item-inner\"><a href=\"https:\/\/rumex.mendelu.cz\/atlasposkozenidrevin\/wp-content\/uploads\/2020\/02\/Rhytisma-acerinum-3.jpg\" data-caption-title=\"Detail symptom\u016f na listech javoru, Brno 2005.\" data-caption-desc=\"Detail symptom\u016f na listech javoru, Brno 2005.\" data-attachment-id=\"5354\" data-type=\"image\" class=\"fg-thumb\"><span class=\"fg-image-wrap\"><img fetchpriority=\"high\" decoding=\"async\" title=\"Detail symptom\u016f na listech javoru, Brno 2005.\" width=\"365\" height=\"320\" class=\"skip-lazy fg-image\" data-src-fg=\"https:\/\/rumex.mendelu.cz\/atlasposkozenidrevin\/wp-content\/uploads\/cache\/2020\/02\/Rhytisma-acerinum-3\/2543126448.jpg\" src=\"data:image\/svg+xml,%3Csvg%20xmlns%3D%22http%3A%2F%2Fwww.w3.org%2F2000%2Fsvg%22%20width%3D%22365%22%20height%3D%22320%22%20viewBox%3D%220%200%20365%20320%22%3E%3C%2Fsvg%3E\" loading=\"eager\"><\/span><span class=\"fg-image-overlay\"><\/span><\/a><figcaption class=\"fg-caption\"><div class=\"fg-caption-inner\"><div class=\"fg-caption-desc\">Detail symptom\u016f na listech javoru, Brno 2005.<\/div><\/div><\/figcaption><\/figure><div class=\"fg-loader\"><\/div><\/div><div class=\"fg-item fg-type-image fg-idle\"><figure class=\"fg-item-inner\"><a href=\"https:\/\/rumex.mendelu.cz\/atlasposkozenidrevin\/wp-content\/uploads\/2020\/02\/Rhytisma-acerinum.jpg\" data-caption-title=\"\u010cern\u00e1 stromata na listech javoru, \u0160umava 2003.\" data-caption-desc=\"\u010cern\u00e1 stromata na listech javoru, \u0160umava 2003.\" data-attachment-id=\"5355\" data-type=\"image\" class=\"fg-thumb\"><span class=\"fg-image-wrap\"><img decoding=\"async\" title=\"\u010cern\u00e1 stromata na listech javoru, \u0160umava 2003.\" width=\"365\" height=\"320\" class=\"skip-lazy fg-image\" data-src-fg=\"https:\/\/rumex.mendelu.cz\/atlasposkozenidrevin\/wp-content\/uploads\/cache\/2020\/02\/Rhytisma-acerinum\/4194950622.jpg\" src=\"data:image\/svg+xml,%3Csvg%20xmlns%3D%22http%3A%2F%2Fwww.w3.org%2F2000%2Fsvg%22%20width%3D%22365%22%20height%3D%22320%22%20viewBox%3D%220%200%20365%20320%22%3E%3C%2Fsvg%3E\" loading=\"eager\"><\/span><span class=\"fg-image-overlay\"><\/span><\/a><figcaption class=\"fg-caption\"><div class=\"fg-caption-inner\"><div class=\"fg-caption-desc\">\u010cern\u00e1 stromata na listech javoru, \u0160umava 2003.<\/div><\/div><\/figcaption><\/figure><div class=\"fg-loader\"><\/div><\/div><div class=\"fg-item fg-type-image fg-idle\"><figure class=\"fg-item-inner\"><a href=\"https:\/\/rumex.mendelu.cz\/atlasposkozenidrevin\/wp-content\/uploads\/2020\/02\/IMG_0579.jpg\" data-caption-title=\"Detail symptom\u016f na listech javoru, Brno 2005.\" data-caption-desc=\"Detail symptom\u016f na listech javoru, Brno 2005.\" data-attachment-id=\"5353\" data-type=\"image\" class=\"fg-thumb\"><span class=\"fg-image-wrap\"><img decoding=\"async\" title=\"Detail symptom\u016f na listech javoru, Brno 2005.\" width=\"365\" height=\"320\" class=\"skip-lazy fg-image\" data-src-fg=\"https:\/\/rumex.mendelu.cz\/atlasposkozenidrevin\/wp-content\/uploads\/cache\/2020\/02\/IMG_0579\/2889244013.jpg\" src=\"data:image\/svg+xml,%3Csvg%20xmlns%3D%22http%3A%2F%2Fwww.w3.org%2F2000%2Fsvg%22%20width%3D%22365%22%20height%3D%22320%22%20viewBox%3D%220%200%20365%20320%22%3E%3C%2Fsvg%3E\" loading=\"eager\"><\/span><span class=\"fg-image-overlay\"><\/span><\/a><figcaption class=\"fg-caption\"><div class=\"fg-caption-inner\"><div class=\"fg-caption-desc\">Detail symptom\u016f na listech javoru, Brno 2005.<\/div><\/div><\/figcaption><\/figure><div class=\"fg-loader\"><\/div><\/div><\/div>\n","protected":false},"excerpt":{"rendered":"<p>Rhytisma acerinum (Pers.) Fr. HOSTITELSK\u00c9 D\u0158EVINY: javory (Acer spp.) SYMPTOMY A BIONOMIE: vytv\u00e1\u0159\u00ed n\u00e1padn\u00e1 okrouhl\u00e1 [&hellip;]<\/p>\n","protected":false},"author":2,"featured_media":0,"parent":0,"menu_order":0,"comment_status":"closed","ping_status":"closed","template":"template-full-width.php","meta":{"footnotes":""},"class_list":["post-745","page","type-page","status-publish","hentry"],"_links":{"self":[{"href":"https:\/\/rumex.mendelu.cz\/atlasposkozenidrevin\/index.php\/wp-json\/wp\/v2\/pages\/745","targetHints":{"allow":["GET"]}}],"collection":[{"href":"https:\/\/rumex.mendelu.cz\/atlasposkozenidrevin\/index.php\/wp-json\/wp\/v2\/pages"}],"about":[{"href":"https:\/\/rumex.mendelu.cz\/atlasposkozenidrevin\/index.php\/wp-json\/wp\/v2\/types\/page"}],"author":[{"embeddable":true,"href":"https:\/\/rumex.mendelu.cz\/atlasposkozenidrevin\/index.php\/wp-json\/wp\/v2\/users\/2"}],"replies":[{"embeddable":true,"href":"https:\/\/rumex.mendelu.cz\/atlasposkozenidrevin\/index.php\/wp-json\/wp\/v2\/comments?post=745"}],"version-history":[{"count":2,"href":"https:\/\/rumex.mendelu.cz\/atlasposkozenidrevin\/index.php\/wp-json\/wp\/v2\/pages\/745\/revisions"}],"predecessor-version":[{"id":2903,"href":"https:\/\/rumex.mendelu.cz\/atlasposkozenidrevin\/index.php\/wp-json\/wp\/v2\/pages\/745\/revisions\/2903"}],"wp:attachment":[{"href":"https:\/\/rumex.mendelu.cz\/atlasposkozenidrevin\/index.php\/wp-json\/wp\/v2\/media?parent=745"}],"curies":[{"name":"wp","href":"https:\/\/api.w.org\/{rel}","templated":true}]}}