{"id":669,"date":"2019-08-19T15:07:18","date_gmt":"2019-08-19T13:07:18","guid":{"rendered":"http:\/\/rumex.mendelu.cz\/atlasposkozenidrevin\/?page_id=669"},"modified":"2025-02-04T13:15:12","modified_gmt":"2025-02-04T12:15:12","slug":"rezavec-korenovy","status":"publish","type":"page","link":"https:\/\/rumex.mendelu.cz\/atlasposkozenidrevin\/index.php\/rezavec-korenovy\/","title":{"rendered":"rezavec ko\u0159enov\u00fd"},"content":{"rendered":"\n<p class=\"has-text-align-left has-medium-font-size\"><strong><em>Inonotus dryadeus<\/em> (Pers.) Murrill <\/strong><\/p>\n\n\n\n<p><strong>HOSTITELSK\u00c9 D\u0158EVINY: <\/strong>duby (<em>Quercus<\/em> spp.), uv\u00e1d\u011bn je ka\u0161tanovn\u00edk set\u00fd (<em>Castanea sativa<\/em>).<\/p>\n\n\n\n<p><strong>PLODNICE: <\/strong>jednolet\u00e9, vyr\u016fstaj\u00ed na b\u00e1zi kmene, jsou l\u00edmcovit\u00e9ho nebo \u010d\u00e1ste\u010dn\u011b trycht\u00fd\u0159ovit\u00e9ho tvaru, dor\u016fstaj\u00ed mohutn\u00fdch rozm\u011br\u016f, barva je \u0161edohn\u011bd\u00e1 a\u017e rezav\u011bhn\u011bd\u00e1, v\u00fdtrusn\u00e9 rou\u0161ko rezavohn\u011bd\u00e9, r\u016fst je velice rychl\u00fd koncem l\u00e9ta a\u017e na podzim, v du\u017enin\u011b plodnice jsou zarostl\u00e9 \u010do\u010dkovit\u00e9 pr\u00e1zdn\u00e9 otvory, star\u00e9 plodnice p\u0159etrv\u00e1vaj\u00ed do dal\u0161\u00edho roku, postupn\u011b se rozpadaj\u00ed.<\/p>\n\n\n<style type=\"text\/css\">\n#foogallery-gallery-3187 .fg-image { width: 365px; }\n#foogallery-gallery-3187 { --fg-gutter: 10px; }<\/style>\n\t\t\t<div class=\"foogallery foogallery-container foogallery-default foogallery-lightbox-none fg-left fg-default fg-ready fg-light fg-border-thin fg-shadow-outline fg-loading-default fg-loaded-fade-in fg-caption-always fg-hover-fade fg-hover-zoom\" id=\"foogallery-gallery-3187\" data-foogallery=\"{&quot;item&quot;:{&quot;showCaptionTitle&quot;:false,&quot;showCaptionDescription&quot;:true},&quot;lazy&quot;:true}\" style=\"--fg-title-line-clamp: 0; --fg-description-line-clamp: 0;\" >\n\t<\/div>\n\n\n\n<p><strong>HNILOBA: <\/strong>b\u00edl\u00e9 tlen\u00ed, nejintenzivn\u011bj\u0161\u00ed je v ko\u0159enov\u00e9 \u010d\u00e1sti a v b\u00e1zi kmene.<\/p>\n\n\n\n<p><strong>V\u00ddZNAM A OCHRANA: <\/strong>velk\u00e9 riziko naru\u0161en\u00ed stability strom\u016f, nev\u00fdhodou je, \u017ee plodnice nenar\u016fstaj\u00ed ka\u017ed\u00fdm rokem a navenek nen\u00ed prob\u00edhaj\u00edc\u00ed hniloba zn\u00e1t, stromy neprosychaj\u00ed, nech\u0159adnou, prevenc\u00ed je zamezen\u00ed po\u0161kozen\u00ed ko\u0159en\u016f a b\u00e1ze kmene.<\/p>\n\n\n\n<p><strong>MO\u017dNOST Z\u00c1M\u011aNY:<\/strong> lesklokorka plosk\u00e1 (<em>Ganoderma applanatum<\/em>) m\u00e1 v\u00edcelet\u00e9 plodnice, hn\u011bdou du\u017eninu, hn\u011bd\u00fd v\u00fdtrusn\u00fd prach, lesklokorka prysky\u0159i\u010dnat\u00e1 (<em>Ganoderma resinaceum<\/em>) m\u00e1 lakov\u011b \u010dervenohn\u011bd\u00fd povrch klobouku, hn\u011bdou du\u017eninu, jednolet\u00e9 plodnice a hn\u011bd\u00fd v\u00fdtrusn\u00fd prach. <\/p>\n\n\n\n<p><\/p>\n\n\n<style type=\"text\/css\">\n#foogallery-gallery-3188 .fg-image { width: 365px; }\n#foogallery-gallery-3188 { --fg-gutter: 10px; }<\/style>\n\t\t\t<div class=\"foogallery foogallery-container foogallery-default foogallery-lightbox-none fg-left fg-default fg-ready fg-light fg-border-thin fg-shadow-outline fg-loading-default fg-loaded-fade-in fg-caption-always fg-hover-fade fg-hover-zoom\" id=\"foogallery-gallery-3188\" data-foogallery=\"{&quot;item&quot;:{&quot;showCaptionTitle&quot;:false,&quot;showCaptionDescription&quot;:true},&quot;lazy&quot;:true}\" style=\"--fg-title-line-clamp: 0; --fg-description-line-clamp: 0;\" >\n\t<div class=\"fg-item fg-type-image fg-idle\"><figure class=\"fg-item-inner\"><a href=\"https:\/\/rumex.mendelu.cz\/atlasposkozenidrevin\/wp-content\/uploads\/2020\/02\/P7133759.jpg\" data-caption-title=\"Mlad\u00e1 plodnice rezavce na b\u00e1zi dubu, Lednice park 2019.\" data-caption-desc=\"Mlad\u00e1 plodnice rezavce na b\u00e1zi dubu, Lednice park 2019.\" data-attachment-id=\"2426\" data-type=\"image\" class=\"fg-thumb\"><span class=\"fg-image-wrap\"><img fetchpriority=\"high\" decoding=\"async\" title=\"Mlad\u00e1 plodnice rezavce na b\u00e1zi dubu, Lednice park 2019.\" width=\"365\" height=\"320\" class=\"skip-lazy fg-image\" data-src-fg=\"https:\/\/rumex.mendelu.cz\/atlasposkozenidrevin\/wp-content\/uploads\/cache\/2020\/02\/P7133759\/1422374654.jpg\" src=\"data:image\/svg+xml,%3Csvg%20xmlns%3D%22http%3A%2F%2Fwww.w3.org%2F2000%2Fsvg%22%20width%3D%22365%22%20height%3D%22320%22%20viewBox%3D%220%200%20365%20320%22%3E%3C%2Fsvg%3E\" loading=\"eager\"><\/span><span class=\"fg-image-overlay\"><\/span><\/a><figcaption class=\"fg-caption\"><div class=\"fg-caption-inner\"><div class=\"fg-caption-desc\">Mlad\u00e1 plodnice rezavce na b\u00e1zi dubu, Lednice park 2019.<\/div><\/div><\/figcaption><\/figure><div class=\"fg-loader\"><\/div><\/div><div class=\"fg-item fg-type-image fg-idle\"><figure class=\"fg-item-inner\"><a href=\"https:\/\/rumex.mendelu.cz\/atlasposkozenidrevin\/wp-content\/uploads\/2020\/02\/PA149408.jpg\" data-caption-title=\"Plodnice rezavce na b\u00e1zi dubu, Lednice park 2013.\" data-caption-desc=\"Plodnice rezavce na b\u00e1zi dubu, Lednice park 2013.\" data-attachment-id=\"2424\" data-type=\"image\" class=\"fg-thumb\"><span class=\"fg-image-wrap\"><img decoding=\"async\" title=\"Plodnice rezavce na b\u00e1zi dubu, Lednice park 2013.\" width=\"365\" height=\"320\" class=\"skip-lazy fg-image\" data-src-fg=\"https:\/\/rumex.mendelu.cz\/atlasposkozenidrevin\/wp-content\/uploads\/cache\/2020\/02\/PA149408\/157311342.jpg\" src=\"data:image\/svg+xml,%3Csvg%20xmlns%3D%22http%3A%2F%2Fwww.w3.org%2F2000%2Fsvg%22%20width%3D%22365%22%20height%3D%22320%22%20viewBox%3D%220%200%20365%20320%22%3E%3C%2Fsvg%3E\" loading=\"eager\"><\/span><span class=\"fg-image-overlay\"><\/span><\/a><figcaption class=\"fg-caption\"><div class=\"fg-caption-inner\"><div class=\"fg-caption-desc\">Plodnice rezavce na b\u00e1zi dubu, Lednice park 2013.<\/div><\/div><\/figcaption><\/figure><div class=\"fg-loader\"><\/div><\/div><div class=\"fg-item fg-type-image fg-idle\"><figure class=\"fg-item-inner\"><a href=\"https:\/\/rumex.mendelu.cz\/atlasposkozenidrevin\/wp-content\/uploads\/2025\/02\/Inonotus-dryadeus.jpg\" data-caption-title=\"Star\u00e1 plodnice, Lednice park 2008.\" data-caption-desc=\"Star\u00e1 plodnice, Lednice park 2008.\" data-attachment-id=\"4863\" data-type=\"image\" class=\"fg-thumb\"><span class=\"fg-image-wrap\"><img decoding=\"async\" title=\"Star\u00e1 plodnice, Lednice park 2008.\" width=\"365\" height=\"320\" class=\"skip-lazy fg-image\" data-src-fg=\"https:\/\/rumex.mendelu.cz\/atlasposkozenidrevin\/wp-content\/uploads\/cache\/2025\/02\/Inonotus-dryadeus\/1034454089.jpg\" src=\"data:image\/svg+xml,%3Csvg%20xmlns%3D%22http%3A%2F%2Fwww.w3.org%2F2000%2Fsvg%22%20width%3D%22365%22%20height%3D%22320%22%20viewBox%3D%220%200%20365%20320%22%3E%3C%2Fsvg%3E\" loading=\"eager\"><\/span><span class=\"fg-image-overlay\"><\/span><\/a><figcaption class=\"fg-caption\"><div class=\"fg-caption-inner\"><div class=\"fg-caption-desc\">Star\u00e1 plodnice, Lednice park 2008.<\/div><\/div><\/figcaption><\/figure><div class=\"fg-loader\"><\/div><\/div><\/div>\n","protected":false},"excerpt":{"rendered":"<p>Inonotus dryadeus (Pers.) Murrill HOSTITELSK\u00c9 D\u0158EVINY: duby (Quercus spp.), uv\u00e1d\u011bn je ka\u0161tanovn\u00edk set\u00fd (Castanea sativa). [&hellip;]<\/p>\n","protected":false},"author":2,"featured_media":0,"parent":0,"menu_order":0,"comment_status":"closed","ping_status":"closed","template":"template-full-width.php","meta":{"footnotes":""},"class_list":["post-669","page","type-page","status-publish","hentry"],"_links":{"self":[{"href":"https:\/\/rumex.mendelu.cz\/atlasposkozenidrevin\/index.php\/wp-json\/wp\/v2\/pages\/669","targetHints":{"allow":["GET"]}}],"collection":[{"href":"https:\/\/rumex.mendelu.cz\/atlasposkozenidrevin\/index.php\/wp-json\/wp\/v2\/pages"}],"about":[{"href":"https:\/\/rumex.mendelu.cz\/atlasposkozenidrevin\/index.php\/wp-json\/wp\/v2\/types\/page"}],"author":[{"embeddable":true,"href":"https:\/\/rumex.mendelu.cz\/atlasposkozenidrevin\/index.php\/wp-json\/wp\/v2\/users\/2"}],"replies":[{"embeddable":true,"href":"https:\/\/rumex.mendelu.cz\/atlasposkozenidrevin\/index.php\/wp-json\/wp\/v2\/comments?post=669"}],"version-history":[{"count":7,"href":"https:\/\/rumex.mendelu.cz\/atlasposkozenidrevin\/index.php\/wp-json\/wp\/v2\/pages\/669\/revisions"}],"predecessor-version":[{"id":4865,"href":"https:\/\/rumex.mendelu.cz\/atlasposkozenidrevin\/index.php\/wp-json\/wp\/v2\/pages\/669\/revisions\/4865"}],"wp:attachment":[{"href":"https:\/\/rumex.mendelu.cz\/atlasposkozenidrevin\/index.php\/wp-json\/wp\/v2\/media?parent=669"}],"curies":[{"name":"wp","href":"https:\/\/api.w.org\/{rel}","templated":true}]}}

rezavec kořenový

<p class="has-text-align-left has-medium-font-size"><strong><em>Inonotus dryadeus</em> (Pers.) Murrill </strong></p>



<p><strong>HOSTITELSKÉ DŘEVINY: </strong>duby (<em>Quercus</em> spp.), uváděn je kaštanovník setý (<em>Castanea sativa</em>).</p>



<p><strong>PLODNICE: </strong>jednoleté, vyrůstají na bázi kmene, jsou límcovitého nebo částečně trychtýřovitého tvaru, dorůstají mohutných rozměrů, barva je šedohnědá až rezavěhnědá, výtrusné rouško rezavohnědé, růst je velice rychlý koncem léta až na podzim, v dužnině plodnice jsou zarostlé čočkovité prázdné otvory, staré plodnice přetrvávají do dalšího roku, postupně se rozpadají.</p>


<style type="text/css">
#foogallery-gallery-3187 .fg-image { width: 365px; }
#foogallery-gallery-3187 { --fg-gutter: 10px; }</style>
			<div class="foogallery foogallery-container foogallery-default foogallery-lightbox-none fg-left fg-default fg-ready fg-light fg-border-thin fg-shadow-outline fg-loading-default fg-loaded-fade-in fg-caption-always fg-hover-fade fg-hover-zoom" id="foogallery-gallery-3187" data-foogallery="{&quot;item&quot;:{&quot;showCaptionTitle&quot;:false,&quot;showCaptionDescription&quot;:true},&quot;lazy&quot;:true}" style="--fg-title-line-clamp: 0; --fg-description-line-clamp: 0;" >
	</div>



<p><strong>HNILOBA: </strong>bílé tlení, nejintenzivnější je v kořenové části a v bázi kmene.</p>



<p><strong>VÝZNAM A OCHRANA: </strong>velké riziko narušení stability stromů, nevýhodou je, že plodnice nenarůstají každým rokem a navenek není probíhající hniloba znát, stromy neprosychají, nechřadnou, prevencí je zamezení poškození kořenů a báze kmene.</p>



<p><strong>MOŽNOST ZÁMĚNY:</strong> lesklokorka ploská (<em>Ganoderma applanatum</em>) má víceleté plodnice, hnědou dužninu, hnědý výtrusný prach, lesklokorka pryskyřičnatá (<em>Ganoderma resinaceum</em>) má lakově červenohnědý povrch klobouku, hnědou dužninu, jednoleté plodnice a hnědý výtrusný prach. </p>



<p></p>


<style type="text/css">
#foogallery-gallery-3188 .fg-image { width: 365px; }
#foogallery-gallery-3188 { --fg-gutter: 10px; }</style>
			<div class="foogallery foogallery-container foogallery-default foogallery-lightbox-none fg-left fg-default fg-ready fg-light fg-border-thin fg-shadow-outline fg-loading-default fg-loaded-fade-in fg-caption-always fg-hover-fade fg-hover-zoom" id="foogallery-gallery-3188" data-foogallery="{&quot;item&quot;:{&quot;showCaptionTitle&quot;:false,&quot;showCaptionDescription&quot;:true},&quot;lazy&quot;:true}" style="--fg-title-line-clamp: 0; --fg-description-line-clamp: 0;" >
	<div class="fg-item fg-type-image fg-idle"><figure class="fg-item-inner"><a href="https://rumex.mendelu.cz/atlasposkozenidrevin/wp-content/uploads/2020/02/P7133759.jpg" data-caption-title="Mladá plodnice rezavce na bázi dubu, Lednice park 2019." data-caption-desc="Mladá plodnice rezavce na bázi dubu, Lednice park 2019." data-attachment-id="2426" data-type="image" class="fg-thumb"><span class="fg-image-wrap"><img fetchpriority="high" decoding="async" title="Mladá plodnice rezavce na bázi dubu, Lednice park 2019." width="365" height="320" class="skip-lazy fg-image" data-src-fg="https://rumex.mendelu.cz/atlasposkozenidrevin/wp-content/uploads/cache/2020/02/P7133759/1422374654.jpg" src="data:image/svg+xml,%3Csvg%20xmlns%3D%22http%3A%2F%2Fwww.w3.org%2F2000%2Fsvg%22%20width%3D%22365%22%20height%3D%22320%22%20viewBox%3D%220%200%20365%20320%22%3E%3C%2Fsvg%3E" loading="eager"></span><span class="fg-image-overlay"></span></a><figcaption class="fg-caption"><div class="fg-caption-inner"><div class="fg-caption-desc">Mladá plodnice rezavce na bázi dubu, Lednice park 2019.</div></div></figcaption></figure><div class="fg-loader"></div></div><div class="fg-item fg-type-image fg-idle"><figure class="fg-item-inner"><a href="https://rumex.mendelu.cz/atlasposkozenidrevin/wp-content/uploads/2020/02/PA149408.jpg" data-caption-title="Plodnice rezavce na bázi dubu, Lednice park 2013." data-caption-desc="Plodnice rezavce na bázi dubu, Lednice park 2013." data-attachment-id="2424" data-type="image" class="fg-thumb"><span class="fg-image-wrap"><img decoding="async" title="Plodnice rezavce na bázi dubu, Lednice park 2013." width="365" height="320" class="skip-lazy fg-image" data-src-fg="https://rumex.mendelu.cz/atlasposkozenidrevin/wp-content/uploads/cache/2020/02/PA149408/157311342.jpg" src="data:image/svg+xml,%3Csvg%20xmlns%3D%22http%3A%2F%2Fwww.w3.org%2F2000%2Fsvg%22%20width%3D%22365%22%20height%3D%22320%22%20viewBox%3D%220%200%20365%20320%22%3E%3C%2Fsvg%3E" loading="eager"></span><span class="fg-image-overlay"></span></a><figcaption class="fg-caption"><div class="fg-caption-inner"><div class="fg-caption-desc">Plodnice rezavce na bázi dubu, Lednice park 2013.</div></div></figcaption></figure><div class="fg-loader"></div></div><div class="fg-item fg-type-image fg-idle"><figure class="fg-item-inner"><a href="https://rumex.mendelu.cz/atlasposkozenidrevin/wp-content/uploads/2025/02/Inonotus-dryadeus.jpg" data-caption-title="Stará plodnice, Lednice park 2008." data-caption-desc="Stará plodnice, Lednice park 2008." data-attachment-id="4863" data-type="image" class="fg-thumb"><span class="fg-image-wrap"><img decoding="async" title="Stará plodnice, Lednice park 2008." width="365" height="320" class="skip-lazy fg-image" data-src-fg="https://rumex.mendelu.cz/atlasposkozenidrevin/wp-content/uploads/cache/2025/02/Inonotus-dryadeus/1034454089.jpg" src="data:image/svg+xml,%3Csvg%20xmlns%3D%22http%3A%2F%2Fwww.w3.org%2F2000%2Fsvg%22%20width%3D%22365%22%20height%3D%22320%22%20viewBox%3D%220%200%20365%20320%22%3E%3C%2Fsvg%3E" loading="eager"></span><span class="fg-image-overlay"></span></a><figcaption class="fg-caption"><div class="fg-caption-inner"><div class="fg-caption-desc">Stará plodnice, Lednice park 2008.</div></div></figcaption></figure><div class="fg-loader"></div></div></div>

<p>Inonotus dryadeus (Pers.) Murrill HOSTITELSKÉ DŘEVINY: duby (Quercus spp.), uváděn je kaštanovník setý (Castanea sativa). [&hellip;]</p>
