{"id":350,"date":"2019-08-16T11:01:09","date_gmt":"2019-08-16T09:01:09","guid":{"rendered":"http:\/\/rumex.mendelu.cz\/atlasposkozenidrevin\/?page_id=350"},"modified":"2024-11-06T13:35:32","modified_gmt":"2024-11-06T12:35:32","slug":"ohnovec-borovy","status":"publish","type":"page","link":"https:\/\/rumex.mendelu.cz\/atlasposkozenidrevin\/index.php\/ohnovec-borovy\/","title":{"rendered":"oh\u0148ovec borov\u00fd"},"content":{"rendered":"\n<p style=\"text-align:left\" class=\"has-medium-font-size\"><strong><em>Phellinus pini<\/em> (Brot.) A. Ames <\/strong><\/p>\n\n\n\n<p><strong>HOSTITELSK\u00c9 D\u0158EVINY:<\/strong> borovice (<em>Pinus <\/em>spp.).<\/p>\n\n\n\n<p><strong>SYMPTOMY:<\/strong> v m\u00edst\u011b pronik\u00e1n\u00ed infekce tvorba plodnice, \u010dasto to jsou m\u00edsta&nbsp; po odlomen\u00e9 v\u011btvi.<\/p>\n\n\n\n<p><strong>PLODNICE:<\/strong> vytrval\u00e9, velmi pevn\u00e9, mlad\u00e9 plodnice boch\u00e1nkovit\u00e9, nen\u00e1padn\u00e9, star\u0161\u00ed z\u00edsk\u00e1vaj\u00ed ka\u017edoro\u010dn\u00edmi p\u0159ir\u016fstaj\u00edc\u00edmi rourkami konzolovit\u00fd tvar, povrch hn\u011bd\u00fd, rezavohn\u011bd\u00fd a\u017e \u010dernohn\u011bd\u00fd, popraskan\u00fd, drsn\u00fd, du\u017enina korkovit\u011b d\u0159evnat\u00e1, rezav\u00e1, \u00fast\u00ed rourek rezavohn\u011bd\u00e9.<\/p>\n\n\n\n<p><strong>HNILOBA:<\/strong> b\u00edl\u00e1, tzv. vo\u0161tinov\u00e1, p\u0159\u00edtomny drobn\u00e9 dv\u016frky.<\/p>\n\n\n\n<p><strong>V\u00ddZNAM A OCHRANA:<\/strong> infikovan\u00e9 jsou d\u0159eviny star\u0161\u00ed cca 40 let a v\u00edce, kter\u00e9 maj\u00ed vyvinut\u00e9 j\u00e1dro, ke zlom\u016fm v\u011bt\u0161inou nedoch\u00e1z\u00ed.<\/p>\n\n\n<style type=\"text\/css\">\n#foogallery-gallery-3239 .fg-image { width: 560px; }\n#foogallery-gallery-3239 { --fg-gutter: 10px; }<\/style>\n\t\t\t<div class=\"foogallery foogallery-container foogallery-default foogallery-lightbox-none fg-left fg-default fg-ready fg-light fg-border-thin fg-shadow-outline fg-loading-default fg-loaded-fade-in fg-caption-always fg-hover-fade fg-hover-zoom\" id=\"foogallery-gallery-3239\" data-foogallery=\"{&quot;item&quot;:{&quot;showCaptionTitle&quot;:false,&quot;showCaptionDescription&quot;:true},&quot;lazy&quot;:true}\" style=\"--fg-title-line-clamp: 0; --fg-description-line-clamp: 0;\" >\n\t<div class=\"fg-item fg-type-image fg-idle\"><figure class=\"fg-item-inner\"><a href=\"https:\/\/rumex.mendelu.cz\/atlasposkozenidrevin\/wp-content\/uploads\/2020\/02\/Phellinus_pinus_turecko-4.jpg\" data-caption-title=\"Plodnice na borovici \u010dern\u00e9, Z\u00e1kupy park 2012.\" data-caption-desc=\"Plodnice na borovici \u010dern\u00e9, Z\u00e1kupy park 2012.\" data-attachment-id=\"4951\" data-type=\"image\" class=\"fg-thumb\"><span class=\"fg-image-wrap\"><img fetchpriority=\"high\" decoding=\"async\" title=\"Plodnice na borovici \u010dern\u00e9, Z\u00e1kupy park 2012.\" width=\"560\" height=\"430\" class=\"skip-lazy fg-image\" data-src-fg=\"https:\/\/rumex.mendelu.cz\/atlasposkozenidrevin\/wp-content\/uploads\/cache\/2020\/02\/Phellinus_pinus_turecko-4\/166302294.jpg\" src=\"data:image\/svg+xml,%3Csvg%20xmlns%3D%22http%3A%2F%2Fwww.w3.org%2F2000%2Fsvg%22%20width%3D%22560%22%20height%3D%22430%22%20viewBox%3D%220%200%20560%20430%22%3E%3C%2Fsvg%3E\" loading=\"eager\"><\/span><span class=\"fg-image-overlay\"><\/span><\/a><figcaption class=\"fg-caption\"><div class=\"fg-caption-inner\"><div class=\"fg-caption-desc\">Plodnice na borovici \u010dern\u00e9, Z\u00e1kupy park 2012.<\/div><\/div><\/figcaption><\/figure><div class=\"fg-loader\"><\/div><\/div><div class=\"fg-item fg-type-image fg-idle\"><figure class=\"fg-item-inner\"><a href=\"https:\/\/rumex.mendelu.cz\/atlasposkozenidrevin\/wp-content\/uploads\/2020\/02\/Phellinus_pinus_turecko.jpg\" data-caption-title=\"Ulomen\u00e1 plodnice na borovici, Mimo\u0148 2002.\" data-caption-desc=\"Ulomen\u00e1 plodnice na borovici, Mimo\u0148 2002.\" data-attachment-id=\"4952\" data-type=\"image\" class=\"fg-thumb\"><span class=\"fg-image-wrap\"><img decoding=\"async\" title=\"Ulomen\u00e1 plodnice na borovici, Mimo\u0148 2002.\" width=\"560\" height=\"430\" class=\"skip-lazy fg-image\" data-src-fg=\"https:\/\/rumex.mendelu.cz\/atlasposkozenidrevin\/wp-content\/uploads\/cache\/2020\/02\/Phellinus_pinus_turecko\/2944750854.jpg\" src=\"data:image\/svg+xml,%3Csvg%20xmlns%3D%22http%3A%2F%2Fwww.w3.org%2F2000%2Fsvg%22%20width%3D%22560%22%20height%3D%22430%22%20viewBox%3D%220%200%20560%20430%22%3E%3C%2Fsvg%3E\" loading=\"eager\"><\/span><span class=\"fg-image-overlay\"><\/span><\/a><figcaption class=\"fg-caption\"><div class=\"fg-caption-inner\"><div class=\"fg-caption-desc\">Ulomen\u00e1 plodnice na borovici, Mimo\u0148 2002.<\/div><\/div><\/figcaption><\/figure><div class=\"fg-loader\"><\/div><\/div><\/div>\n","protected":false},"excerpt":{"rendered":"<p>Phellinus pini (Brot.) A. Ames HOSTITELSK\u00c9 D\u0158EVINY: borovice (Pinus spp.). SYMPTOMY: v m\u00edst\u011b pronik\u00e1n\u00ed infekce [&hellip;]<\/p>\n","protected":false},"author":2,"featured_media":0,"parent":0,"menu_order":0,"comment_status":"closed","ping_status":"closed","template":"template-full-width.php","meta":{"footnotes":""},"class_list":["post-350","page","type-page","status-publish","hentry"],"_links":{"self":[{"href":"https:\/\/rumex.mendelu.cz\/atlasposkozenidrevin\/index.php\/wp-json\/wp\/v2\/pages\/350","targetHints":{"allow":["GET"]}}],"collection":[{"href":"https:\/\/rumex.mendelu.cz\/atlasposkozenidrevin\/index.php\/wp-json\/wp\/v2\/pages"}],"about":[{"href":"https:\/\/rumex.mendelu.cz\/atlasposkozenidrevin\/index.php\/wp-json\/wp\/v2\/types\/page"}],"author":[{"embeddable":true,"href":"https:\/\/rumex.mendelu.cz\/atlasposkozenidrevin\/index.php\/wp-json\/wp\/v2\/users\/2"}],"replies":[{"embeddable":true,"href":"https:\/\/rumex.mendelu.cz\/atlasposkozenidrevin\/index.php\/wp-json\/wp\/v2\/comments?post=350"}],"version-history":[{"count":3,"href":"https:\/\/rumex.mendelu.cz\/atlasposkozenidrevin\/index.php\/wp-json\/wp\/v2\/pages\/350\/revisions"}],"predecessor-version":[{"id":3240,"href":"https:\/\/rumex.mendelu.cz\/atlasposkozenidrevin\/index.php\/wp-json\/wp\/v2\/pages\/350\/revisions\/3240"}],"wp:attachment":[{"href":"https:\/\/rumex.mendelu.cz\/atlasposkozenidrevin\/index.php\/wp-json\/wp\/v2\/media?parent=350"}],"curies":[{"name":"wp","href":"https:\/\/api.w.org\/{rel}","templated":true}]}}