{"id":330,"date":"2019-08-13T13:06:53","date_gmt":"2019-08-13T11:06:53","guid":{"rendered":"http:\/\/rumex.mendelu.cz\/atlasposkozenidrevin\/?page_id=330"},"modified":"2025-02-05T12:59:18","modified_gmt":"2025-02-05T11:59:18","slug":"ohnovec-hartiguv","status":"publish","type":"page","link":"https:\/\/rumex.mendelu.cz\/atlasposkozenidrevin\/index.php\/ohnovec-hartiguv\/","title":{"rendered":"oh\u0148ovec Hartig\u016fv"},"content":{"rendered":"\n<p class=\"has-text-align-left has-medium-font-size\"><strong><em>Phellinus hartigii <\/em>(Allesch. &amp; Schnabl) Pat. <\/strong><\/p>\n\n\n\n<p><strong>HOSTITELSK\u00c9 D\u0158EVINY: <\/strong>hlavn\u011b jedle (<em>Abies<\/em> spp.), vz\u00e1cn\u011bji smrk (<em>Picea <\/em>spp.), jedlovec kanadsk\u00fd (<em>Tsuga canadensis<\/em>).<\/p>\n\n\n\n<p><strong>SYMPTOMY:<\/strong> vyr\u016fstaj\u00edc\u00ed plodnice kdekoliv na kmeni, \u010dasto v m\u00edst\u011b suk\u016f.<\/p>\n\n\n\n<p><strong>PLODNICE:<\/strong> v\u00edcelet\u00e9, pomalu nar\u016fstaj\u00edc\u00ed, mlad\u00e9 plodnice boch\u00e1nkovit\u00e9, star\u0161\u00ed polokloboukovit\u00e9, kopytovit\u00e9 a\u017e zavalit\u00e9, povrch rozpraskan\u00fd, rezavohn\u011bd\u00e9 a\u017e hn\u011bd\u00e9, \u010dasto star\u0161\u00ed plodnice porostl\u00e9 na povrchu \u0159asami, du\u017enina i \u00fast\u00ed rourek sko\u0159icov\u011b hn\u011bd\u00e9.<\/p>\n\n\n<style type=\"text\/css\">\n#foogallery-gallery-4937 .fg-image { width: 560px; }\n#foogallery-gallery-4937 { --fg-gutter: 10px; }<\/style>\n\t\t\t<div class=\"foogallery foogallery-container foogallery-default foogallery-lightbox-foogallery fg-center fg-default fg-ready fg-light fg-border-thin fg-shadow-outline fg-loading-default fg-loaded-fade-in fg-caption-always fg-hover-fade fg-hover-zoom\" id=\"foogallery-gallery-4937\" data-foogallery=\"{&quot;item&quot;:{&quot;showCaptionTitle&quot;:false,&quot;showCaptionDescription&quot;:true},&quot;lazy&quot;:true}\" data-foogallery-lightbox=\"{&quot;thumbs&quot;:&quot;bottom&quot;,&quot;thumbsCaptions&quot;:false,&quot;thumbsBestFit&quot;:false,&quot;thumbsSmall&quot;:false,&quot;thumbsCaptionsAlign&quot;:&quot;default&quot;,&quot;info&quot;:&quot;bottom&quot;,&quot;infoVisible&quot;:true,&quot;infoOverlay&quot;:true,&quot;infoAlign&quot;:&quot;default&quot;,&quot;transition&quot;:&quot;fade&quot;,&quot;hoverButtons&quot;:false,&quot;fitMedia&quot;:false,&quot;noScrollbars&quot;:true,&quot;preserveButtonSpace&quot;:true,&quot;buttons&quot;:{&quot;fullscreen&quot;:true,&quot;info&quot;:true,&quot;thumbs&quot;:false},&quot;video&quot;:{&quot;autoPlay&quot;:true}}\" style=\"--fg-title-line-clamp: 0; --fg-description-line-clamp: 0;\" >\n\t<div class=\"fg-item fg-type-image fg-idle\"><figure class=\"fg-item-inner\"><a href=\"https:\/\/rumex.mendelu.cz\/atlasposkozenidrevin\/wp-content\/uploads\/2020\/02\/PB26191826112009_92.jpg\" data-caption-title=\"Plodnice na jedli, Arboretum K\u0159tiny 2005.\" data-caption-desc=\"Plodnice na jedli, Arboretum K\u0159tiny 2005.\" data-attachment-id=\"4935\" data-type=\"image\" class=\"fg-thumb\"><span class=\"fg-image-wrap\"><img fetchpriority=\"high\" decoding=\"async\" title=\"Plodnice na jedli, Arboretum K\u0159tiny 2005.\" width=\"560\" height=\"430\" class=\"skip-lazy fg-image\" data-src-fg=\"https:\/\/rumex.mendelu.cz\/atlasposkozenidrevin\/wp-content\/uploads\/cache\/2020\/02\/PB26191826112009_92\/2146123970.jpg\" src=\"data:image\/svg+xml,%3Csvg%20xmlns%3D%22http%3A%2F%2Fwww.w3.org%2F2000%2Fsvg%22%20width%3D%22560%22%20height%3D%22430%22%20viewBox%3D%220%200%20560%20430%22%3E%3C%2Fsvg%3E\" loading=\"eager\"><\/span><span class=\"fg-image-overlay\"><\/span><\/a><figcaption class=\"fg-caption\"><div class=\"fg-caption-inner\"><div class=\"fg-caption-desc\">Plodnice na jedli, Arboretum K\u0159tiny 2005.<\/div><\/div><\/figcaption><\/figure><div class=\"fg-loader\"><\/div><\/div><div class=\"fg-item fg-type-image fg-idle\"><figure class=\"fg-item-inner\"><a href=\"https:\/\/rumex.mendelu.cz\/atlasposkozenidrevin\/wp-content\/uploads\/2020\/02\/PA01353801102010_93.jpg\" data-caption-title=\"Plodnice na jedli, Arboretum K\u0159tiny 2012.\" data-caption-desc=\"Plodnice na jedli, Arboretum K\u0159tiny 2012.\" data-attachment-id=\"4934\" data-type=\"image\" class=\"fg-thumb\"><span class=\"fg-image-wrap\"><img decoding=\"async\" title=\"Plodnice na jedli, Arboretum K\u0159tiny 2012.\" width=\"560\" height=\"430\" class=\"skip-lazy fg-image\" data-src-fg=\"https:\/\/rumex.mendelu.cz\/atlasposkozenidrevin\/wp-content\/uploads\/cache\/2020\/02\/PA01353801102010_93\/1363248669.jpg\" src=\"data:image\/svg+xml,%3Csvg%20xmlns%3D%22http%3A%2F%2Fwww.w3.org%2F2000%2Fsvg%22%20width%3D%22560%22%20height%3D%22430%22%20viewBox%3D%220%200%20560%20430%22%3E%3C%2Fsvg%3E\" loading=\"eager\"><\/span><span class=\"fg-image-overlay\"><\/span><\/a><figcaption class=\"fg-caption\"><div class=\"fg-caption-inner\"><div class=\"fg-caption-desc\">Plodnice na jedli, Arboretum K\u0159tiny 2012.<\/div><\/div><\/figcaption><\/figure><div class=\"fg-loader\"><\/div><\/div><\/div>\n\n\n\n<p><strong>HNILOBA:<\/strong> b\u00edl\u00e1, \u0161\u00ed\u0159\u00ed se kmenem od m\u00edst, kde hniloba pronikla do kmene a tady i vyr\u016fstaj\u00ed plodnice.<\/p>\n\n\n\n<p><strong>V\u00ddZNAM A OCHRANA:<\/strong> hniloba oslabuje pevnost kmene, m\u016f\u017ee doch\u00e1zet ke zlom\u016fm v m\u00edst\u011b, kde je hniloba nejintenzivn\u011bj\u0161\u00ed.<\/p>\n\n\n\n<p><strong>MO\u017dNOST Z\u00c1M\u011aNY:<\/strong> podobn\u00fd je tvarem plodnice oh\u0148ovec statn\u00fd (<em>Phellinus robustus<\/em>), jeho hostiteli jsou listn\u00e1\u010de \u2013 dub, buk, ak\u00e1t.  <\/p>\n\n\n<style type=\"text\/css\">\n#foogallery-gallery-3230 .fg-image { width: 560px; }\n#foogallery-gallery-3230 { --fg-gutter: 10px; }<\/style>\n\t\t\t<div class=\"foogallery foogallery-container foogallery-default foogallery-lightbox-none fg-left fg-default fg-ready fg-light fg-border-thin fg-shadow-outline fg-loading-default fg-loaded-fade-in fg-caption-always fg-hover-fade fg-hover-zoom\" id=\"foogallery-gallery-3230\" data-foogallery=\"{&quot;item&quot;:{&quot;showCaptionTitle&quot;:false,&quot;showCaptionDescription&quot;:true},&quot;lazy&quot;:true}\" style=\"--fg-title-line-clamp: 0; --fg-description-line-clamp: 0;\" >\n\t<div class=\"fg-item fg-type-image fg-idle\"><figure class=\"fg-item-inner\"><a href=\"https:\/\/rumex.mendelu.cz\/atlasposkozenidrevin\/wp-content\/uploads\/2020\/02\/tsuga_krtiny.jpg\" data-caption-title=\"Tsuga s plodnic\u00ed oh\u0148ovce Hartigova,  \u0160LP ML K\u0159tiny arboretum 2011.\" data-caption-desc=\"Tsuga s plodnic\u00ed oh\u0148ovce Hartigova,  \u0160LP ML K\u0159tiny arboretum 2011.\" data-attachment-id=\"1511\" data-type=\"image\" class=\"fg-thumb\"><span class=\"fg-image-wrap\"><img decoding=\"async\" title=\"Tsuga s plodnic\u00ed oh\u0148ovce Hartigova,  \u0160LP ML K\u0159tiny arboretum 2011.\" width=\"560\" height=\"430\" class=\"skip-lazy fg-image\" data-src-fg=\"https:\/\/rumex.mendelu.cz\/atlasposkozenidrevin\/wp-content\/uploads\/cache\/2020\/02\/tsuga_krtiny\/2651291782.jpg\" src=\"data:image\/svg+xml,%3Csvg%20xmlns%3D%22http%3A%2F%2Fwww.w3.org%2F2000%2Fsvg%22%20width%3D%22560%22%20height%3D%22430%22%20viewBox%3D%220%200%20560%20430%22%3E%3C%2Fsvg%3E\" loading=\"eager\"><\/span><span class=\"fg-image-overlay\"><\/span><\/a><figcaption class=\"fg-caption\"><div class=\"fg-caption-inner\"><div class=\"fg-caption-desc\">Tsuga s plodnic\u00ed oh\u0148ovce Hartigova,  \u0160LP ML K\u0159tiny arboretum 2011.<\/div><\/div><\/figcaption><\/figure><div class=\"fg-loader\"><\/div><\/div><div class=\"fg-item fg-type-image fg-idle\"><figure class=\"fg-item-inner\"><a href=\"https:\/\/rumex.mendelu.cz\/atlasposkozenidrevin\/wp-content\/uploads\/2020\/02\/PB26191826112009_92.jpg\" data-caption-title=\"Plodnice na jedli, Arboretum K\u0159tiny 2005.\" data-caption-desc=\"Plodnice na jedli, Arboretum K\u0159tiny 2005.\" data-attachment-id=\"4935\" data-type=\"image\" class=\"fg-thumb\"><span class=\"fg-image-wrap\"><img decoding=\"async\" title=\"Plodnice na jedli, Arboretum K\u0159tiny 2005.\" width=\"560\" height=\"430\" class=\"skip-lazy fg-image\" data-src-fg=\"https:\/\/rumex.mendelu.cz\/atlasposkozenidrevin\/wp-content\/uploads\/cache\/2020\/02\/PB26191826112009_92\/653395510.jpg\" src=\"data:image\/svg+xml,%3Csvg%20xmlns%3D%22http%3A%2F%2Fwww.w3.org%2F2000%2Fsvg%22%20width%3D%22560%22%20height%3D%22430%22%20viewBox%3D%220%200%20560%20430%22%3E%3C%2Fsvg%3E\" loading=\"eager\"><\/span><span class=\"fg-image-overlay\"><\/span><\/a><figcaption class=\"fg-caption\"><div class=\"fg-caption-inner\"><div class=\"fg-caption-desc\">Plodnice na jedli, Arboretum K\u0159tiny 2005.<\/div><\/div><\/figcaption><\/figure><div class=\"fg-loader\"><\/div><\/div><\/div>\n","protected":false},"excerpt":{"rendered":"<p>Phellinus hartigii (Allesch. &amp; Schnabl) Pat. HOSTITELSK\u00c9 D\u0158EVINY: hlavn\u011b jedle (Abies spp.), vz\u00e1cn\u011bji smrk (Picea [&hellip;]<\/p>\n","protected":false},"author":2,"featured_media":0,"parent":0,"menu_order":0,"comment_status":"closed","ping_status":"closed","template":"template-full-width.php","meta":{"footnotes":""},"class_list":["post-330","page","type-page","status-publish","hentry"],"_links":{"self":[{"href":"https:\/\/rumex.mendelu.cz\/atlasposkozenidrevin\/index.php\/wp-json\/wp\/v2\/pages\/330","targetHints":{"allow":["GET"]}}],"collection":[{"href":"https:\/\/rumex.mendelu.cz\/atlasposkozenidrevin\/index.php\/wp-json\/wp\/v2\/pages"}],"about":[{"href":"https:\/\/rumex.mendelu.cz\/atlasposkozenidrevin\/index.php\/wp-json\/wp\/v2\/types\/page"}],"author":[{"embeddable":true,"href":"https:\/\/rumex.mendelu.cz\/atlasposkozenidrevin\/index.php\/wp-json\/wp\/v2\/users\/2"}],"replies":[{"embeddable":true,"href":"https:\/\/rumex.mendelu.cz\/atlasposkozenidrevin\/index.php\/wp-json\/wp\/v2\/comments?post=330"}],"version-history":[{"count":6,"href":"https:\/\/rumex.mendelu.cz\/atlasposkozenidrevin\/index.php\/wp-json\/wp\/v2\/pages\/330\/revisions"}],"predecessor-version":[{"id":4938,"href":"https:\/\/rumex.mendelu.cz\/atlasposkozenidrevin\/index.php\/wp-json\/wp\/v2\/pages\/330\/revisions\/4938"}],"wp:attachment":[{"href":"https:\/\/rumex.mendelu.cz\/atlasposkozenidrevin\/index.php\/wp-json\/wp\/v2\/media?parent=330"}],"curies":[{"name":"wp","href":"https:\/\/api.w.org\/{rel}","templated":true}]}}