{"id":3033,"date":"2020-02-25T15:59:31","date_gmt":"2020-02-25T14:59:31","guid":{"rendered":"http:\/\/rumex.mendelu.cz\/atlasposkozenidrevin\/?page_id=3033"},"modified":"2024-11-06T13:24:26","modified_gmt":"2024-11-06T12:24:26","slug":"belokaz-brezovy","status":"publish","type":"page","link":"https:\/\/rumex.mendelu.cz\/atlasposkozenidrevin\/index.php\/belokaz-brezovy\/","title":{"rendered":"b\u011blokaz b\u0159ezov\u00fd"},"content":{"rendered":"\n<p class=\"has-medium-font-size\"><strong><em>Scolytus ratzeburgii <\/em><\/strong><strong>Janson, 1856<\/strong><\/p>\n\n\n\n<p>TAXONOMICK\u00c9 ZA\u0158AZEN\u00cd:<br>\u0158\u00e1d: brouci (Coleoptera)<br>\u010cele\u010f: nosatcovit\u00ed (Curculionidae)<\/p>\n\n\n\n<p><strong>HOSTITELSK\u00c9 D\u0158EVINY: <\/strong>b\u0159\u00edzy (<em>Betula <\/em>spp).<\/p>\n\n\n\n<p><strong>POPIS DRUHU: <\/strong>Brouk je 4,5 \u20137 mm dlouh\u00fd, leskl\u00fd, \u010dern\u00fd s\u00a0tmavohn\u011bd\u00fdmi krovkami. Same\u010dek m\u00e1 uprost\u0159ed t\u0159et\u00edho b\u0159i\u0161n\u00edho \u010dl\u00e1nku knofl\u00edkovit\u00fd v\u00fdstupek, na \u010dtvrt\u00e9m pak hrbolek.<\/p>\n\n\n\n<p><\/p>\n\n\n<style type=\"text\/css\">\n#foogallery-gallery-3565 .fg-image { width: 560px; }\n#foogallery-gallery-3565 { --fg-gutter: 10px; }<\/style>\n\t\t\t<div class=\"foogallery foogallery-container foogallery-default foogallery-lightbox-none fg-left fg-default fg-ready fg-light fg-border-thin fg-shadow-outline fg-loading-default fg-loaded-fade-in fg-caption-always fg-hover-fade fg-hover-zoom\" id=\"foogallery-gallery-3565\" data-foogallery=\"{&quot;item&quot;:{&quot;showCaptionTitle&quot;:false,&quot;showCaptionDescription&quot;:true},&quot;lazy&quot;:true}\" style=\"--fg-title-line-clamp: 0; --fg-description-line-clamp: 0;\" >\n\t<div class=\"fg-item fg-type-image fg-idle\"><figure class=\"fg-item-inner\"><a href=\"https:\/\/rumex.mendelu.cz\/atlasposkozenidrevin\/wp-content\/uploads\/2024\/11\/belokaz_ratzeburgii_pozerek2.jpg\" data-caption-title=\"Vzdu\u0161n\u00edky nad mate\u0159skou chodbou, sb\u00edrky \u00daOLM.\" data-caption-desc=\"Vzdu\u0161n\u00edky nad mate\u0159skou chodbou, sb\u00edrky \u00daOLM.\" data-attachment-id=\"4685\" data-type=\"image\" class=\"fg-thumb\"><span class=\"fg-image-wrap\"><img fetchpriority=\"high\" decoding=\"async\" title=\"Vzdu\u0161n\u00edky nad mate\u0159skou chodbou, sb\u00edrky \u00daOLM.\" width=\"560\" height=\"430\" class=\"skip-lazy fg-image\" data-src-fg=\"https:\/\/rumex.mendelu.cz\/atlasposkozenidrevin\/wp-content\/uploads\/cache\/2024\/11\/belokaz_ratzeburgii_pozerek2\/315950734.jpg\" src=\"data:image\/svg+xml,%3Csvg%20xmlns%3D%22http%3A%2F%2Fwww.w3.org%2F2000%2Fsvg%22%20width%3D%22560%22%20height%3D%22430%22%20viewBox%3D%220%200%20560%20430%22%3E%3C%2Fsvg%3E\" loading=\"eager\"><\/span><span class=\"fg-image-overlay\"><\/span><\/a><figcaption class=\"fg-caption\"><div class=\"fg-caption-inner\"><div class=\"fg-caption-desc\">Vzdu\u0161n\u00edky nad mate\u0159skou chodbou, sb\u00edrky \u00daOLM.<\/div><\/div><\/figcaption><\/figure><div class=\"fg-loader\"><\/div><\/div><div class=\"fg-item fg-type-image fg-idle\"><figure class=\"fg-item-inner\"><a href=\"https:\/\/rumex.mendelu.cz\/atlasposkozenidrevin\/wp-content\/uploads\/2024\/11\/belokaz_ratzeburgii_pozerek1.jpg\" data-caption-title=\"Po\u017eerek, sb\u00edrky \u00daOLM.\" data-caption-desc=\"Po\u017eerek, sb\u00edrky \u00daOLM.\" data-attachment-id=\"4684\" data-type=\"image\" class=\"fg-thumb\"><span class=\"fg-image-wrap\"><img decoding=\"async\" title=\"Po\u017eerek, sb\u00edrky \u00daOLM.\" width=\"560\" height=\"430\" class=\"skip-lazy fg-image\" data-src-fg=\"https:\/\/rumex.mendelu.cz\/atlasposkozenidrevin\/wp-content\/uploads\/cache\/2024\/11\/belokaz_ratzeburgii_pozerek1\/4222457115.jpg\" src=\"data:image\/svg+xml,%3Csvg%20xmlns%3D%22http%3A%2F%2Fwww.w3.org%2F2000%2Fsvg%22%20width%3D%22560%22%20height%3D%22430%22%20viewBox%3D%220%200%20560%20430%22%3E%3C%2Fsvg%3E\" loading=\"eager\"><\/span><span class=\"fg-image-overlay\"><\/span><\/a><figcaption class=\"fg-caption\"><div class=\"fg-caption-inner\"><div class=\"fg-caption-desc\">Po\u017eerek, sb\u00edrky \u00daOLM.<\/div><\/div><\/figcaption><\/figure><div class=\"fg-loader\"><\/div><\/div><\/div>\n\n\n\n<p><\/p>\n\n\n\n<p><strong>EKOLOGIE DRUHU: <\/strong>Brouci se roj\u00ed v\u00a0\u010dervnu. Mate\u010dn\u00e9 chodby jsou pod\u00e9ln\u00e9, 8\u201313 cm dlouh\u00e9, s\u00a0\u010detn\u00fdmi v\u011btrac\u00edmi otvory o pr\u016fm\u011bru 2,5 mm. Larvov\u00e9 chodby jsou hust\u00e9, dlouh\u00e9 15\u201325 cm. P\u0159ezimuje larva. Univoltinn\u00ed druh.<\/p>\n\n\n\n<p><strong>V\u00ddZNAM DRUHU: <\/strong>Hlavn\u011b na star\u0161\u00edch ch\u0159adnouc\u00edch b\u0159\u00edz\u00e1ch, na kmenech a siln\u00fdch v\u011btv\u00edch. P\u0159i siln\u011bj\u0161\u00edm v\u00fdskytu i na zdrav\u00fdch d\u0159evin\u00e1ch.<\/p>\n","protected":false},"excerpt":{"rendered":"<p>Scolytus ratzeburgii Janson, 1856 TAXONOMICK\u00c9 ZA\u0158AZEN\u00cd:\u0158\u00e1d: brouci (Coleoptera)\u010cele\u010f: nosatcovit\u00ed (Curculionidae) HOSTITELSK\u00c9 D\u0158EVINY: b\u0159\u00edzy (Betula spp). [&hellip;]<\/p>\n","protected":false},"author":2,"featured_media":0,"parent":0,"menu_order":0,"comment_status":"closed","ping_status":"closed","template":"template-full-width.php","meta":{"footnotes":""},"class_list":["post-3033","page","type-page","status-publish","hentry"],"_links":{"self":[{"href":"https:\/\/rumex.mendelu.cz\/atlasposkozenidrevin\/index.php\/wp-json\/wp\/v2\/pages\/3033","targetHints":{"allow":["GET"]}}],"collection":[{"href":"https:\/\/rumex.mendelu.cz\/atlasposkozenidrevin\/index.php\/wp-json\/wp\/v2\/pages"}],"about":[{"href":"https:\/\/rumex.mendelu.cz\/atlasposkozenidrevin\/index.php\/wp-json\/wp\/v2\/types\/page"}],"author":[{"embeddable":true,"href":"https:\/\/rumex.mendelu.cz\/atlasposkozenidrevin\/index.php\/wp-json\/wp\/v2\/users\/2"}],"replies":[{"embeddable":true,"href":"https:\/\/rumex.mendelu.cz\/atlasposkozenidrevin\/index.php\/wp-json\/wp\/v2\/comments?post=3033"}],"version-history":[{"count":3,"href":"https:\/\/rumex.mendelu.cz\/atlasposkozenidrevin\/index.php\/wp-json\/wp\/v2\/pages\/3033\/revisions"}],"predecessor-version":[{"id":3764,"href":"https:\/\/rumex.mendelu.cz\/atlasposkozenidrevin\/index.php\/wp-json\/wp\/v2\/pages\/3033\/revisions\/3764"}],"wp:attachment":[{"href":"https:\/\/rumex.mendelu.cz\/atlasposkozenidrevin\/index.php\/wp-json\/wp\/v2\/media?parent=3033"}],"curies":[{"name":"wp","href":"https:\/\/api.w.org\/{rel}","templated":true}]}}