{"id":3030,"date":"2020-02-25T15:53:35","date_gmt":"2020-02-25T14:53:35","guid":{"rendered":"http:\/\/rumex.mendelu.cz\/atlasposkozenidrevin\/?page_id=3030"},"modified":"2024-11-06T13:24:27","modified_gmt":"2024-11-06T12:24:27","slug":"belokaz-pruhovany","status":"publish","type":"page","link":"https:\/\/rumex.mendelu.cz\/atlasposkozenidrevin\/index.php\/belokaz-pruhovany\/","title":{"rendered":"b\u011blokaz pruhovan\u00fd"},"content":{"rendered":"\n<p class=\"has-medium-font-size\"><strong><em>Scolytus multistriatus <\/em><\/strong><strong>(Marsham, 1802)<\/strong><\/p>\n\n\n\n<p>TAXONOMICK\u00c9 ZA\u0158AZEN\u00cd:<br>\u0158\u00e1d: brouci (Coleoptera)<br>\u010cele\u010f: nosatcovit\u00ed (Curculionidae)<\/p>\n\n\n\n<p><strong>HOSTITELSK\u00c9 D\u0158EVINY: <\/strong>jilmy (<em>Ulmus <\/em>spp).<\/p>\n\n\n\n<p><strong>POPIS DRUHU: <\/strong>Brouk je 2\u20133,8 mm dlouh\u00fd, \u010dernohn\u011bd\u00fd a\u017e \u010dern\u00fd, leskl\u00fd. Druh\u00fd \u010dl\u00e1nek zade\u010dku je opat\u0159en n\u00e1padn\u00fdm dozadu sm\u011b\u0159uj\u00edc\u00edm ku\u017eelovit\u00fdm v\u00fdb\u011b\u017ekem. <\/p>\n\n\n\n<p><\/p>\n\n\n<style type=\"text\/css\">\n#foogallery-gallery-3563 .fg-image { width: 560px; }\n#foogallery-gallery-3563 { --fg-gutter: 10px; }<\/style>\n\t\t\t<div class=\"foogallery foogallery-container foogallery-default foogallery-lightbox-none fg-left fg-default fg-ready fg-light fg-border-thin fg-shadow-outline fg-loading-default fg-loaded-fade-in fg-caption-always fg-hover-fade fg-hover-zoom\" id=\"foogallery-gallery-3563\" data-foogallery=\"{&quot;item&quot;:{&quot;showCaptionTitle&quot;:false,&quot;showCaptionDescription&quot;:true},&quot;lazy&quot;:true}\" style=\"--fg-title-line-clamp: 0; --fg-description-line-clamp: 0;\" >\n\t<div class=\"fg-item fg-type-image fg-idle\"><figure class=\"fg-item-inner\"><a href=\"https:\/\/rumex.mendelu.cz\/atlasposkozenidrevin\/wp-content\/uploads\/2024\/11\/belokaz_pruh_pozerek1.jpg\" data-caption-title=\"Po\u017eerek, sb\u00edrky \u00daOLM.\" data-caption-desc=\"Po\u017eerek, sb\u00edrky \u00daOLM.\" data-attachment-id=\"4683\" data-type=\"image\" class=\"fg-thumb\"><span class=\"fg-image-wrap\"><img fetchpriority=\"high\" decoding=\"async\" title=\"Po\u017eerek, sb\u00edrky \u00daOLM.\" width=\"560\" height=\"430\" class=\"skip-lazy fg-image\" data-src-fg=\"https:\/\/rumex.mendelu.cz\/atlasposkozenidrevin\/wp-content\/uploads\/cache\/2024\/11\/belokaz_pruh_pozerek1\/3511466662.jpg\" src=\"data:image\/svg+xml,%3Csvg%20xmlns%3D%22http%3A%2F%2Fwww.w3.org%2F2000%2Fsvg%22%20width%3D%22560%22%20height%3D%22430%22%20viewBox%3D%220%200%20560%20430%22%3E%3C%2Fsvg%3E\" loading=\"eager\"><\/span><span class=\"fg-image-overlay\"><\/span><\/a><figcaption class=\"fg-caption\"><div class=\"fg-caption-inner\"><div class=\"fg-caption-desc\">Po\u017eerek, sb\u00edrky \u00daOLM.<\/div><\/div><\/figcaption><\/figure><div class=\"fg-loader\"><\/div><\/div><\/div>\n\n\n\n<p><\/p>\n\n\n\n<p><strong>EKOLOGIE DRUHU: <\/strong>Bivoltinn\u00ed druh, brouci se roj\u00ed v\u00a0v\u00a0kv\u011btnu a na konci \u010dervence \u010di v srpnu. Mate\u010dn\u00e9 chodby jsou pod\u00e9ln\u00e9, 2\u20136 cm dlouh\u00e9 a 1,5\u20132 mm \u0161irok\u00e9. Larvov\u00e9 chodby jsou hust\u00e9 a pom\u011brn\u011b kr\u00e1tk\u00e9. \u00da\u017eivn\u00fd \u017e\u00edr absolvuj\u00ed brouci na \u0159ap\u00edc\u00edch list\u016f a v\u00a0pa\u017ed\u00ed v\u011bt\u00e9vek.<\/p>\n\n\n\n<p><strong>V\u00ddZNAM DRUHU: <\/strong>Napad\u00e1 hlavn\u011b st\u0159edn\u011b star\u00e9 jilmy nebo ve vrcholc\u00edch a na siln\u00fdch v\u011btv\u00edch star\u0161\u00edch jilm\u016f. Nej\u010dast\u011bj\u0161\u00ed p\u0159ena\u0161e\u010d grafi\u00f3zy jilm\u016f.<\/p>\n","protected":false},"excerpt":{"rendered":"<p>Scolytus multistriatus (Marsham, 1802) TAXONOMICK\u00c9 ZA\u0158AZEN\u00cd:\u0158\u00e1d: brouci (Coleoptera)\u010cele\u010f: nosatcovit\u00ed (Curculionidae) HOSTITELSK\u00c9 D\u0158EVINY: jilmy (Ulmus spp). [&hellip;]<\/p>\n","protected":false},"author":2,"featured_media":0,"parent":0,"menu_order":0,"comment_status":"closed","ping_status":"closed","template":"template-full-width.php","meta":{"footnotes":""},"class_list":["post-3030","page","type-page","status-publish","hentry"],"_links":{"self":[{"href":"https:\/\/rumex.mendelu.cz\/atlasposkozenidrevin\/index.php\/wp-json\/wp\/v2\/pages\/3030","targetHints":{"allow":["GET"]}}],"collection":[{"href":"https:\/\/rumex.mendelu.cz\/atlasposkozenidrevin\/index.php\/wp-json\/wp\/v2\/pages"}],"about":[{"href":"https:\/\/rumex.mendelu.cz\/atlasposkozenidrevin\/index.php\/wp-json\/wp\/v2\/types\/page"}],"author":[{"embeddable":true,"href":"https:\/\/rumex.mendelu.cz\/atlasposkozenidrevin\/index.php\/wp-json\/wp\/v2\/users\/2"}],"replies":[{"embeddable":true,"href":"https:\/\/rumex.mendelu.cz\/atlasposkozenidrevin\/index.php\/wp-json\/wp\/v2\/comments?post=3030"}],"version-history":[{"count":3,"href":"https:\/\/rumex.mendelu.cz\/atlasposkozenidrevin\/index.php\/wp-json\/wp\/v2\/pages\/3030\/revisions"}],"predecessor-version":[{"id":3762,"href":"https:\/\/rumex.mendelu.cz\/atlasposkozenidrevin\/index.php\/wp-json\/wp\/v2\/pages\/3030\/revisions\/3762"}],"wp:attachment":[{"href":"https:\/\/rumex.mendelu.cz\/atlasposkozenidrevin\/index.php\/wp-json\/wp\/v2\/media?parent=3030"}],"curies":[{"name":"wp","href":"https:\/\/api.w.org\/{rel}","templated":true}]}}