{"id":2825,"date":"2020-02-23T18:04:40","date_gmt":"2020-02-23T17:04:40","guid":{"rendered":"http:\/\/rumex.mendelu.cz\/atlasposkozenidrevin\/?page_id=2825"},"modified":"2024-11-06T13:24:25","modified_gmt":"2024-11-06T12:24:25","slug":"bazlivec-olsovy","status":"publish","type":"page","link":"https:\/\/rumex.mendelu.cz\/atlasposkozenidrevin\/index.php\/bazlivec-olsovy\/","title":{"rendered":"b\u00e1zlivec ol\u0161ov\u00fd"},"content":{"rendered":"\n<p class=\"has-medium-font-size\"><strong><em>Agelastica alni<\/em> (Linnaeus, 1758) <\/strong><\/p>\n\n\n\n<p>TAXONOMICK\u00c9 ZA\u0158AZEN\u00cd:<br>\u0158\u00e1d: brouci (Coleoptera)<br>\u010cele\u010f: mandelinkovit\u00ed (Chrysomelidae)<\/p>\n\n\n\n<p><strong>HOSTITELSK\u00c9 D\u0158EVINY: <\/strong>p\u0159edev\u0161\u00edmol\u0161e (<em>Alnus<\/em> spp.), ale i buk lesn\u00ed (<em>Fagus sylvatica<\/em>), l\u00edska obecn\u00e1 (<em>Corylus avellana<\/em>), habr obecn\u00fd (<em>Carpinus betulus<\/em>), l\u00edpa (<em>Tilia<\/em> spp.).<\/p>\n\n\n\n<p><strong>POPIS DRUHU: <\/strong>drobn\u00e1, 6\u20138 mm velk\u00e1, \u010dernomodr\u00e1 a\u017e fialov\u00e1 mandelinka s\u00a0dozadu se roz\u0161i\u0159uj\u00edc\u00edm, kapkovit\u00fdm t\u011blem. Larvy jsou \u010dern\u00e9, kolem 12\u00a0mm velk\u00e9.<\/p>\n\n\n\n<p><\/p>\n\n\n<style type=\"text\/css\">\n#foogallery-gallery-3501 .fg-image { width: 365px; }\n#foogallery-gallery-3501 { --fg-gutter: 10px; }<\/style>\n\t\t\t<div class=\"foogallery foogallery-container foogallery-default foogallery-lightbox-none fg-left fg-default fg-ready fg-light fg-border-thin fg-shadow-outline fg-loading-default fg-loaded-fade-in fg-caption-always fg-hover-fade fg-hover-zoom\" id=\"foogallery-gallery-3501\" data-foogallery=\"{&quot;item&quot;:{&quot;showCaptionTitle&quot;:false,&quot;showCaptionDescription&quot;:true},&quot;lazy&quot;:true}\" style=\"--fg-title-line-clamp: 0; --fg-description-line-clamp: 0;\" >\n\t<div class=\"fg-item fg-type-image fg-idle\"><figure class=\"fg-item-inner\"><a href=\"https:\/\/rumex.mendelu.cz\/atlasposkozenidrevin\/wp-content\/uploads\/2024\/11\/001-snuska-vajicek.jpg\" data-caption-title=\"Sn\u016f\u0161ka vaj\u00ed\u010dek, 2005.\" data-caption-desc=\"Sn\u016f\u0161ka vaj\u00ed\u010dek, 2005.\" data-attachment-id=\"4550\" data-type=\"image\" class=\"fg-thumb\"><span class=\"fg-image-wrap\"><img fetchpriority=\"high\" decoding=\"async\" title=\"Sn\u016f\u0161ka vaj\u00ed\u010dek, 2005.\" width=\"365\" height=\"320\" class=\"skip-lazy fg-image\" data-src-fg=\"https:\/\/rumex.mendelu.cz\/atlasposkozenidrevin\/wp-content\/uploads\/cache\/2024\/11\/001-snuska-vajicek\/4085886395.jpg\" src=\"data:image\/svg+xml,%3Csvg%20xmlns%3D%22http%3A%2F%2Fwww.w3.org%2F2000%2Fsvg%22%20width%3D%22365%22%20height%3D%22320%22%20viewBox%3D%220%200%20365%20320%22%3E%3C%2Fsvg%3E\" loading=\"eager\"><\/span><span class=\"fg-image-overlay\"><\/span><\/a><figcaption class=\"fg-caption\"><div class=\"fg-caption-inner\"><div class=\"fg-caption-desc\">Sn\u016f\u0161ka vaj\u00ed\u010dek, 2005.<\/div><\/div><\/figcaption><\/figure><div class=\"fg-loader\"><\/div><\/div><div class=\"fg-item fg-type-image fg-idle\"><figure class=\"fg-item-inner\"><a href=\"https:\/\/rumex.mendelu.cz\/atlasposkozenidrevin\/wp-content\/uploads\/2024\/11\/002-larvy.jpg\" data-caption-title=\"Larvy, 2005.\" data-caption-desc=\"Larvy, 2005.\" data-attachment-id=\"4551\" data-type=\"image\" class=\"fg-thumb\"><span class=\"fg-image-wrap\"><img decoding=\"async\" title=\"Larvy, 2005.\" width=\"365\" height=\"320\" class=\"skip-lazy fg-image\" data-src-fg=\"https:\/\/rumex.mendelu.cz\/atlasposkozenidrevin\/wp-content\/uploads\/cache\/2024\/11\/002-larvy\/2998124886.jpg\" src=\"data:image\/svg+xml,%3Csvg%20xmlns%3D%22http%3A%2F%2Fwww.w3.org%2F2000%2Fsvg%22%20width%3D%22365%22%20height%3D%22320%22%20viewBox%3D%220%200%20365%20320%22%3E%3C%2Fsvg%3E\" loading=\"eager\"><\/span><span class=\"fg-image-overlay\"><\/span><\/a><figcaption class=\"fg-caption\"><div class=\"fg-caption-inner\"><div class=\"fg-caption-desc\">Larvy, 2005.<\/div><\/div><\/figcaption><\/figure><div class=\"fg-loader\"><\/div><\/div><div class=\"fg-item fg-type-image fg-idle\"><figure class=\"fg-item-inner\"><a href=\"https:\/\/rumex.mendelu.cz\/atlasposkozenidrevin\/wp-content\/uploads\/2024\/11\/003-brouk.jpg\" data-caption-title=\"Brouk, 2005.\" data-caption-desc=\"Brouk, 2005.\" data-attachment-id=\"4552\" data-type=\"image\" class=\"fg-thumb\"><span class=\"fg-image-wrap\"><img decoding=\"async\" title=\"Brouk, 2005.\" width=\"365\" height=\"320\" class=\"skip-lazy fg-image\" data-src-fg=\"https:\/\/rumex.mendelu.cz\/atlasposkozenidrevin\/wp-content\/uploads\/cache\/2024\/11\/003-brouk\/442108468.jpg\" src=\"data:image\/svg+xml,%3Csvg%20xmlns%3D%22http%3A%2F%2Fwww.w3.org%2F2000%2Fsvg%22%20width%3D%22365%22%20height%3D%22320%22%20viewBox%3D%220%200%20365%20320%22%3E%3C%2Fsvg%3E\" loading=\"eager\"><\/span><span class=\"fg-image-overlay\"><\/span><\/a><figcaption class=\"fg-caption\"><div class=\"fg-caption-inner\"><div class=\"fg-caption-desc\">Brouk, 2005.<\/div><\/div><\/figcaption><\/figure><div class=\"fg-loader\"><\/div><\/div><\/div>\n\n\n\n<p><\/p>\n\n\n\n<p><strong>EKOLOGIE DRUHU: <\/strong>brouci se objevuj\u00ed, v\u00a0z\u00e1vislosti na nadmo\u0159sk\u00e9 v\u00fd\u0161ce, od konce dubna do konce kv\u011btna. Sv\u00fdm \u017e\u00edrem po\u0161kozuj\u00ed listy, nej\u010dast\u011bji je d\u011bruj\u00ed na koncov\u00fdch \u010d\u00e1stech v\u00fdhon\u016f. Sami\u010dky kladou na spodn\u00ed stranu list\u016f okrov\u011b \u017elut\u00e1 vaj\u00ed\u010dka, z\u00a0nich\u017e se asi za 14 dn\u00ed l\u00edhnou mlad\u00e9 larvy. Ty, na rozd\u00edl od brouk\u016f, listy nejprve jemn\u011b, pozd\u011bji hrub\u011b skeletuj\u00ed, pop\u0159. do nich vykusuj\u00ed drobn\u00e1 ok\u00e9nka. Larvy b\u00e1zlivce \u017eij\u00ed nejprve pohromad\u011b, pozd\u011bji v\u00a0mal\u00fdch skupink\u00e1ch o n\u011bkolika kusech \u010di jednotliv\u011b. Dorostl\u00e9 larvy se kukl\u00ed t\u011bsn\u011b pod povrchem p\u016fdy. V\u00a0pr\u016fb\u011bhu srpna se l\u00edhnou nov\u00ed brouci. Ne\u017e za\u010dnou, na p\u0159elomu z\u00e1\u0159\u00ed a \u0159\u00edjna, vyhled\u00e1vat sv\u00e1 zimovi\u0161t\u011b, \u017eiv\u00ed se na listech. <\/p>\n\n\n\n<p><strong>V\u00ddZNAM DRUHU:<\/strong> nejv\u00fdznamn\u011bj\u0161\u00ed listo\u017erav\u00fd \u0161k\u016fdce ol\u0161\u00ed r\u016fzn\u00e9ho v\u011bku. Nejv\u011bt\u0161\u00ed nebezpe\u010d\u00ed p\u0159edstavuje pro lesn\u00ed \u0161kolky a mlad\u00e9, do 20 let star\u00e9 v\u00fdsadby.<\/p>\n\n\n\n<p> <\/p>\n\n\n<style type=\"text\/css\">\n#foogallery-gallery-3504 .fg-image { width: 365px; }\n#foogallery-gallery-3504 { --fg-gutter: 10px; }<\/style>\n\t\t\t<div class=\"foogallery foogallery-container foogallery-default foogallery-lightbox-none fg-left fg-default fg-ready fg-light fg-border-thin fg-shadow-outline fg-loading-default fg-loaded-fade-in fg-caption-always fg-hover-fade fg-hover-zoom\" id=\"foogallery-gallery-3504\" data-foogallery=\"{&quot;item&quot;:{&quot;showCaptionTitle&quot;:false,&quot;showCaptionDescription&quot;:true},&quot;lazy&quot;:true}\" style=\"--fg-title-line-clamp: 0; --fg-description-line-clamp: 0;\" >\n\t<div class=\"fg-item fg-type-image fg-idle\"><figure class=\"fg-item-inner\"><a href=\"https:\/\/rumex.mendelu.cz\/atlasposkozenidrevin\/wp-content\/uploads\/2024\/11\/004-brouk.jpg\" data-caption-title=\"Brouk, 2008.\" data-caption-desc=\"Brouk, 2008.\" data-attachment-id=\"4553\" data-type=\"image\" class=\"fg-thumb\"><span class=\"fg-image-wrap\"><img decoding=\"async\" title=\"Brouk, 2008.\" width=\"365\" height=\"320\" class=\"skip-lazy fg-image\" data-src-fg=\"https:\/\/rumex.mendelu.cz\/atlasposkozenidrevin\/wp-content\/uploads\/cache\/2024\/11\/004-brouk\/941465291.jpg\" src=\"data:image\/svg+xml,%3Csvg%20xmlns%3D%22http%3A%2F%2Fwww.w3.org%2F2000%2Fsvg%22%20width%3D%22365%22%20height%3D%22320%22%20viewBox%3D%220%200%20365%20320%22%3E%3C%2Fsvg%3E\" loading=\"eager\"><\/span><span class=\"fg-image-overlay\"><\/span><\/a><figcaption class=\"fg-caption\"><div class=\"fg-caption-inner\"><div class=\"fg-caption-desc\">Brouk, 2008.<\/div><\/div><\/figcaption><\/figure><div class=\"fg-loader\"><\/div><\/div><div class=\"fg-item fg-type-image fg-idle\"><figure class=\"fg-item-inner\"><a href=\"https:\/\/rumex.mendelu.cz\/atlasposkozenidrevin\/wp-content\/uploads\/2024\/11\/005-poskozeni-larvami.jpg\" data-caption-title=\"Po\u0161kozen\u00ed larvami, 2008.\" data-caption-desc=\"Po\u0161kozen\u00ed larvami, 2008.\" data-attachment-id=\"4554\" data-type=\"image\" class=\"fg-thumb\"><span class=\"fg-image-wrap\"><img decoding=\"async\" title=\"Po\u0161kozen\u00ed larvami, 2008.\" width=\"365\" height=\"320\" class=\"skip-lazy fg-image\" data-src-fg=\"https:\/\/rumex.mendelu.cz\/atlasposkozenidrevin\/wp-content\/uploads\/cache\/2024\/11\/005-poskozeni-larvami\/2239197857.jpg\" src=\"data:image\/svg+xml,%3Csvg%20xmlns%3D%22http%3A%2F%2Fwww.w3.org%2F2000%2Fsvg%22%20width%3D%22365%22%20height%3D%22320%22%20viewBox%3D%220%200%20365%20320%22%3E%3C%2Fsvg%3E\" loading=\"eager\"><\/span><span class=\"fg-image-overlay\"><\/span><\/a><figcaption class=\"fg-caption\"><div class=\"fg-caption-inner\"><div class=\"fg-caption-desc\">Po\u0161kozen\u00ed larvami, 2008.<\/div><\/div><\/figcaption><\/figure><div class=\"fg-loader\"><\/div><\/div><div class=\"fg-item fg-type-image fg-idle\"><figure class=\"fg-item-inner\"><a href=\"https:\/\/rumex.mendelu.cz\/atlasposkozenidrevin\/wp-content\/uploads\/2024\/11\/006-poskozeni-brouky.jpg\" data-caption-title=\"Po\u0161kozen\u00ed brouky, 2008.\" data-caption-desc=\"Po\u0161kozen\u00ed brouky, 2008.\" data-attachment-id=\"4555\" data-type=\"image\" class=\"fg-thumb\"><span class=\"fg-image-wrap\"><img decoding=\"async\" title=\"Po\u0161kozen\u00ed brouky, 2008.\" width=\"365\" height=\"320\" class=\"skip-lazy fg-image\" data-src-fg=\"https:\/\/rumex.mendelu.cz\/atlasposkozenidrevin\/wp-content\/uploads\/cache\/2024\/11\/006-poskozeni-brouky\/525163999.jpg\" src=\"data:image\/svg+xml,%3Csvg%20xmlns%3D%22http%3A%2F%2Fwww.w3.org%2F2000%2Fsvg%22%20width%3D%22365%22%20height%3D%22320%22%20viewBox%3D%220%200%20365%20320%22%3E%3C%2Fsvg%3E\" loading=\"eager\"><\/span><span class=\"fg-image-overlay\"><\/span><\/a><figcaption class=\"fg-caption\"><div class=\"fg-caption-inner\"><div class=\"fg-caption-desc\">Po\u0161kozen\u00ed brouky, 2008.<\/div><\/div><\/figcaption><\/figure><div class=\"fg-loader\"><\/div><\/div><\/div>\n","protected":false},"excerpt":{"rendered":"<p>Agelastica alni (Linnaeus, 1758) TAXONOMICK\u00c9 ZA\u0158AZEN\u00cd:\u0158\u00e1d: brouci (Coleoptera)\u010cele\u010f: mandelinkovit\u00ed (Chrysomelidae) HOSTITELSK\u00c9 D\u0158EVINY: p\u0159edev\u0161\u00edmol\u0161e (Alnus spp.), [&hellip;]<\/p>\n","protected":false},"author":2,"featured_media":0,"parent":0,"menu_order":0,"comment_status":"closed","ping_status":"closed","template":"template-full-width.php","meta":{"footnotes":""},"class_list":["post-2825","page","type-page","status-publish","hentry"],"_links":{"self":[{"href":"https:\/\/rumex.mendelu.cz\/atlasposkozenidrevin\/index.php\/wp-json\/wp\/v2\/pages\/2825","targetHints":{"allow":["GET"]}}],"collection":[{"href":"https:\/\/rumex.mendelu.cz\/atlasposkozenidrevin\/index.php\/wp-json\/wp\/v2\/pages"}],"about":[{"href":"https:\/\/rumex.mendelu.cz\/atlasposkozenidrevin\/index.php\/wp-json\/wp\/v2\/types\/page"}],"author":[{"embeddable":true,"href":"https:\/\/rumex.mendelu.cz\/atlasposkozenidrevin\/index.php\/wp-json\/wp\/v2\/users\/2"}],"replies":[{"embeddable":true,"href":"https:\/\/rumex.mendelu.cz\/atlasposkozenidrevin\/index.php\/wp-json\/wp\/v2\/comments?post=2825"}],"version-history":[{"count":4,"href":"https:\/\/rumex.mendelu.cz\/atlasposkozenidrevin\/index.php\/wp-json\/wp\/v2\/pages\/2825\/revisions"}],"predecessor-version":[{"id":3703,"href":"https:\/\/rumex.mendelu.cz\/atlasposkozenidrevin\/index.php\/wp-json\/wp\/v2\/pages\/2825\/revisions\/3703"}],"wp:attachment":[{"href":"https:\/\/rumex.mendelu.cz\/atlasposkozenidrevin\/index.php\/wp-json\/wp\/v2\/media?parent=2825"}],"curies":[{"name":"wp","href":"https:\/\/api.w.org\/{rel}","templated":true}]}}