{"id":2798,"date":"2020-02-23T17:48:59","date_gmt":"2020-02-23T16:48:59","guid":{"rendered":"http:\/\/rumex.mendelu.cz\/atlasposkozenidrevin\/?page_id=2798"},"modified":"2024-11-06T13:35:32","modified_gmt":"2024-11-06T12:35:32","slug":"obalec-dubovy","status":"publish","type":"page","link":"https:\/\/rumex.mendelu.cz\/atlasposkozenidrevin\/index.php\/obalec-dubovy\/","title":{"rendered":"obale\u010d dubov\u00fd"},"content":{"rendered":"\n<p class=\"has-medium-font-size\"><strong><em>Tortrix viridana<\/em><\/strong><strong> Linnaeus, 1758 <\/strong><\/p>\n\n\n\n<p>TAXONOMICK\u00c9 ZA\u0158AZEN\u00cd:<br>\u0158\u00e1d: mot\u00fdli (Lepidoptera)<br>\u010cele\u010f: obale\u010dovit\u00ed (Tortricidae)<\/p>\n\n\n\n<p><strong>HOSTITELSK\u00c9 D\u0158EVINY: <\/strong>p\u0159edev\u0161\u00edm dub (<em>Quercus <\/em>spp.), eventu\u00e1ln\u011b, buk lesn\u00ed (<em>Fagus sylvatica<\/em>), vrba (<em>Salix<\/em> spp.) aj. <\/p>\n\n\n\n<p><strong>POPIS DRUHU: <\/strong>mot\u00fdli se od ostatn\u00edch druh\u016f obale\u010d\u016f snadno rozeznaj\u00ed d\u00edky zelen\u00fdm \u017elutob\u00edle lemovan\u00fdm p\u0159edn\u00edm k\u0159\u00eddl\u016fm. Zadn\u00ed k\u0159\u00eddla jsou \u0161ed\u00e1. Rozp\u011bt\u00ed k\u0159\u00eddel je 18\u201324 mm. Housenky jsou zelen\u00e9 s\u00a0\u010dernohn\u011bdou hlavou a zelenav\u00fdm a\u017e tmav\u011b hn\u011bd\u00fdm \u0161t\u00edtkem. T\u011blo maj\u00ed pokryt\u00e9 tmav\u00fdmi bradavkami s\u00a0dosti dlouh\u00fdmi chloupky. Dorostl\u00e9 dosahuj\u00ed t\u00e9m\u011b\u0159 2 cm. Kukla je zpo\u010d\u00e1tku zelen\u00e1, pozd\u011bji \u010dern\u00e1.<\/p>\n\n\n\n<p><\/p>\n\n\n<style type=\"text\/css\">\n#foogallery-gallery-3492 .fg-image { width: 365px; }\n#foogallery-gallery-3492 { --fg-gutter: 10px; }<\/style>\n\t\t\t<div class=\"foogallery foogallery-container foogallery-default foogallery-lightbox-none fg-left fg-default fg-ready fg-light fg-border-thin fg-shadow-outline fg-loading-default fg-loaded-fade-in fg-caption-always fg-hover-fade fg-hover-zoom\" id=\"foogallery-gallery-3492\" data-foogallery=\"{&quot;item&quot;:{&quot;showCaptionTitle&quot;:false,&quot;showCaptionDescription&quot;:true},&quot;lazy&quot;:true}\" style=\"--fg-title-line-clamp: 0; --fg-description-line-clamp: 0;\" >\n\t<div class=\"fg-item fg-type-image fg-idle\"><figure class=\"fg-item-inner\"><a href=\"https:\/\/rumex.mendelu.cz\/atlasposkozenidrevin\/wp-content\/uploads\/2024\/11\/001-housenka-2.jpg\" data-caption-title=\"Housenka, 2006.\" data-caption-desc=\"Housenka, 2006.\" data-attachment-id=\"4535\" data-type=\"image\" class=\"fg-thumb\"><span class=\"fg-image-wrap\"><img fetchpriority=\"high\" decoding=\"async\" title=\"Housenka, 2006.\" width=\"365\" height=\"320\" class=\"skip-lazy fg-image\" data-src-fg=\"https:\/\/rumex.mendelu.cz\/atlasposkozenidrevin\/wp-content\/uploads\/cache\/2024\/11\/001-housenka-2\/1568171655.jpg\" src=\"data:image\/svg+xml,%3Csvg%20xmlns%3D%22http%3A%2F%2Fwww.w3.org%2F2000%2Fsvg%22%20width%3D%22365%22%20height%3D%22320%22%20viewBox%3D%220%200%20365%20320%22%3E%3C%2Fsvg%3E\" loading=\"eager\"><\/span><span class=\"fg-image-overlay\"><\/span><\/a><figcaption class=\"fg-caption\"><div class=\"fg-caption-inner\"><div class=\"fg-caption-desc\">Housenka, 2006.<\/div><\/div><\/figcaption><\/figure><div class=\"fg-loader\"><\/div><\/div><div class=\"fg-item fg-type-image fg-idle\"><figure class=\"fg-item-inner\"><a href=\"https:\/\/rumex.mendelu.cz\/atlasposkozenidrevin\/wp-content\/uploads\/2024\/11\/002-cerstve-vylihly-motyl.jpg\" data-caption-title=\"\u010cerstv\u011b vyl\u00edhl\u00fd mot\u00fdl, 2009.\" data-caption-desc=\"\u010cerstv\u011b vyl\u00edhl\u00fd mot\u00fdl, 2009.\" data-attachment-id=\"4536\" data-type=\"image\" class=\"fg-thumb\"><span class=\"fg-image-wrap\"><img decoding=\"async\" title=\"\u010cerstv\u011b vyl\u00edhl\u00fd mot\u00fdl, 2009.\" width=\"365\" height=\"320\" class=\"skip-lazy fg-image\" data-src-fg=\"https:\/\/rumex.mendelu.cz\/atlasposkozenidrevin\/wp-content\/uploads\/cache\/2024\/11\/002-cerstve-vylihly-motyl\/204535095.jpg\" src=\"data:image\/svg+xml,%3Csvg%20xmlns%3D%22http%3A%2F%2Fwww.w3.org%2F2000%2Fsvg%22%20width%3D%22365%22%20height%3D%22320%22%20viewBox%3D%220%200%20365%20320%22%3E%3C%2Fsvg%3E\" loading=\"eager\"><\/span><span class=\"fg-image-overlay\"><\/span><\/a><figcaption class=\"fg-caption\"><div class=\"fg-caption-inner\"><div class=\"fg-caption-desc\">\u010cerstv\u011b vyl\u00edhl\u00fd mot\u00fdl, 2009.<\/div><\/div><\/figcaption><\/figure><div class=\"fg-loader\"><\/div><\/div><div class=\"fg-item fg-type-image fg-idle\"><figure class=\"fg-item-inner\"><a href=\"https:\/\/rumex.mendelu.cz\/atlasposkozenidrevin\/wp-content\/uploads\/2024\/11\/003-motyl-1.jpg\" data-caption-title=\"Mot\u00fdl, 2009.\" data-caption-desc=\"Mot\u00fdl, 2009.\" data-attachment-id=\"4537\" data-type=\"image\" class=\"fg-thumb\"><span class=\"fg-image-wrap\"><img decoding=\"async\" title=\"Mot\u00fdl, 2009.\" width=\"365\" height=\"320\" class=\"skip-lazy fg-image\" data-src-fg=\"https:\/\/rumex.mendelu.cz\/atlasposkozenidrevin\/wp-content\/uploads\/cache\/2024\/11\/003-motyl-1\/1939595002.jpg\" src=\"data:image\/svg+xml,%3Csvg%20xmlns%3D%22http%3A%2F%2Fwww.w3.org%2F2000%2Fsvg%22%20width%3D%22365%22%20height%3D%22320%22%20viewBox%3D%220%200%20365%20320%22%3E%3C%2Fsvg%3E\" loading=\"eager\"><\/span><span class=\"fg-image-overlay\"><\/span><\/a><figcaption class=\"fg-caption\"><div class=\"fg-caption-inner\"><div class=\"fg-caption-desc\">Mot\u00fdl, 2009.<\/div><\/div><\/figcaption><\/figure><div class=\"fg-loader\"><\/div><\/div><\/div>\n\n\n\n<p><\/p>\n\n\n\n<p><strong>EKOLOGIE DRUHU:<\/strong> mot\u00fdli se roj\u00ed od konce kv\u011btna do konce \u010dervna. Sami\u010dky kladou vaj\u00ed\u010dka po dvojic\u00edch na drsn\u00e1 m\u00edsta, nej\u010dast\u011bji do pa\u017ed\u00ed v\u011btvi\u010dek. Vaj\u00ed\u010dka p\u0159ekr\u00fdvaj\u00ed slizem, kter\u00fd \u010dasem z\u010dern\u00e1. Vaj\u00ed\u010dka jsou tak velmi nez\u0159eteln\u00e1. Po p\u0159ezimov\u00e1n\u00ed se z\u00a0nich, na p\u0159elomu dubna a kv\u011btna, l\u00edhnou housenky, kter\u00e9 se pro\u017e\u00edraj\u00ed mezi \u0161upinami do nara\u0161en\u00fdch pupen\u016f. Do uzav\u0159en\u00fdch pupen\u016f nedok\u00e1\u017e\u00ed proniknout, a tak pokud do t\u00fddne nenaleznou vhodn\u011b nara\u0161en\u00fd pupen, hynou. Pozd\u011bji housenky st\u00e1\u010dej\u00ed, p\u0159eh\u00fdbaj\u00ed a sp\u0159\u00e1daj\u00ed listy, mezi nimi\u017e se ukr\u00fdvaj\u00ed a zpravidla i kukl\u00ed. <\/p>\n\n\n\n<p><strong>V\u00ddZNAM DRUHU:<\/strong> housenky zp\u016fsobuj\u00ed p\u0159i p\u0159emno\u017een\u00ed rozs\u00e1hl\u00e9 holo\u017e\u00edry, kter\u00e9 postupuj\u00ed od vrcholu koruny dol\u016f. Za vlhk\u00e9ho po\u010das\u00ed se odlist\u011bn\u00e9 duby br\u00e1n\u00ed tvorbou j\u00e1nsk\u00fdch pr\u00fdt\u016f, kter\u00e9 jsou \u010dasto napad\u00e1ny padl\u00edm.<\/p>\n","protected":false},"excerpt":{"rendered":"<p>Tortrix viridana Linnaeus, 1758 TAXONOMICK\u00c9 ZA\u0158AZEN\u00cd:\u0158\u00e1d: mot\u00fdli (Lepidoptera)\u010cele\u010f: obale\u010dovit\u00ed (Tortricidae) HOSTITELSK\u00c9 D\u0158EVINY: p\u0159edev\u0161\u00edm dub (Quercus [&hellip;]<\/p>\n","protected":false},"author":2,"featured_media":0,"parent":0,"menu_order":0,"comment_status":"closed","ping_status":"closed","template":"template-full-width.php","meta":{"footnotes":""},"class_list":["post-2798","page","type-page","status-publish","hentry"],"_links":{"self":[{"href":"https:\/\/rumex.mendelu.cz\/atlasposkozenidrevin\/index.php\/wp-json\/wp\/v2\/pages\/2798","targetHints":{"allow":["GET"]}}],"collection":[{"href":"https:\/\/rumex.mendelu.cz\/atlasposkozenidrevin\/index.php\/wp-json\/wp\/v2\/pages"}],"about":[{"href":"https:\/\/rumex.mendelu.cz\/atlasposkozenidrevin\/index.php\/wp-json\/wp\/v2\/types\/page"}],"author":[{"embeddable":true,"href":"https:\/\/rumex.mendelu.cz\/atlasposkozenidrevin\/index.php\/wp-json\/wp\/v2\/users\/2"}],"replies":[{"embeddable":true,"href":"https:\/\/rumex.mendelu.cz\/atlasposkozenidrevin\/index.php\/wp-json\/wp\/v2\/comments?post=2798"}],"version-history":[{"count":3,"href":"https:\/\/rumex.mendelu.cz\/atlasposkozenidrevin\/index.php\/wp-json\/wp\/v2\/pages\/2798\/revisions"}],"predecessor-version":[{"id":3696,"href":"https:\/\/rumex.mendelu.cz\/atlasposkozenidrevin\/index.php\/wp-json\/wp\/v2\/pages\/2798\/revisions\/3696"}],"wp:attachment":[{"href":"https:\/\/rumex.mendelu.cz\/atlasposkozenidrevin\/index.php\/wp-json\/wp\/v2\/media?parent=2798"}],"curies":[{"name":"wp","href":"https:\/\/api.w.org\/{rel}","templated":true}]}}