{"id":2789,"date":"2020-02-23T17:43:57","date_gmt":"2020-02-23T16:43:57","guid":{"rendered":"http:\/\/rumex.mendelu.cz\/atlasposkozenidrevin\/?page_id=2789"},"modified":"2024-11-06T13:33:16","modified_gmt":"2024-11-06T12:33:16","slug":"stetconos-orechovy","status":"publish","type":"page","link":"https:\/\/rumex.mendelu.cz\/atlasposkozenidrevin\/index.php\/stetconos-orechovy\/","title":{"rendered":"\u0161t\u011btcono\u0161 o\u0159echov\u00fd"},"content":{"rendered":"\n<p class=\"has-medium-font-size\"><strong><em>Calliteara pudibunda<\/em><\/strong><strong> (Linnaeus, 1758) <\/strong><\/p>\n\n\n\n<p>TAXONOMICK\u00b4\u00c9 ZA\u0158AZEN\u00cd:<br>\u0158\u00e1d: mot\u00fdli (Lepidoptera)<br>\u010cele\u010f: Erebidae  <\/p>\n\n\n\n<p><strong>HOSTITELSK\u00c9 D\u0158EVINY: <\/strong>polyf\u00e1gn\u00ed druh; ovocn\u00e9 d\u0159eviny, r\u016f\u017ee (<em>Rosa<\/em> spp.), buk lesn\u00ed (<em>Fagus sylvatica<\/em>), dub (<em>Quercus<\/em> spp.), vrba (<em>Salix<\/em> spp.), je\u0159\u00e1b (<em>Sorbus<\/em> spp.), habr (<em>Carpinus<\/em> spp.), b\u0159\u00edza (<em>Betula<\/em> spp.) aj.<\/p>\n\n\n\n<p><\/p>\n\n\n<style type=\"text\/css\">\n#foogallery-gallery-3486 .fg-image { width: 560px; }\n#foogallery-gallery-3486 { --fg-gutter: 10px; }<\/style>\n\t\t\t<div class=\"foogallery foogallery-container foogallery-default foogallery-lightbox-none fg-left fg-default fg-ready fg-light fg-border-thin fg-shadow-outline fg-loading-default fg-loaded-fade-in fg-caption-always fg-hover-fade fg-hover-zoom\" id=\"foogallery-gallery-3486\" data-foogallery=\"{&quot;item&quot;:{&quot;showCaptionTitle&quot;:false,&quot;showCaptionDescription&quot;:true},&quot;lazy&quot;:true}\" style=\"--fg-title-line-clamp: 0; --fg-description-line-clamp: 0;\" >\n\t<div class=\"fg-item fg-type-image fg-idle\"><figure class=\"fg-item-inner\"><a href=\"https:\/\/rumex.mendelu.cz\/atlasposkozenidrevin\/wp-content\/uploads\/2024\/11\/004-motyl-tmava-forma.jpg\" data-caption-title=\"Mot\u00fdl \u2013 tmav\u00e1 forma, 2006.\" data-caption-desc=\"Mot\u00fdl \u2013 tmav\u00e1 forma, 2006.\" data-attachment-id=\"4530\" data-type=\"image\" class=\"fg-thumb\"><span class=\"fg-image-wrap\"><img fetchpriority=\"high\" decoding=\"async\" title=\"Mot\u00fdl \u2013 tmav\u00e1 forma, 2006.\" width=\"560\" height=\"430\" class=\"skip-lazy fg-image\" data-src-fg=\"https:\/\/rumex.mendelu.cz\/atlasposkozenidrevin\/wp-content\/uploads\/cache\/2024\/11\/004-motyl-tmava-forma\/2550235435.jpg\" src=\"data:image\/svg+xml,%3Csvg%20xmlns%3D%22http%3A%2F%2Fwww.w3.org%2F2000%2Fsvg%22%20width%3D%22560%22%20height%3D%22430%22%20viewBox%3D%220%200%20560%20430%22%3E%3C%2Fsvg%3E\" loading=\"eager\"><\/span><span class=\"fg-image-overlay\"><\/span><\/a><figcaption class=\"fg-caption\"><div class=\"fg-caption-inner\"><div class=\"fg-caption-desc\">Mot\u00fdl \u2013 tmav\u00e1 forma, 2006.<\/div><\/div><\/figcaption><\/figure><div class=\"fg-loader\"><\/div><\/div><div class=\"fg-item fg-type-image fg-idle\"><figure class=\"fg-item-inner\"><a href=\"https:\/\/rumex.mendelu.cz\/atlasposkozenidrevin\/wp-content\/uploads\/2024\/11\/003-motyl.jpg\" data-caption-title=\"Mot\u00fdl, 2009.\" data-caption-desc=\"Mot\u00fdl, 2009.\" data-attachment-id=\"4529\" data-type=\"image\" class=\"fg-thumb\"><span class=\"fg-image-wrap\"><img decoding=\"async\" title=\"Mot\u00fdl, 2009.\" width=\"560\" height=\"430\" class=\"skip-lazy fg-image\" data-src-fg=\"https:\/\/rumex.mendelu.cz\/atlasposkozenidrevin\/wp-content\/uploads\/cache\/2024\/11\/003-motyl\/3103181986.jpg\" src=\"data:image\/svg+xml,%3Csvg%20xmlns%3D%22http%3A%2F%2Fwww.w3.org%2F2000%2Fsvg%22%20width%3D%22560%22%20height%3D%22430%22%20viewBox%3D%220%200%20560%20430%22%3E%3C%2Fsvg%3E\" loading=\"eager\"><\/span><span class=\"fg-image-overlay\"><\/span><\/a><figcaption class=\"fg-caption\"><div class=\"fg-caption-inner\"><div class=\"fg-caption-desc\">Mot\u00fdl, 2009.<\/div><\/div><\/figcaption><\/figure><div class=\"fg-loader\"><\/div><\/div><\/div>\n\n\n\n<p><\/p>\n\n\n\n<p><strong>POPIS DRUHU: <\/strong>st\u0159edn\u011b velk\u00fd, \u0161edob\u00edl\u00fd a\u017e \u0161edohn\u011bd\u00fd mot\u00fdl s&nbsp;rozp\u011bt\u00edm 42\u201358 mm. P\u0159edn\u00ed k\u0159\u00eddla jsou v\u00edce \u010di m\u00e9n\u011b \u0161ed\u011b popr\u00e1\u0161en\u00e1, se t\u0159emi tmav\u00fdmi p\u0159\u00ed\u010dkami, z&nbsp;nich\u017e baz\u00e1ln\u00ed b\u00fdv\u00e1 u samic \u010dasto nez\u0159eteln\u00e1. Zadn\u00ed k\u0159\u00eddla jsou \u0161edav\u011b b\u00edl\u00e1 bez kresby. Druh vytv\u00e1\u0159\u00ed i tmav\u00e9 formy. Housenky jsou b\u011blo\u017elut\u00e9 a\u017e \u017elut\u00e9, se \u017elutav\u00fdmi h\u0159betn\u00edmi kart\u00e1\u010dky a r\u016f\u017eov\u00fdm \u0161t\u011btcovit\u00fdm chvostkem na konci zade\u010dku. Vedle n\u00e1padn\u00e9ho \u017elutav\u00e9ho zbarven\u00ed jsou p\u0159i pohybu mezi 1.\u20134. zade\u010dkov\u00fdm \u010dl\u00e1nkem patrny uhlov\u011b \u010dern\u00e9 z\u00e1\u0159ezy. V&nbsp;klidu jsou z\u00e1\u0159ezy p\u0159ekryty ko\u017en\u00ed \u0159asou.<\/p>\n\n\n\n<p><\/p>\n\n\n<style type=\"text\/css\">\n#foogallery-gallery-3487 .fg-image { width: 560px; }\n#foogallery-gallery-3487 { --fg-gutter: 10px; }<\/style>\n\t\t\t<div class=\"foogallery foogallery-container foogallery-default foogallery-lightbox-none fg-left fg-default fg-ready fg-light fg-border-thin fg-shadow-outline fg-loading-default fg-loaded-fade-in fg-caption-always fg-hover-fade fg-hover-zoom\" id=\"foogallery-gallery-3487\" data-foogallery=\"{&quot;item&quot;:{&quot;showCaptionTitle&quot;:false,&quot;showCaptionDescription&quot;:true},&quot;lazy&quot;:true}\" style=\"--fg-title-line-clamp: 0; --fg-description-line-clamp: 0;\" >\n\t<div class=\"fg-item fg-type-image fg-idle\"><figure class=\"fg-item-inner\"><a href=\"https:\/\/rumex.mendelu.cz\/atlasposkozenidrevin\/wp-content\/uploads\/2024\/11\/002-housenka.jpg\" data-caption-title=\"Housenka, 2006.\" data-caption-desc=\"Housenka, 2006.\" data-attachment-id=\"4528\" data-type=\"image\" class=\"fg-thumb\"><span class=\"fg-image-wrap\"><img decoding=\"async\" title=\"Housenka, 2006.\" width=\"560\" height=\"430\" class=\"skip-lazy fg-image\" data-src-fg=\"https:\/\/rumex.mendelu.cz\/atlasposkozenidrevin\/wp-content\/uploads\/cache\/2024\/11\/002-housenka\/3330570152.jpg\" src=\"data:image\/svg+xml,%3Csvg%20xmlns%3D%22http%3A%2F%2Fwww.w3.org%2F2000%2Fsvg%22%20width%3D%22560%22%20height%3D%22430%22%20viewBox%3D%220%200%20560%20430%22%3E%3C%2Fsvg%3E\" loading=\"eager\"><\/span><span class=\"fg-image-overlay\"><\/span><\/a><figcaption class=\"fg-caption\"><div class=\"fg-caption-inner\"><div class=\"fg-caption-desc\">Housenka, 2006.<\/div><\/div><\/figcaption><\/figure><div class=\"fg-loader\"><\/div><\/div><div class=\"fg-item fg-type-image fg-idle\"><figure class=\"fg-item-inner\"><a href=\"https:\/\/rumex.mendelu.cz\/atlasposkozenidrevin\/wp-content\/uploads\/2024\/11\/001-housenka.jpg\" data-caption-title=\"Housenka, 2009.\" data-caption-desc=\"Housenka, 2009.\" data-attachment-id=\"4527\" data-type=\"image\" class=\"fg-thumb\"><span class=\"fg-image-wrap\"><img decoding=\"async\" title=\"Housenka, 2009.\" width=\"560\" height=\"430\" class=\"skip-lazy fg-image\" data-src-fg=\"https:\/\/rumex.mendelu.cz\/atlasposkozenidrevin\/wp-content\/uploads\/cache\/2024\/11\/001-housenka\/2728685327.jpg\" src=\"data:image\/svg+xml,%3Csvg%20xmlns%3D%22http%3A%2F%2Fwww.w3.org%2F2000%2Fsvg%22%20width%3D%22560%22%20height%3D%22430%22%20viewBox%3D%220%200%20560%20430%22%3E%3C%2Fsvg%3E\" loading=\"eager\"><\/span><span class=\"fg-image-overlay\"><\/span><\/a><figcaption class=\"fg-caption\"><div class=\"fg-caption-inner\"><div class=\"fg-caption-desc\">Housenka, 2009.<\/div><\/div><\/figcaption><\/figure><div class=\"fg-loader\"><\/div><\/div><\/div>\n\n\n\n<p><\/p>\n\n\n\n<p><strong>EKOLOGIE DRUHU:<\/strong> mot\u00fdli l\u00e9taj\u00ed od dubna do \u010dervna. Vz\u00e1cn\u011b se m\u016f\u017ee na podzim objevit zakrsl\u00e1 \u010d\u00e1ste\u010dn\u00e1 2. generace. Sami\u010dky kladou sn\u016f\u0161ky vaj\u00ed\u010dek na kmeny strom\u016f ve v\u00fd\u0161ce kolem 1,5 m. Sn\u016f\u0161ky nejsou pokryty chloupky. Housenky se l\u00edhnou v&nbsp;\u010dervnu. Zpo\u010d\u00e1tku \u017eij\u00ed pospolit\u011b, pozd\u011bji se rozl\u00e9zaj\u00ed do koruny stromu. Zprvu \u017e\u00edrem po\u0161kozuj\u00ed pouze spodn\u00ed listovou poko\u017eku, pozd\u011bji v\u0161ak skeletuj\u00ed cel\u00e9 listy. Vzhledem k dosti pomal\u00e9mu v\u00fdvoji se kukl\u00ed a\u017e za\u010d\u00e1tkem \u0159\u00edjna. Kukl\u00ed se v&nbsp;\u0161ed\u011b \u017elutav\u00e9m z\u00e1motku&nbsp; za odst\u00e1vaj\u00edc\u00ed k\u016frou, mezi&nbsp;list\u00edm, v&nbsp;mechu \u010di tr\u00e1v\u011b.<\/p>\n\n\n\n<p><strong>V\u00ddZNAM DRUHU:<\/strong> b\u011b\u017en\u00fd druh, jen\u017e m\u016f\u017ee p\u0159i siln\u011bj\u0161\u00edm v\u00fdskytu zp\u016fsobit lok\u00e1ln\u00ed holo\u017e\u00edry. <\/p>\n","protected":false},"excerpt":{"rendered":"<p>Calliteara pudibunda (Linnaeus, 1758) TAXONOMICK\u00b4\u00c9 ZA\u0158AZEN\u00cd:\u0158\u00e1d: mot\u00fdli (Lepidoptera)\u010cele\u010f: Erebidae HOSTITELSK\u00c9 D\u0158EVINY: polyf\u00e1gn\u00ed druh; ovocn\u00e9 d\u0159eviny, [&hellip;]<\/p>\n","protected":false},"author":2,"featured_media":0,"parent":0,"menu_order":0,"comment_status":"closed","ping_status":"closed","template":"template-full-width.php","meta":{"footnotes":""},"class_list":["post-2789","page","type-page","status-publish","hentry"],"_links":{"self":[{"href":"https:\/\/rumex.mendelu.cz\/atlasposkozenidrevin\/index.php\/wp-json\/wp\/v2\/pages\/2789","targetHints":{"allow":["GET"]}}],"collection":[{"href":"https:\/\/rumex.mendelu.cz\/atlasposkozenidrevin\/index.php\/wp-json\/wp\/v2\/pages"}],"about":[{"href":"https:\/\/rumex.mendelu.cz\/atlasposkozenidrevin\/index.php\/wp-json\/wp\/v2\/types\/page"}],"author":[{"embeddable":true,"href":"https:\/\/rumex.mendelu.cz\/atlasposkozenidrevin\/index.php\/wp-json\/wp\/v2\/users\/2"}],"replies":[{"embeddable":true,"href":"https:\/\/rumex.mendelu.cz\/atlasposkozenidrevin\/index.php\/wp-json\/wp\/v2\/comments?post=2789"}],"version-history":[{"count":5,"href":"https:\/\/rumex.mendelu.cz\/atlasposkozenidrevin\/index.php\/wp-json\/wp\/v2\/pages\/2789\/revisions"}],"predecessor-version":[{"id":3694,"href":"https:\/\/rumex.mendelu.cz\/atlasposkozenidrevin\/index.php\/wp-json\/wp\/v2\/pages\/2789\/revisions\/3694"}],"wp:attachment":[{"href":"https:\/\/rumex.mendelu.cz\/atlasposkozenidrevin\/index.php\/wp-json\/wp\/v2\/media?parent=2789"}],"curies":[{"name":"wp","href":"https:\/\/api.w.org\/{rel}","templated":true}]}}