{"id":182,"date":"2019-08-12T12:46:48","date_gmt":"2019-08-12T10:46:48","guid":{"rendered":"http:\/\/rumex.mendelu.cz\/atlasposkozenidrevin\/?page_id=182"},"modified":"2024-11-06T16:37:15","modified_gmt":"2024-11-06T15:37:15","slug":"pripletka-cerna","status":"publish","type":"page","link":"https:\/\/rumex.mendelu.cz\/atlasposkozenidrevin\/index.php\/pripletka-cerna\/","title":{"rendered":"p\u0159\u00edpletka \u010dern\u00e1"},"content":{"rendered":"\n<p style=\"text-align:left\" class=\"has-medium-font-size\"><strong><em>Herpotrichia nigra<\/em><\/strong><strong> R. Hartig <\/strong><\/p>\n\n\n\n<p><strong>HOSTITELSK\u00c9 D\u0158EVINY:<\/strong> borovice kle\u010d (<em>P. mugo<\/em>), b. limba (<em>P. cembra<\/em>), smrk ztepil\u00fd (<em>Picea abies<\/em>), douglaska (<em>Pseudotsuga<\/em>), jalovec (<em>Juniperus<\/em>).<em>&nbsp;<\/em><\/p>\n\n\n<style type=\"text\/css\">\n#foogallery-gallery-3103 .fg-image { width: 365px; }\n#foogallery-gallery-3103 { --fg-gutter: 10px; }<\/style>\n\t\t\t<div class=\"foogallery foogallery-container foogallery-default foogallery-lightbox-none fg-left fg-default fg-ready fg-light fg-border-thin fg-shadow-outline fg-loading-default fg-loaded-fade-in fg-caption-always fg-hover-fade fg-hover-zoom\" id=\"foogallery-gallery-3103\" data-foogallery=\"{&quot;item&quot;:{&quot;showCaptionTitle&quot;:false,&quot;showCaptionDescription&quot;:true},&quot;lazy&quot;:true}\" style=\"--fg-title-line-clamp: 0; --fg-description-line-clamp: 0;\" >\n\t<div class=\"fg-item fg-type-image fg-idle\"><figure class=\"fg-item-inner\"><a href=\"https:\/\/rumex.mendelu.cz\/atlasposkozenidrevin\/wp-content\/uploads\/2020\/02\/Herpotrichia-picea-2.jpg\" data-caption-title=\"Symptomy napaden\u00ed u smrku, Slovensko, Sp\u00e1len\u00e1 dolina 2003.\" data-caption-desc=\"Symptomy napaden\u00ed u smrku, Slovensko, Sp\u00e1len\u00e1 dolina 2003.\" data-attachment-id=\"5227\" data-type=\"image\" class=\"fg-thumb\"><span class=\"fg-image-wrap\"><img fetchpriority=\"high\" decoding=\"async\" title=\"Symptomy napaden\u00ed u smrku, Slovensko, Sp\u00e1len\u00e1 dolina 2003.\" width=\"365\" height=\"320\" class=\"skip-lazy fg-image\" data-src-fg=\"https:\/\/rumex.mendelu.cz\/atlasposkozenidrevin\/wp-content\/uploads\/cache\/2020\/02\/Herpotrichia-picea-2\/2779857218.jpg\" src=\"data:image\/svg+xml,%3Csvg%20xmlns%3D%22http%3A%2F%2Fwww.w3.org%2F2000%2Fsvg%22%20width%3D%22365%22%20height%3D%22320%22%20viewBox%3D%220%200%20365%20320%22%3E%3C%2Fsvg%3E\" loading=\"eager\"><\/span><span class=\"fg-image-overlay\"><\/span><\/a><figcaption class=\"fg-caption\"><div class=\"fg-caption-inner\"><div class=\"fg-caption-desc\">Symptomy napaden\u00ed u smrku, Slovensko, Sp\u00e1len\u00e1 dolina 2003.<\/div><\/div><\/figcaption><\/figure><div class=\"fg-loader\"><\/div><\/div><div class=\"fg-item fg-type-image fg-idle\"><figure class=\"fg-item-inner\"><a href=\"https:\/\/rumex.mendelu.cz\/atlasposkozenidrevin\/wp-content\/uploads\/2020\/02\/Herpotrichia_nigra_Pinusmugo_Rohace-2.jpg\" data-caption-title=\"Napaden\u00e1 borovice kle\u010d, Slovensko, Sp\u00e1len\u00e1 dolina 2003.\" data-caption-desc=\"Napaden\u00e1 borovice kle\u010d, Slovensko, Sp\u00e1len\u00e1 dolina 2003.\" data-attachment-id=\"5228\" data-type=\"image\" class=\"fg-thumb\"><span class=\"fg-image-wrap\"><img decoding=\"async\" title=\"Napaden\u00e1 borovice kle\u010d, Slovensko, Sp\u00e1len\u00e1 dolina 2003.\" width=\"365\" height=\"320\" class=\"skip-lazy fg-image\" data-src-fg=\"https:\/\/rumex.mendelu.cz\/atlasposkozenidrevin\/wp-content\/uploads\/cache\/2020\/02\/Herpotrichia_nigra_Pinusmugo_Rohace-2\/2543076831.jpg\" src=\"data:image\/svg+xml,%3Csvg%20xmlns%3D%22http%3A%2F%2Fwww.w3.org%2F2000%2Fsvg%22%20width%3D%22365%22%20height%3D%22320%22%20viewBox%3D%220%200%20365%20320%22%3E%3C%2Fsvg%3E\" loading=\"eager\"><\/span><span class=\"fg-image-overlay\"><\/span><\/a><figcaption class=\"fg-caption\"><div class=\"fg-caption-inner\"><div class=\"fg-caption-desc\">Napaden\u00e1 borovice kle\u010d, Slovensko, Sp\u00e1len\u00e1 dolina 2003.<\/div><\/div><\/figcaption><\/figure><div class=\"fg-loader\"><\/div><\/div><div class=\"fg-item fg-type-image fg-idle\"><figure class=\"fg-item-inner\"><a href=\"https:\/\/rumex.mendelu.cz\/atlasposkozenidrevin\/wp-content\/uploads\/2020\/02\/Herpotrichia_pmugo_picea-1.jpg\" data-caption-title=\"\u010cern\u00e9 mycelium na jehlic\u00edch borovice kle\u010de, Slovensko Roh\u00e1\u010de 2005.\" data-caption-desc=\"\u010cern\u00e9 mycelium na jehlic\u00edch borovice kle\u010de, Slovensko Roh\u00e1\u010de 2005.\" data-attachment-id=\"5229\" data-type=\"image\" class=\"fg-thumb\"><span class=\"fg-image-wrap\"><img decoding=\"async\" title=\"\u010cern\u00e9 mycelium na jehlic\u00edch borovice kle\u010de, Slovensko Roh\u00e1\u010de 2005.\" width=\"365\" height=\"320\" class=\"skip-lazy fg-image\" data-src-fg=\"https:\/\/rumex.mendelu.cz\/atlasposkozenidrevin\/wp-content\/uploads\/cache\/2020\/02\/Herpotrichia_pmugo_picea-1\/96964922.jpg\" src=\"data:image\/svg+xml,%3Csvg%20xmlns%3D%22http%3A%2F%2Fwww.w3.org%2F2000%2Fsvg%22%20width%3D%22365%22%20height%3D%22320%22%20viewBox%3D%220%200%20365%20320%22%3E%3C%2Fsvg%3E\" loading=\"eager\"><\/span><span class=\"fg-image-overlay\"><\/span><\/a><figcaption class=\"fg-caption\"><div class=\"fg-caption-inner\"><div class=\"fg-caption-desc\">\u010cern\u00e9 mycelium na jehlic\u00edch borovice kle\u010de, Slovensko Roh\u00e1\u010de 2005.<\/div><\/div><\/figcaption><\/figure><div class=\"fg-loader\"><\/div><\/div><\/div>\n\n\n\n<p><\/p>\n\n\n\n<p><strong>SYMPTOMY A BIONOMIE:<\/strong> \u010dern\u00e9 vatovit\u00e9 mycelium houby por\u016fst\u00e1 jehlice a cel\u00e9 v\u00fdhony. P\u0159i siln\u00e9m v\u00fdskytu jsou cel\u00e9 v\u011btve jakoby slepen\u00e9, v\u00fd\u017eiva mycelia je zaji\u0161t\u011bna haustorii, kter\u00fdmi houba vr\u016fst\u00e1 do pletiv hostitele. \u010cern\u00e9&nbsp; plodni\u010dky nar\u016fstaj\u00ed na povrchu jehlic. Takto posti\u017een\u00e9 \u010d\u00e1sti d\u0159evin v\u011bt\u0161inou p\u0159ed\u010dasn\u011b opadaj\u00ed a odum\u00edraj\u00ed. <\/p>\n\n\n\n<p><\/p>\n\n\n<style type=\"text\/css\">\n#foogallery-gallery-3104 .fg-image { width: 365px; }\n#foogallery-gallery-3104 { --fg-gutter: 10px; }<\/style>\n\t\t\t<div class=\"foogallery foogallery-container foogallery-default foogallery-lightbox-none fg-left fg-default fg-ready fg-light fg-border-thin fg-shadow-outline fg-loading-default fg-loaded-fade-in fg-caption-always fg-hover-fade fg-hover-zoom\" id=\"foogallery-gallery-3104\" data-foogallery=\"{&quot;item&quot;:{&quot;showCaptionTitle&quot;:false,&quot;showCaptionDescription&quot;:true},&quot;lazy&quot;:true}\" style=\"--fg-title-line-clamp: 0; --fg-description-line-clamp: 0;\" >\n\t<div class=\"fg-item fg-type-image fg-idle\"><figure class=\"fg-item-inner\"><a href=\"https:\/\/rumex.mendelu.cz\/atlasposkozenidrevin\/wp-content\/uploads\/2020\/02\/Herpotrichia_pmugo_picea-5.jpg\" data-caption-title=\"\u010cern\u00e9 mycelium na jehlic\u00edch borovice kle\u010de, Slovensko Roh\u00e1\u010de 2005.\" data-caption-desc=\"\u010cern\u00e9 mycelium na jehlic\u00edch borovice kle\u010de, Slovensko Roh\u00e1\u010de 2005.\" data-attachment-id=\"5232\" data-type=\"image\" class=\"fg-thumb\"><span class=\"fg-image-wrap\"><img decoding=\"async\" title=\"\u010cern\u00e9 mycelium na jehlic\u00edch borovice kle\u010de, Slovensko Roh\u00e1\u010de 2005.\" width=\"365\" height=\"320\" class=\"skip-lazy fg-image\" data-src-fg=\"https:\/\/rumex.mendelu.cz\/atlasposkozenidrevin\/wp-content\/uploads\/cache\/2020\/02\/Herpotrichia_pmugo_picea-5\/3795149639.jpg\" src=\"data:image\/svg+xml,%3Csvg%20xmlns%3D%22http%3A%2F%2Fwww.w3.org%2F2000%2Fsvg%22%20width%3D%22365%22%20height%3D%22320%22%20viewBox%3D%220%200%20365%20320%22%3E%3C%2Fsvg%3E\" loading=\"eager\"><\/span><span class=\"fg-image-overlay\"><\/span><\/a><figcaption class=\"fg-caption\"><div class=\"fg-caption-inner\"><div class=\"fg-caption-desc\">\u010cern\u00e9 mycelium na jehlic\u00edch borovice kle\u010de, Slovensko Roh\u00e1\u010de 2005.<\/div><\/div><\/figcaption><\/figure><div class=\"fg-loader\"><\/div><\/div><div class=\"fg-item fg-type-image fg-idle\"><figure class=\"fg-item-inner\"><a href=\"https:\/\/rumex.mendelu.cz\/atlasposkozenidrevin\/wp-content\/uploads\/2020\/02\/Herpotrichia_pmugo_picea-4.jpg\" data-caption-title=\"\u010cern\u00e9 mycelium na jehlic\u00edch borovice kle\u010de, Slovensko. Sp\u00e1len\u00e1 dolina 2003.\" data-caption-desc=\"\u010cern\u00e9 mycelium na jehlic\u00edch borovice kle\u010de, Slovensko. Sp\u00e1len\u00e1 dolina 2003.\" data-attachment-id=\"5231\" data-type=\"image\" class=\"fg-thumb\"><span class=\"fg-image-wrap\"><img decoding=\"async\" title=\"\u010cern\u00e9 mycelium na jehlic\u00edch borovice kle\u010de, Slovensko. Sp\u00e1len\u00e1 dolina 2003.\" width=\"365\" height=\"320\" class=\"skip-lazy fg-image\" data-src-fg=\"https:\/\/rumex.mendelu.cz\/atlasposkozenidrevin\/wp-content\/uploads\/cache\/2020\/02\/Herpotrichia_pmugo_picea-4\/660436373.jpg\" src=\"data:image\/svg+xml,%3Csvg%20xmlns%3D%22http%3A%2F%2Fwww.w3.org%2F2000%2Fsvg%22%20width%3D%22365%22%20height%3D%22320%22%20viewBox%3D%220%200%20365%20320%22%3E%3C%2Fsvg%3E\" loading=\"eager\"><\/span><span class=\"fg-image-overlay\"><\/span><\/a><figcaption class=\"fg-caption\"><div class=\"fg-caption-inner\"><div class=\"fg-caption-desc\">\u010cern\u00e9 mycelium na jehlic\u00edch borovice kle\u010de, Slovensko. Sp\u00e1len\u00e1 dolina 2003.<\/div><\/div><\/figcaption><\/figure><div class=\"fg-loader\"><\/div><\/div><div class=\"fg-item fg-type-image fg-idle\"><figure class=\"fg-item-inner\"><a href=\"https:\/\/rumex.mendelu.cz\/atlasposkozenidrevin\/wp-content\/uploads\/2020\/02\/Herpotrichia_pmugo_picea-3.jpg\" data-caption-title=\"\u010cern\u00e9 mycelium na jehlic\u00edch borovice kle\u010de, Slovensko Roh\u00e1\u010de 2005.\" data-caption-desc=\"\u010cern\u00e9 mycelium na jehlic\u00edch borovice kle\u010de, Slovensko Roh\u00e1\u010de 2005.\" data-attachment-id=\"5230\" data-type=\"image\" class=\"fg-thumb\"><span class=\"fg-image-wrap\"><img decoding=\"async\" title=\"\u010cern\u00e9 mycelium na jehlic\u00edch borovice kle\u010de, Slovensko Roh\u00e1\u010de 2005.\" width=\"365\" height=\"320\" class=\"skip-lazy fg-image\" data-src-fg=\"https:\/\/rumex.mendelu.cz\/atlasposkozenidrevin\/wp-content\/uploads\/cache\/2020\/02\/Herpotrichia_pmugo_picea-3\/2617865079.jpg\" src=\"data:image\/svg+xml,%3Csvg%20xmlns%3D%22http%3A%2F%2Fwww.w3.org%2F2000%2Fsvg%22%20width%3D%22365%22%20height%3D%22320%22%20viewBox%3D%220%200%20365%20320%22%3E%3C%2Fsvg%3E\" loading=\"eager\"><\/span><span class=\"fg-image-overlay\"><\/span><\/a><figcaption class=\"fg-caption\"><div class=\"fg-caption-inner\"><div class=\"fg-caption-desc\">\u010cern\u00e9 mycelium na jehlic\u00edch borovice kle\u010de, Slovensko Roh\u00e1\u010de 2005.<\/div><\/div><\/figcaption><\/figure><div class=\"fg-loader\"><\/div><\/div><\/div>\n\n\n\n<p><\/p>\n\n\n\n<p><strong>V\u00ddZNAM A OCHRANA: <\/strong>vyskytuje se p\u0159ev\u00e1\u017en\u011b ve vlhk\u00fdch horsk\u00fdch oblastech, v\u011bt\u0161inou tam, kde dlouho le\u017e\u00ed sn\u011bhov\u00e1 pokr\u00fdvka, v bl\u00edzkosti sjezdovek, v okol\u00ed cest, kde se pravideln\u011b odhrnuje sn\u00edh, v horsk\u00fdch \u00fadol\u00edch.  P\u0159i siln\u00e9 n\u00e1kaze m\u016f\u017ee doj\u00edt k celkov\u00e9mu odum\u00edr\u00e1n\u00ed hostitele. <\/p>\n","protected":false},"excerpt":{"rendered":"<p>Herpotrichia nigra R. Hartig HOSTITELSK\u00c9 D\u0158EVINY: borovice kle\u010d (P. mugo), b. limba (P. cembra), smrk [&hellip;]<\/p>\n","protected":false},"author":2,"featured_media":0,"parent":0,"menu_order":0,"comment_status":"closed","ping_status":"closed","template":"template-full-width.php","meta":{"footnotes":""},"class_list":["post-182","page","type-page","status-publish","hentry"],"_links":{"self":[{"href":"https:\/\/rumex.mendelu.cz\/atlasposkozenidrevin\/index.php\/wp-json\/wp\/v2\/pages\/182","targetHints":{"allow":["GET"]}}],"collection":[{"href":"https:\/\/rumex.mendelu.cz\/atlasposkozenidrevin\/index.php\/wp-json\/wp\/v2\/pages"}],"about":[{"href":"https:\/\/rumex.mendelu.cz\/atlasposkozenidrevin\/index.php\/wp-json\/wp\/v2\/types\/page"}],"author":[{"embeddable":true,"href":"https:\/\/rumex.mendelu.cz\/atlasposkozenidrevin\/index.php\/wp-json\/wp\/v2\/users\/2"}],"replies":[{"embeddable":true,"href":"https:\/\/rumex.mendelu.cz\/atlasposkozenidrevin\/index.php\/wp-json\/wp\/v2\/comments?post=182"}],"version-history":[{"count":6,"href":"https:\/\/rumex.mendelu.cz\/atlasposkozenidrevin\/index.php\/wp-json\/wp\/v2\/pages\/182\/revisions"}],"predecessor-version":[{"id":3107,"href":"https:\/\/rumex.mendelu.cz\/atlasposkozenidrevin\/index.php\/wp-json\/wp\/v2\/pages\/182\/revisions\/3107"}],"wp:attachment":[{"href":"https:\/\/rumex.mendelu.cz\/atlasposkozenidrevin\/index.php\/wp-json\/wp\/v2\/media?parent=182"}],"curies":[{"name":"wp","href":"https:\/\/api.w.org\/{rel}","templated":true}]}}