{"id":1577,"date":"2020-02-11T10:38:57","date_gmt":"2020-02-11T09:38:57","guid":{"rendered":"http:\/\/rumex.mendelu.cz\/atlasposkozenidrevin\/?page_id=1577"},"modified":"2024-11-06T13:33:17","modified_gmt":"2024-11-06T12:33:17","slug":"sosnokaz-borovy","status":"publish","type":"page","link":"https:\/\/rumex.mendelu.cz\/atlasposkozenidrevin\/index.php\/sosnokaz-borovy\/","title":{"rendered":"sosnokaz borov\u00fd"},"content":{"rendered":"\n<p style=\"text-align:left\" class=\"has-medium-font-size\"><em>Panolis flammea<\/em> Denis &amp; Schifferm\u00fcller, 1775 \u2013 sosnokaz borov\u00fd<\/p>\n\n\n\n<p>TAXONOMICK\u00c9 ZA\u0158AZEN\u00cd:<br>\u0158\u00e1d: mot\u00fdli (Lepidoptera)<br>\u010cele\u010f: m\u016frovit\u00ed (Noctuidae)<\/p>\n\n\n\n<p><strong>HOSTITELSK\u00c9 D\u0158EVINY:<\/strong> borovice (<em>Pinus<\/em> spp.), nej\u010dast\u011bji b. lesn\u00ed (<em>P. sylvestris<\/em>), ale i smrk (<em>Picea<\/em> spp.), p\u0159\u00edle\u017eitostn\u011b jedle (<em>Abies<\/em> spp.), mod\u0159\u00edn (<em>Larix<\/em> spp.), jalovec (<em>Juniperus<\/em> spp.) \u010di cedr (<em>Cedrus<\/em> spp.).<\/p>\n\n\n<style type=\"text\/css\">\n#foogallery-gallery-2629 .fg-image { width: 560px; }\n#foogallery-gallery-2629 { --fg-gutter: 10px; }<\/style>\n\t\t\t<div class=\"foogallery foogallery-container foogallery-default foogallery-lightbox-none fg-left fg-default fg-ready fg-light fg-border-thin fg-shadow-outline fg-loading-default fg-loaded-fade-in fg-caption-always fg-hover-fade fg-hover-zoom\" id=\"foogallery-gallery-2629\" data-foogallery=\"{&quot;item&quot;:{&quot;showCaptionTitle&quot;:true,&quot;showCaptionDescription&quot;:true},&quot;lazy&quot;:true}\" style=\"--fg-title-line-clamp: 0; --fg-description-line-clamp: 0;\" >\n\t<div class=\"fg-item fg-type-image fg-idle\"><figure class=\"fg-item-inner\"><a href=\"https:\/\/rumex.mendelu.cz\/atlasposkozenidrevin\/wp-content\/uploads\/2024\/11\/001-motyl-2.jpg\" data-caption-title=\"Mot\u00fdl, Brno-\u0158e\u010dkovice 2006.\" data-attachment-id=\"4635\" data-type=\"image\" class=\"fg-thumb\"><span class=\"fg-image-wrap\"><img fetchpriority=\"high\" decoding=\"async\" title=\"Mot\u00fdl, Brno-\u0158e\u010dkovice 2006.\" width=\"560\" height=\"430\" class=\"skip-lazy fg-image\" data-src-fg=\"https:\/\/rumex.mendelu.cz\/atlasposkozenidrevin\/wp-content\/uploads\/cache\/2024\/11\/001-motyl-2\/2316642613.jpg\" src=\"data:image\/svg+xml,%3Csvg%20xmlns%3D%22http%3A%2F%2Fwww.w3.org%2F2000%2Fsvg%22%20width%3D%22560%22%20height%3D%22430%22%20viewBox%3D%220%200%20560%20430%22%3E%3C%2Fsvg%3E\" loading=\"eager\"><\/span><span class=\"fg-image-overlay\"><\/span><\/a><figcaption class=\"fg-caption\"><div class=\"fg-caption-inner\"><div class=\"fg-caption-title\">Mot\u00fdl, Brno-\u0158e\u010dkovice 2006.<\/div><\/div><\/figcaption><\/figure><div class=\"fg-loader\"><\/div><\/div><div class=\"fg-item fg-type-image fg-idle\"><figure class=\"fg-item-inner\"><a href=\"https:\/\/rumex.mendelu.cz\/atlasposkozenidrevin\/wp-content\/uploads\/2024\/11\/002-motyl-2.jpg\" data-caption-title=\"Mot\u00fdl, Brno-\u0158e\u010dkovice 2006.\" data-attachment-id=\"4636\" data-type=\"image\" class=\"fg-thumb\"><span class=\"fg-image-wrap\"><img decoding=\"async\" title=\"Mot\u00fdl, Brno-\u0158e\u010dkovice 2006.\" width=\"560\" height=\"430\" class=\"skip-lazy fg-image\" data-src-fg=\"https:\/\/rumex.mendelu.cz\/atlasposkozenidrevin\/wp-content\/uploads\/cache\/2024\/11\/002-motyl-2\/3163615984.jpg\" src=\"data:image\/svg+xml,%3Csvg%20xmlns%3D%22http%3A%2F%2Fwww.w3.org%2F2000%2Fsvg%22%20width%3D%22560%22%20height%3D%22430%22%20viewBox%3D%220%200%20560%20430%22%3E%3C%2Fsvg%3E\" loading=\"eager\"><\/span><span class=\"fg-image-overlay\"><\/span><\/a><figcaption class=\"fg-caption\"><div class=\"fg-caption-inner\"><div class=\"fg-caption-title\">Mot\u00fdl, Brno-\u0158e\u010dkovice 2006.<\/div><\/div><\/figcaption><\/figure><div class=\"fg-loader\"><\/div><\/div><div class=\"fg-item fg-type-image fg-idle\"><figure class=\"fg-item-inner\"><a href=\"https:\/\/rumex.mendelu.cz\/atlasposkozenidrevin\/wp-content\/uploads\/2024\/11\/003-odpocivajici-motyl-1.jpg\" data-caption-title=\"Odpo\u010d\u00edvaj\u00edc\u00ed mot\u00fdl, Brno-\u0158e\u010dkovice 2006.\" data-attachment-id=\"4637\" data-type=\"image\" class=\"fg-thumb\"><span class=\"fg-image-wrap\"><img decoding=\"async\" title=\"Odpo\u010d\u00edvaj\u00edc\u00ed mot\u00fdl, Brno-\u0158e\u010dkovice 2006.\" width=\"560\" height=\"430\" class=\"skip-lazy fg-image\" data-src-fg=\"https:\/\/rumex.mendelu.cz\/atlasposkozenidrevin\/wp-content\/uploads\/cache\/2024\/11\/003-odpocivajici-motyl-1\/2909955698.jpg\" src=\"data:image\/svg+xml,%3Csvg%20xmlns%3D%22http%3A%2F%2Fwww.w3.org%2F2000%2Fsvg%22%20width%3D%22560%22%20height%3D%22430%22%20viewBox%3D%220%200%20560%20430%22%3E%3C%2Fsvg%3E\" loading=\"eager\"><\/span><span class=\"fg-image-overlay\"><\/span><\/a><figcaption class=\"fg-caption\"><div class=\"fg-caption-inner\"><div class=\"fg-caption-title\">Odpo\u010d\u00edvaj\u00edc\u00ed mot\u00fdl, Brno-\u0158e\u010dkovice 2006.<\/div><\/div><\/figcaption><\/figure><div class=\"fg-loader\"><\/div><\/div><div class=\"fg-item fg-type-image fg-idle\"><figure class=\"fg-item-inner\"><a href=\"https:\/\/rumex.mendelu.cz\/atlasposkozenidrevin\/wp-content\/uploads\/2024\/11\/004-kryci-zbarveni-motyla-1.jpg\" data-caption-title=\"Kryc\u00ed zbarven\u00ed mot\u00fdla, Brno-\u0158e\u010dkovice 2006.\" data-attachment-id=\"4638\" data-type=\"image\" class=\"fg-thumb\"><span class=\"fg-image-wrap\"><img decoding=\"async\" title=\"Kryc\u00ed zbarven\u00ed mot\u00fdla, Brno-\u0158e\u010dkovice 2006.\" width=\"560\" height=\"430\" class=\"skip-lazy fg-image\" data-src-fg=\"https:\/\/rumex.mendelu.cz\/atlasposkozenidrevin\/wp-content\/uploads\/cache\/2024\/11\/004-kryci-zbarveni-motyla-1\/1163767923.jpg\" src=\"data:image\/svg+xml,%3Csvg%20xmlns%3D%22http%3A%2F%2Fwww.w3.org%2F2000%2Fsvg%22%20width%3D%22560%22%20height%3D%22430%22%20viewBox%3D%220%200%20560%20430%22%3E%3C%2Fsvg%3E\" loading=\"eager\"><\/span><span class=\"fg-image-overlay\"><\/span><\/a><figcaption class=\"fg-caption\"><div class=\"fg-caption-inner\"><div class=\"fg-caption-title\">Kryc\u00ed zbarven\u00ed mot\u00fdla, Brno-\u0158e\u010dkovice 2006.<\/div><\/div><\/figcaption><\/figure><div class=\"fg-loader\"><\/div><\/div><\/div>\n\n\n\n<p><\/p>\n\n\n\n<p><strong>POPIS DRUHU:<\/strong> p\u0159edn\u00ed k\u0159\u00eddla jsou \u010dervenohn\u011bd\u00e1 a\u017e \u0161edohn\u011bd\u00e1 s p\u0159\u00ed\u010dn\u00fdmi b\u011blav\u00fdmi vlnkami. N\u00e1padn\u00e1 je st\u0159\u00edb\u0159it\u011b b\u011blav\u00e1 a\u017e \u0161pinav\u011b \u017elutav\u00e1 kruhovit\u00e1 a ledvinit\u00e1 skvrna na p\u0159edn\u00edch k\u0159\u00eddlech. Zadn\u00ed k\u0159\u00eddla jsou \u0161edohn\u011bd\u00e1. Zade\u010dek je rezav\u011b a\u017e tmav\u011b hn\u011bd\u00fd. Housenka je zelen\u00e1 s hn\u011bdou hlavou. H\u0159betn\u00ed p\u00e1s je b\u00edl\u00fd, bo\u010dn\u00ed rovn\u011b\u017e, av\u0161ak shora \u010dern\u011b lemovan\u00fd. Spirakul\u00e1rn\u00ed pruh je b\u00edl\u00fd, svrchu \u010dern\u011b a zespodu oran\u017eov\u011b a\u017e hn\u011bdav\u011b lemovan\u00fd. B\u00edl\u00e9 pruhy nep\u0159ech\u00e1zej\u00ed na hlavu. Dorostl\u00e9 housenky m\u011b\u0159\u00ed 35\u201340 mm. Vaj\u00ed\u010dka jsou polokulovit\u00e1, dost\u0159ediv\u011b vroubkovan\u00e1 \u2013 b\u00e1bovkovit\u00e9ho tvaru. Zprvu jsou \u017elutob\u00edl\u00e1, pozd\u011bji z\u00edsk\u00e1vaj\u00ed sv\u011btle fialov\u011b hn\u011bd\u00e9 zbarven\u00ed. <\/p>\n\n\n\n<p><strong>EKOLOGIE DRUHU:<\/strong> mot\u00fdli se objevuj\u00ed v dubnu a kv\u011btnu; p\u0159i rychl\u00e9m a \u010dasn\u00e9m n\u00e1stupu jara ji\u017e v b\u0159eznu. Oplodn\u011bn\u00e9 sami\u010dky kladou vaj\u00ed\u010dka v \u0159\u00e1dc\u00edch na spodn\u00ed stranu lo\u0148sk\u00fdch jehlic. Mlad\u00e9 housenky o\u017e\u00edraj\u00ed pupeny a \u010derstv\u011b vyra\u0161en\u00e9 v\u00fdhonky. Star\u0161\u00ed housenky pak po\u0161kozuj\u00ed i lo\u0148sk\u00e9 jehlice. Od konce \u010dervna do konce \u010dervence dorostl\u00e9 housenky sl\u00e9zaj\u00ed ze strom\u016f \u010di padaj\u00ed na zem a na rozhran\u00ed hrabanky a miner\u00e1ln\u00ed zeminy se kukl\u00ed. Kukly p\u0159ezimuj\u00ed. <\/p>\n\n\n\n<p><strong>V\u00ddZNAM DRUHU:<\/strong> b\u011b\u017en\u00fd druh, kter\u00fd se ob\u010das p\u0159emno\u017euje v borov\u00fdch porostech chud\u00fdch a such\u00fdch stanovi\u0161\u0165. Nejv\u00edce napad\u00e1 d\u0159eviny ve st\u00e1\u0159\u00ed 30\u201370 let.<\/p>\n","protected":false},"excerpt":{"rendered":"<p>Panolis flammea Denis &amp; Schifferm\u00fcller, 1775 \u2013 sosnokaz borov\u00fd TAXONOMICK\u00c9 ZA\u0158AZEN\u00cd:\u0158\u00e1d: mot\u00fdli (Lepidoptera)\u010cele\u010f: m\u016frovit\u00ed (Noctuidae) [&hellip;]<\/p>\n","protected":false},"author":2,"featured_media":0,"parent":0,"menu_order":0,"comment_status":"closed","ping_status":"closed","template":"template-full-width.php","meta":{"footnotes":""},"class_list":["post-1577","page","type-page","status-publish","hentry"],"_links":{"self":[{"href":"https:\/\/rumex.mendelu.cz\/atlasposkozenidrevin\/index.php\/wp-json\/wp\/v2\/pages\/1577","targetHints":{"allow":["GET"]}}],"collection":[{"href":"https:\/\/rumex.mendelu.cz\/atlasposkozenidrevin\/index.php\/wp-json\/wp\/v2\/pages"}],"about":[{"href":"https:\/\/rumex.mendelu.cz\/atlasposkozenidrevin\/index.php\/wp-json\/wp\/v2\/types\/page"}],"author":[{"embeddable":true,"href":"https:\/\/rumex.mendelu.cz\/atlasposkozenidrevin\/index.php\/wp-json\/wp\/v2\/users\/2"}],"replies":[{"embeddable":true,"href":"https:\/\/rumex.mendelu.cz\/atlasposkozenidrevin\/index.php\/wp-json\/wp\/v2\/comments?post=1577"}],"version-history":[{"count":4,"href":"https:\/\/rumex.mendelu.cz\/atlasposkozenidrevin\/index.php\/wp-json\/wp\/v2\/pages\/1577\/revisions"}],"predecessor-version":[{"id":2631,"href":"https:\/\/rumex.mendelu.cz\/atlasposkozenidrevin\/index.php\/wp-json\/wp\/v2\/pages\/1577\/revisions\/2631"}],"wp:attachment":[{"href":"https:\/\/rumex.mendelu.cz\/atlasposkozenidrevin\/index.php\/wp-json\/wp\/v2\/media?parent=1577"}],"curies":[{"name":"wp","href":"https:\/\/api.w.org\/{rel}","templated":true}]}}