{"id":142,"date":"2019-08-12T14:34:46","date_gmt":"2019-08-12T12:34:46","guid":{"rendered":"http:\/\/rumex.mendelu.cz\/atlasposkozenidrevin\/?page_id=142"},"modified":"2025-02-11T11:02:53","modified_gmt":"2025-02-11T10:02:53","slug":"hneda-sypavka-borovice","status":"publish","type":"page","link":"https:\/\/rumex.mendelu.cz\/atlasposkozenidrevin\/index.php\/hneda-sypavka-borovice\/","title":{"rendered":"hn\u011bd\u00e1 sypavka borovice"},"content":{"rendered":"\n<p class=\"has-text-align-left has-medium-font-size\"><strong><em>Lecanosticta acicola<\/em><\/strong><strong> (Th\u00fcm.) Syd. <\/strong><\/p>\n\n\n\n<p class=\"has-normal-font-size\"> SYNONYMUM: <strong><em>Scirrhia acicola<\/em><\/strong><strong> (Dearn.) Sigg<\/strong><\/p>\n\n\n\n<p> TELEOMORFN\u00cd ST\u00c1DIUM:<strong><em> Mycosphaerella dearnessii<\/em><\/strong><strong> M.E. Barr<\/strong><\/p>\n\n\n\n<p><strong>HOSTITELSK\u00c9 D\u0158EVINY V \u010cR: <\/strong>na na\u0161em \u00fazem\u00ed potvrzena pouze na borovici blatce (<em>Pinus rotundata<\/em>),<em> <\/em>v&nbsp;zahrani\u010d\u00ed potvrzeny i dal\u0161\u00ed druhy borovice<em> <\/em>\u2013 b. \u010dern\u00e1 (<em>P. nigra<\/em>), b. kle\u010d (<em>P. mugo<\/em>), b. lesn\u00ed (<em>P. sylvestris<\/em>).<\/p>\n\n\n<style type=\"text\/css\">\n#foogallery-gallery-3067 .fg-image { width: 365px; }\n#foogallery-gallery-3067 { --fg-gutter: 10px; }<\/style>\n\t\t\t<div class=\"foogallery foogallery-container foogallery-default foogallery-lightbox-none fg-left fg-default fg-ready fg-light fg-border-thin fg-shadow-outline fg-loading-default fg-loaded-fade-in fg-caption-always fg-hover-fade fg-hover-zoom\" id=\"foogallery-gallery-3067\" data-foogallery=\"{&quot;item&quot;:{&quot;showCaptionTitle&quot;:false,&quot;showCaptionDescription&quot;:true},&quot;lazy&quot;:true}\" style=\"--fg-title-line-clamp: 0; --fg-description-line-clamp: 0;\" >\n\t<div class=\"fg-item fg-type-image fg-idle\"><figure class=\"fg-item-inner\"><a href=\"https:\/\/rumex.mendelu.cz\/atlasposkozenidrevin\/wp-content\/uploads\/2020\/02\/IMG_7488.jpg\" data-caption-title=\"Symptomy sypavky u borovice blatky, NPR \u010cerven\u00e9 blato 2016.\" data-caption-desc=\"Symptomy sypavky u borovice blatky, NPR \u010cerven\u00e9 blato 2016.\" data-attachment-id=\"5179\" data-type=\"image\" class=\"fg-thumb\"><span class=\"fg-image-wrap\"><img fetchpriority=\"high\" decoding=\"async\" title=\"Symptomy sypavky u borovice blatky, NPR \u010cerven\u00e9 blato 2016.\" width=\"365\" height=\"320\" class=\"skip-lazy fg-image\" data-src-fg=\"https:\/\/rumex.mendelu.cz\/atlasposkozenidrevin\/wp-content\/uploads\/cache\/2020\/02\/IMG_7488\/3874530442.jpg\" src=\"data:image\/svg+xml,%3Csvg%20xmlns%3D%22http%3A%2F%2Fwww.w3.org%2F2000%2Fsvg%22%20width%3D%22365%22%20height%3D%22320%22%20viewBox%3D%220%200%20365%20320%22%3E%3C%2Fsvg%3E\" loading=\"eager\"><\/span><span class=\"fg-image-overlay\"><\/span><\/a><figcaption class=\"fg-caption\"><div class=\"fg-caption-inner\"><div class=\"fg-caption-desc\">Symptomy sypavky u borovice blatky, NPR \u010cerven\u00e9 blato 2016.<\/div><\/div><\/figcaption><\/figure><div class=\"fg-loader\"><\/div><\/div><div class=\"fg-item fg-type-image fg-idle\"><figure class=\"fg-item-inner\"><a href=\"https:\/\/rumex.mendelu.cz\/atlasposkozenidrevin\/wp-content\/uploads\/2020\/02\/IMG_7490.jpg\" data-caption-title=\"Symptomy sypavky u borovice blatky, NPR \u010cerven\u00e9 blato 2016.\" data-caption-desc=\"Symptomy sypavky u borovice blatky, NPR \u010cerven\u00e9 blato 2016.\" data-attachment-id=\"5180\" data-type=\"image\" class=\"fg-thumb\"><span class=\"fg-image-wrap\"><img decoding=\"async\" title=\"Symptomy sypavky u borovice blatky, NPR \u010cerven\u00e9 blato 2016.\" width=\"365\" height=\"320\" class=\"skip-lazy fg-image\" data-src-fg=\"https:\/\/rumex.mendelu.cz\/atlasposkozenidrevin\/wp-content\/uploads\/cache\/2020\/02\/IMG_7490\/29008941.jpg\" src=\"data:image\/svg+xml,%3Csvg%20xmlns%3D%22http%3A%2F%2Fwww.w3.org%2F2000%2Fsvg%22%20width%3D%22365%22%20height%3D%22320%22%20viewBox%3D%220%200%20365%20320%22%3E%3C%2Fsvg%3E\" loading=\"eager\"><\/span><span class=\"fg-image-overlay\"><\/span><\/a><figcaption class=\"fg-caption\"><div class=\"fg-caption-inner\"><div class=\"fg-caption-desc\">Symptomy sypavky u borovice blatky, NPR \u010cerven\u00e9 blato 2016.<\/div><\/div><\/figcaption><\/figure><div class=\"fg-loader\"><\/div><\/div><div class=\"fg-item fg-type-image fg-idle\"><figure class=\"fg-item-inner\"><a href=\"https:\/\/rumex.mendelu.cz\/atlasposkozenidrevin\/wp-content\/uploads\/2020\/02\/IMG_7495.jpg\" data-caption-title=\"Symptomy sypavky u borovice blatky, NPR \u010cerven\u00e9 blato 2016.\" data-caption-desc=\"Symptomy sypavky u borovice blatky, NPR \u010cerven\u00e9 blato 2016.\" data-attachment-id=\"5182\" data-type=\"image\" class=\"fg-thumb\"><span class=\"fg-image-wrap\"><img decoding=\"async\" title=\"Symptomy sypavky u borovice blatky, NPR \u010cerven\u00e9 blato 2016.\" width=\"365\" height=\"320\" class=\"skip-lazy fg-image\" data-src-fg=\"https:\/\/rumex.mendelu.cz\/atlasposkozenidrevin\/wp-content\/uploads\/cache\/2020\/02\/IMG_7495\/4251831027.jpg\" src=\"data:image\/svg+xml,%3Csvg%20xmlns%3D%22http%3A%2F%2Fwww.w3.org%2F2000%2Fsvg%22%20width%3D%22365%22%20height%3D%22320%22%20viewBox%3D%220%200%20365%20320%22%3E%3C%2Fsvg%3E\" loading=\"eager\"><\/span><span class=\"fg-image-overlay\"><\/span><\/a><figcaption class=\"fg-caption\"><div class=\"fg-caption-inner\"><div class=\"fg-caption-desc\">Symptomy sypavky u borovice blatky, NPR \u010cerven\u00e9 blato 2016.<\/div><\/div><\/figcaption><\/figure><div class=\"fg-loader\"><\/div><\/div><\/div>\n\n\n\n<p><\/p>\n\n\n<style type=\"text\/css\">\n#foogallery-gallery-3068 .fg-image { width: 365px; }\n#foogallery-gallery-3068 { --fg-gutter: 10px; }<\/style>\n\t\t\t<div class=\"foogallery foogallery-container foogallery-default foogallery-lightbox-none fg-left fg-default fg-ready fg-light fg-border-thin fg-shadow-outline fg-loading-default fg-loaded-fade-in fg-caption-always fg-hover-fade fg-hover-zoom\" id=\"foogallery-gallery-3068\" data-foogallery=\"{&quot;item&quot;:{&quot;showCaptionTitle&quot;:false,&quot;showCaptionDescription&quot;:true},&quot;lazy&quot;:true}\" style=\"--fg-title-line-clamp: 0; --fg-description-line-clamp: 0;\" >\n\t<div class=\"fg-item fg-type-image fg-idle\"><figure class=\"fg-item-inner\"><a href=\"https:\/\/rumex.mendelu.cz\/atlasposkozenidrevin\/wp-content\/uploads\/2020\/01\/Kopie-M_dearnessii_25x.jpg\" data-caption-title=\"Vyvinut\u00e9 acervuli na jehlic\u00edch, \u00daOLM fytopatologick\u00e1 laborato\u0159 2008.\" data-caption-desc=\"Vyvinut\u00e9 acervuli na jehlic\u00edch, \u00daOLM fytopatologick\u00e1 laborato\u0159 2008.\" data-attachment-id=\"1207\" data-type=\"image\" class=\"fg-thumb\"><span class=\"fg-image-wrap\"><img decoding=\"async\" title=\"Vyvinut\u00e9 acervuli na jehlic\u00edch, \u00daOLM fytopatologick\u00e1 laborato\u0159 2008.\" width=\"365\" height=\"320\" class=\"skip-lazy fg-image\" data-src-fg=\"https:\/\/rumex.mendelu.cz\/atlasposkozenidrevin\/wp-content\/uploads\/cache\/2020\/01\/Kopie-M_dearnessii_25x\/1781023057.jpg\" src=\"data:image\/svg+xml,%3Csvg%20xmlns%3D%22http%3A%2F%2Fwww.w3.org%2F2000%2Fsvg%22%20width%3D%22365%22%20height%3D%22320%22%20viewBox%3D%220%200%20365%20320%22%3E%3C%2Fsvg%3E\" loading=\"eager\"><\/span><span class=\"fg-image-overlay\"><\/span><\/a><figcaption class=\"fg-caption\"><div class=\"fg-caption-inner\"><div class=\"fg-caption-desc\">Vyvinut\u00e9 acervuli na jehlic\u00edch, \u00daOLM fytopatologick\u00e1 laborato\u0159 2008.<\/div><\/div><\/figcaption><\/figure><div class=\"fg-loader\"><\/div><\/div><div class=\"fg-item fg-type-image fg-idle\"><figure class=\"fg-item-inner\"><a href=\"https:\/\/rumex.mendelu.cz\/atlasposkozenidrevin\/wp-content\/uploads\/2020\/02\/P7182601.jpg\" data-caption-title=\"Acervuli na jehlic\u00edch borovice blatky, \u00daOLM LDF Brno 2008.\" data-caption-desc=\"Acervuli na jehlic\u00edch borovice blatky, \u00daOLM LDF Brno 2008.\" data-attachment-id=\"5184\" data-type=\"image\" class=\"fg-thumb\"><span class=\"fg-image-wrap\"><img decoding=\"async\" title=\"Acervuli na jehlic\u00edch borovice blatky, \u00daOLM LDF Brno 2008.\" width=\"365\" height=\"320\" class=\"skip-lazy fg-image\" data-src-fg=\"https:\/\/rumex.mendelu.cz\/atlasposkozenidrevin\/wp-content\/uploads\/cache\/2020\/02\/P7182601\/1285717847.jpg\" src=\"data:image\/svg+xml,%3Csvg%20xmlns%3D%22http%3A%2F%2Fwww.w3.org%2F2000%2Fsvg%22%20width%3D%22365%22%20height%3D%22320%22%20viewBox%3D%220%200%20365%20320%22%3E%3C%2Fsvg%3E\" loading=\"eager\"><\/span><span class=\"fg-image-overlay\"><\/span><\/a><figcaption class=\"fg-caption\"><div class=\"fg-caption-inner\"><div class=\"fg-caption-desc\">Acervuli na jehlic\u00edch borovice blatky, \u00daOLM LDF Brno 2008.<\/div><\/div><\/figcaption><\/figure><div class=\"fg-loader\"><\/div><\/div><div class=\"fg-item fg-type-image fg-idle\"><figure class=\"fg-item-inner\"><a href=\"https:\/\/rumex.mendelu.cz\/atlasposkozenidrevin\/wp-content\/uploads\/2020\/01\/m.dear_.-kultura-004.jpg\" data-caption-title=\"\u010cist\u00e1 kultura L. acicola, \u00daOLM fytopatologick\u00e1 laborato\u0159 2008.\" data-caption-desc=\"\u010cist\u00e1 kultura L. acicola, \u00daOLM fytopatologick\u00e1 laborato\u0159 2008.\" data-attachment-id=\"1208\" data-type=\"image\" class=\"fg-thumb\"><span class=\"fg-image-wrap\"><img decoding=\"async\" title=\"\u010cist\u00e1 kultura L. acicola, \u00daOLM fytopatologick\u00e1 laborato\u0159 2008.\" width=\"365\" height=\"320\" class=\"skip-lazy fg-image\" data-src-fg=\"https:\/\/rumex.mendelu.cz\/atlasposkozenidrevin\/wp-content\/uploads\/cache\/2020\/01\/m_dear__-kultura-004\/4147257086.jpg\" src=\"data:image\/svg+xml,%3Csvg%20xmlns%3D%22http%3A%2F%2Fwww.w3.org%2F2000%2Fsvg%22%20width%3D%22365%22%20height%3D%22320%22%20viewBox%3D%220%200%20365%20320%22%3E%3C%2Fsvg%3E\" loading=\"eager\"><\/span><span class=\"fg-image-overlay\"><\/span><\/a><figcaption class=\"fg-caption\"><div class=\"fg-caption-inner\"><div class=\"fg-caption-desc\">\u010cist\u00e1 kultura L. acicola, \u00daOLM fytopatologick\u00e1 laborato\u0159 2008.<\/div><\/div><\/figcaption><\/figure><div class=\"fg-loader\"><\/div><\/div><\/div>\n\n\n\n<p><\/p>\n\n\n\n<p><strong>SYMPTOMY A BIONOMIE: <\/strong>hn\u011bd\u00e1 sypavka napad\u00e1 nejstar\u0161\u00ed ro\u010dn\u00edky jehlic, ty v\u011bt\u0161inou hn\u011bdnou a p\u0159ed\u010dasn\u011b opad\u00e1vaj\u00ed, zelen\u00e9 z\u016fst\u00e1vaj\u00ed pouze leto\u0161n\u00ed vyra\u0161en\u00e9 ro\u010dn\u00edky. Dal\u0161\u00ed symptomy se postupn\u011b rozv\u00edj\u00ed na zelen\u00fdch jehlic\u00edch, jsou to \u017elutohn\u011bd\u00e9 skvrny, kter\u00e9 se postupn\u011b formuj\u00ed ve stejn\u011b zabarven\u00e9 pruhy. Zelen\u00e9 jehlice odum\u00edraj\u00ed sm\u011brem od \u0161pi\u010dky a na odum\u0159el\u00fdch pletivech se v&nbsp;m\u00edstech skvrn tvo\u0159\u00ed&nbsp; olivov\u011b nebo hn\u011bdozelen\u00e9 plodnice \u2013 acervuli. Obsahuj\u00ed konidie, kter\u00e9 jsou subhyalinn\u00ed, \u017elutohn\u011bd\u00e9 a\u017e olivov\u011b hn\u011bd\u00e9, tlustost\u011bnn\u00e9, jemn\u011b zak\u0159iven\u00e9, s&nbsp;jednou a\u017e p\u011bti p\u0159ehr\u00e1dkami, jemn\u011b za\u0161krcen\u00e9, na jednom konci zaoblen\u00e9, na druh\u00e9m konci utnut\u00e9, jejich povrch je hrbolat\u00fd, velikost 3-5 \u00d7 21-44 \u03bcm. <\/p>\n\n\n\n<p><strong>V\u00ddZNAM A OCHRANA: <\/strong>v \u010cR<strong> <\/strong>byla poprv\u00e9 potvrzena v \u010dervnu 2007 v NPR \u010cerven\u00e9 blato v Ji\u017en\u00edch \u010cech\u00e1ch a druh\u00fdm potvrzen\u00fdm n\u00e1lezem je lokalita z PR Borkovick\u00e1 blata u Vesel\u00ed nad Lu\u017enic\u00ed v srpnu 2008. V&nbsp;obou p\u0159\u00edpadech byla hostitelem borovice blatka. V&nbsp;Evrop\u011b jsou zaznamen\u00e1ny n\u00e1lezy i z jin\u00fdch druh\u016f borovic nap\u0159.:<em> P. sylvestris<\/em> a <em>P. mugo <\/em>(Rakousko, \u0160v\u00fdcarsko), <em>P. halapensis<\/em> (Chorvatsko), <em>P. radiata<\/em> (Francie) a dal\u0161\u00ed. <em>L. acicola <\/em>je regulovan\u00fd nekarant\u00e9nn\u00ed \u0161kodliv\u00fd organismus, doposud vy\u017eadovan\u00e1 ohla\u0161ovac\u00ed povinnost se na ni od ledna 2020 ji\u017e nevztahuje. <\/p>\n\n\n\n<p><\/p>\n\n\n<style type=\"text\/css\">\n#foogallery-gallery-3070 .fg-image { width: 365px; }\n#foogallery-gallery-3070 { --fg-gutter: 10px; }<\/style>\n\t\t\t<div class=\"foogallery foogallery-container foogallery-default foogallery-lightbox-none fg-left fg-default fg-ready fg-light fg-border-thin fg-shadow-outline fg-loading-default fg-loaded-fade-in fg-caption-always fg-hover-fade fg-hover-zoom\" id=\"foogallery-gallery-3070\" data-foogallery=\"{&quot;item&quot;:{&quot;showCaptionTitle&quot;:false,&quot;showCaptionDescription&quot;:true},&quot;lazy&quot;:true}\" style=\"--fg-title-line-clamp: 0; --fg-description-line-clamp: 0;\" >\n\t<div class=\"fg-item fg-type-image fg-idle\"><figure class=\"fg-item-inner\"><a href=\"https:\/\/rumex.mendelu.cz\/atlasposkozenidrevin\/wp-content\/uploads\/2020\/02\/IMG_7494.jpg\" data-caption-title=\"Symptomy sypavky u borovice blatky, NPR \u010cerven\u00e9 blato 2016.\" data-caption-desc=\"Symptomy sypavky u borovice blatky, NPR \u010cerven\u00e9 blato 2016.\" data-attachment-id=\"5181\" data-type=\"image\" class=\"fg-thumb\"><span class=\"fg-image-wrap\"><img decoding=\"async\" title=\"Symptomy sypavky u borovice blatky, NPR \u010cerven\u00e9 blato 2016.\" width=\"365\" height=\"320\" class=\"skip-lazy fg-image\" data-src-fg=\"https:\/\/rumex.mendelu.cz\/atlasposkozenidrevin\/wp-content\/uploads\/cache\/2020\/02\/IMG_7494\/1208847155.jpg\" src=\"data:image\/svg+xml,%3Csvg%20xmlns%3D%22http%3A%2F%2Fwww.w3.org%2F2000%2Fsvg%22%20width%3D%22365%22%20height%3D%22320%22%20viewBox%3D%220%200%20365%20320%22%3E%3C%2Fsvg%3E\" loading=\"eager\"><\/span><span class=\"fg-image-overlay\"><\/span><\/a><figcaption class=\"fg-caption\"><div class=\"fg-caption-inner\"><div class=\"fg-caption-desc\">Symptomy sypavky u borovice blatky, NPR \u010cerven\u00e9 blato 2016.<\/div><\/div><\/figcaption><\/figure><div class=\"fg-loader\"><\/div><\/div><div class=\"fg-item fg-type-image fg-idle\"><figure class=\"fg-item-inner\"><a href=\"https:\/\/rumex.mendelu.cz\/atlasposkozenidrevin\/wp-content\/uploads\/2020\/02\/125-2.jpg\" data-caption-title=\"Acervuli na jehlic\u00edch borovice blatky, \u00daOLM LDF Brno 2008.\" data-caption-desc=\"Acervuli na jehlic\u00edch borovice blatky, \u00daOLM LDF Brno 2008.\" data-attachment-id=\"5177\" data-type=\"image\" class=\"fg-thumb\"><span class=\"fg-image-wrap\"><img decoding=\"async\" title=\"Acervuli na jehlic\u00edch borovice blatky, \u00daOLM LDF Brno 2008.\" width=\"365\" height=\"320\" class=\"skip-lazy fg-image\" data-src-fg=\"https:\/\/rumex.mendelu.cz\/atlasposkozenidrevin\/wp-content\/uploads\/cache\/2020\/02\/125-2\/3970662179.jpg\" src=\"data:image\/svg+xml,%3Csvg%20xmlns%3D%22http%3A%2F%2Fwww.w3.org%2F2000%2Fsvg%22%20width%3D%22365%22%20height%3D%22320%22%20viewBox%3D%220%200%20365%20320%22%3E%3C%2Fsvg%3E\" loading=\"eager\"><\/span><span class=\"fg-image-overlay\"><\/span><\/a><figcaption class=\"fg-caption\"><div class=\"fg-caption-inner\"><div class=\"fg-caption-desc\">Acervuli na jehlic\u00edch borovice blatky, \u00daOLM LDF Brno 2008.<\/div><\/div><\/figcaption><\/figure><div class=\"fg-loader\"><\/div><\/div><div class=\"fg-item fg-type-image fg-idle\"><figure class=\"fg-item-inner\"><a href=\"https:\/\/rumex.mendelu.cz\/atlasposkozenidrevin\/wp-content\/uploads\/2020\/02\/16.jpg\" data-caption-title=\"Acervuli na jehlic\u00edch borovice blatky, \u00daOLM LDF Brno 2008.\" data-caption-desc=\"Acervuli na jehlic\u00edch borovice blatky, \u00daOLM LDF Brno 2008.\" data-attachment-id=\"5178\" data-type=\"image\" class=\"fg-thumb\"><span class=\"fg-image-wrap\"><img decoding=\"async\" title=\"Acervuli na jehlic\u00edch borovice blatky, \u00daOLM LDF Brno 2008.\" width=\"365\" height=\"320\" class=\"skip-lazy fg-image\" data-src-fg=\"https:\/\/rumex.mendelu.cz\/atlasposkozenidrevin\/wp-content\/uploads\/cache\/2020\/02\/16\/636636427.jpg\" src=\"data:image\/svg+xml,%3Csvg%20xmlns%3D%22http%3A%2F%2Fwww.w3.org%2F2000%2Fsvg%22%20width%3D%22365%22%20height%3D%22320%22%20viewBox%3D%220%200%20365%20320%22%3E%3C%2Fsvg%3E\" loading=\"eager\"><\/span><span class=\"fg-image-overlay\"><\/span><\/a><figcaption class=\"fg-caption\"><div class=\"fg-caption-inner\"><div class=\"fg-caption-desc\">Acervuli na jehlic\u00edch borovice blatky, \u00daOLM LDF Brno 2008.<\/div><\/div><\/figcaption><\/figure><div class=\"fg-loader\"><\/div><\/div><\/div>\n","protected":false},"excerpt":{"rendered":"<p>Lecanosticta acicola (Th\u00fcm.) Syd. SYNONYMUM: Scirrhia acicola (Dearn.) Sigg TELEOMORFN\u00cd ST\u00c1DIUM: Mycosphaerella dearnessii M.E. Barr [&hellip;]<\/p>\n","protected":false},"author":2,"featured_media":0,"parent":0,"menu_order":0,"comment_status":"closed","ping_status":"closed","template":"template-full-width.php","meta":{"footnotes":""},"class_list":["post-142","page","type-page","status-publish","hentry"],"_links":{"self":[{"href":"https:\/\/rumex.mendelu.cz\/atlasposkozenidrevin\/index.php\/wp-json\/wp\/v2\/pages\/142","targetHints":{"allow":["GET"]}}],"collection":[{"href":"https:\/\/rumex.mendelu.cz\/atlasposkozenidrevin\/index.php\/wp-json\/wp\/v2\/pages"}],"about":[{"href":"https:\/\/rumex.mendelu.cz\/atlasposkozenidrevin\/index.php\/wp-json\/wp\/v2\/types\/page"}],"author":[{"embeddable":true,"href":"https:\/\/rumex.mendelu.cz\/atlasposkozenidrevin\/index.php\/wp-json\/wp\/v2\/users\/2"}],"replies":[{"embeddable":true,"href":"https:\/\/rumex.mendelu.cz\/atlasposkozenidrevin\/index.php\/wp-json\/wp\/v2\/comments?post=142"}],"version-history":[{"count":10,"href":"https:\/\/rumex.mendelu.cz\/atlasposkozenidrevin\/index.php\/wp-json\/wp\/v2\/pages\/142\/revisions"}],"predecessor-version":[{"id":5185,"href":"https:\/\/rumex.mendelu.cz\/atlasposkozenidrevin\/index.php\/wp-json\/wp\/v2\/pages\/142\/revisions\/5185"}],"wp:attachment":[{"href":"https:\/\/rumex.mendelu.cz\/atlasposkozenidrevin\/index.php\/wp-json\/wp\/v2\/media?parent=142"}],"curies":[{"name":"wp","href":"https:\/\/api.w.org\/{rel}","templated":true}]}}